
{"id":10155,"date":"2025-04-13T07:57:29","date_gmt":"2025-04-13T07:57:29","guid":{"rendered":"https:\/\/www.overline-design.de\/poetry\/?page_id=10155"},"modified":"2025-04-13T07:57:32","modified_gmt":"2025-04-13T07:57:32","slug":"trophaeenjagd-mit-dem-gewehr-oder-mit-pfeil-und-bogen-jagdmotto-das-auge-schiesst-mit","status":"publish","type":"page","link":"https:\/\/www.overline-design.de\/poetry\/?page_id=10155","title":{"rendered":"Troph\u00e4enjagd mit dem Gewehr oder mit Pfeil und Bogen. Jagdmotto: Das Auge schie\u00dft mit."},"content":{"rendered":"\n<p>Der Bogensch\u00fctze stolz die <strong>Troph\u00e4e<\/strong> in diversen Posen pr\u00e4sentiert,<br>er erwartet Anerkennung f\u00fcr die Leistung, in der er Mut hat riskiert.<br>Worauf kann man stolz sein, wenn ein Tier sinnlos wird erschossen,<br>nur f\u00fcr eine <strong>Troph\u00e4e<\/strong>, die mit dem Triumph der Macht wird genossen.<br><br>Wenn aus sicherer Entfernung und Hinterhalt ein Tier wird erlegt,<br>fragt man, welcher niedere Instinkt sie zu diesem Schuss bewegt?<br>Was ist, wenn der geschossene Pfeil das Tier nur waidwund verletzt,<br>weil sich der <strong>Troph\u00e4enj\u00e4ger<\/strong> mit seinem \u201eK\u00f6nnen\u201c hat \u00fcbersch\u00e4tzt?<br><br>Die Schie\u00dfscheibe auch Zielgenauigkeit des Sch\u00fctzen dokumentiert<br>und das Gute daran, dass dabei kein Tier sein Leben dann verliert.<br>In der gleich gesinnten Gruppe wird der Erfolg geb\u00fchrend genannt,<br>und die erbrachte Leistung wird in dem Vereinsleben sofort bekannt<br><br>Wie beim Gr\u00f6\u00dfenvergleich mit ihrer viel gepriesenen \u201eM\u00e4nnlichkeit\u201c,<br>wollen sie provozieren, um bei anderen Betrachtern zu wecken Neid?<br>Sie suchen eine anerkennende Bewertung von ihrer \u201esinnlosen Tat\u201c,<br>weil der <strong>Troph\u00e4enj\u00e4ger<\/strong> sonst nichts Anzuerkennendes zu bieten hat?<br><br>Anders kann diese Schie\u00dffreudigkeit der J\u00e4gerschaft nicht erkl\u00e4ren,<br>aber warum diese Feigheit, denn Tiere konnten sich nicht wehren.<br>Woran empfinden diese J\u00e4ger ihre Freude und erg\u00f6tzen sich daran,<br>was man mit Pfeil und Bogen oder Gewehr alles so erschie\u00dfen kann.<br><br>F\u00fcr eine Jagdsafari mit Abschuss, wird dann viel Geld daf\u00fcr gezahlt,<br>um nach dem \u201eAbschuss\u201c, dann mit der erlegten <strong>Troph\u00e4e<\/strong> geprahlt. <br>Was f\u00fcr eine Heldentat, wenn dem Tier sein Leben wird genommen,<br>nur um zu T\u00f6ten und die <strong>Troph\u00e4e<\/strong> als Jagdandenken zu bekommen.<br><br>Wie die H\u00f6hlenbewohner in der Urzeit, wollen sie die Tiere \u201eerlegen\u201c<br>aber dieses in der Gegenwart mit Handyfotos der <strong>Troph\u00e4en<\/strong> belegen.<br>Zu Hause dann angekommen, die <strong>Troph\u00e4en<\/strong> an die Wand \u201egeh\u00e4ngt\u201c,<br>denn man will seine <strong>Troph\u00e4e<\/strong> zeigen, die Geltungssucht einen dr\u00e4ngt.<br><br><strong>\u00a9 Rainer Dambroth \u2013 12.04.2025 \u2013 <a href=\"http:\/\/www.overline-poetry.de\/\">www.overline-poetry.de<\/a><\/strong><br><br><strong>Einige Staaten bereits die Einfuhr von Jagdtroph\u00e4en untersagen!<\/strong><br><br><strong>Jagdmotto: &#8222;Das Auge schie\u00dft mit&#8220;<\/strong> wurde abgeleitet von <strong>&#8222;Das Auge isst mit&#8220;,<\/strong><br>denn den meisten Jagenden interessiert nur die gesichtete Jagdtroph\u00e4e. <br><br><strong>Ausspruch:<\/strong> <strong>Das Auge isst mit<\/strong><br><strong>Bedeutung:<\/strong> <strong>das Aussehen des Essens beeinflusst mit, ob uns etwas schmeckt oder ob wir Lust haben, es zu essen<\/strong>.<br><strong>&#8211; Internet &#8211;<\/strong><\/p>\n","protected":false},"excerpt":{"rendered":"<p>Der Bogensch\u00fctze stolz die Troph\u00e4e in diversen Posen pr\u00e4sentiert,er erwartet Anerkennung f\u00fcr die Leistung, in der er Mut hat riskiert.Worauf kann man stolz sein, wenn ein Tier sinnlos wird erschossen,nur f\u00fcr eine Troph\u00e4e, die mit dem Triumph der Macht wird genossen. Wenn aus sicherer Entfernung und Hinterhalt ein Tier wird erlegt,fragt man, welcher niedere Instinkt [&hellip;]<\/p>\n","protected":false},"author":3,"featured_media":0,"parent":0,"menu_order":0,"comment_status":"closed","ping_status":"closed","template":"","meta":{"footnotes":""},"class_list":["post-10155","page","type-page","status-publish","hentry"],"jetpack_sharing_enabled":true,"_links":{"self":[{"href":"https:\/\/www.overline-design.de\/poetry\/index.php?rest_route=\/wp\/v2\/pages\/10155","targetHints":{"allow":["GET"]}}],"collection":[{"href":"https:\/\/www.overline-design.de\/poetry\/index.php?rest_route=\/wp\/v2\/pages"}],"about":[{"href":"https:\/\/www.overline-design.de\/poetry\/index.php?rest_route=\/wp\/v2\/types\/page"}],"author":[{"embeddable":true,"href":"https:\/\/www.overline-design.de\/poetry\/index.php?rest_route=\/wp\/v2\/users\/3"}],"replies":[{"embeddable":true,"href":"https:\/\/www.overline-design.de\/poetry\/index.php?rest_route=%2Fwp%2Fv2%2Fcomments&post=10155"}],"version-history":[{"count":4,"href":"https:\/\/www.overline-design.de\/poetry\/index.php?rest_route=\/wp\/v2\/pages\/10155\/revisions"}],"predecessor-version":[{"id":10159,"href":"https:\/\/www.overline-design.de\/poetry\/index.php?rest_route=\/wp\/v2\/pages\/10155\/revisions\/10159"}],"wp:attachment":[{"href":"https:\/\/www.overline-design.de\/poetry\/index.php?rest_route=%2Fwp%2Fv2%2Fmedia&parent=10155"}],"curies":[{"name":"wp","href":"https:\/\/api.w.org\/{rel}","templated":true}]}}