
{"id":10233,"date":"2025-05-03T17:06:05","date_gmt":"2025-05-03T17:06:05","guid":{"rendered":"https:\/\/www.overline-design.de\/poetry\/?page_id=10233"},"modified":"2025-05-06T14:22:25","modified_gmt":"2025-05-06T14:22:25","slug":"der-optische-und-nicht-objektive-preisvergleich-werbung-ohne-ausreichendes-warenangebot","status":"publish","type":"page","link":"https:\/\/www.overline-design.de\/poetry\/?page_id=10233","title":{"rendered":"Der optische und nicht objektive Preisvergleich \/ Werbung ohne ausreichendes Warenangebot"},"content":{"rendered":"\n<p>Heute, in einem <strong>Supermarkt als Angebot: &#8222;Deutsche Erdbeeren<\/strong>&#8222;.<br>Da gut pr\u00e4sentiert, werden die Verbraucher dieses auch begehren.<br>Der Preis wird gro\u00df beworben und klein geschrieben die Einwaage.<br>In der <strong>400 Gramm<\/strong> Schale optisch lockend pr\u00e4sentiert, ohne Frage.<br>So wird dann der Preis durch weniger Einwaage \u201esichtbar reduziert&#8220;<br>und beim &#8222;reinen&#8220; Preisvergleich sich dieses Produkt gut pr\u00e4sentiert.<br><br>Vor dem <strong>Supermarkt<\/strong> mit seinem Stand ein <strong>H\u00e4ndler aus der Region<\/strong>,<br>Auch dieser <strong>H\u00e4ndler<\/strong> pr\u00e4sentiert leckere Erdbeeren aus dieser Saison.<br>Nur der Preis war h\u00f6her, aber mit <strong>500 Gramm<\/strong> ein h\u00f6heres Gewicht.<br>Bei Angebotspreisen vergleicht der Kunde die Gewichte zu oft nicht!<br>So beim Preisvergleich ein Produkt mit h\u00f6herem Gewicht \u201edurchf\u00e4llt\u201c,<br>auch wenn es im Preis-\/Gewicht-Vergleich kostet dann weniger Geld.<br><br>Wenn der <strong>Handel<\/strong> beim Erh\u00f6hen der Preise nicht mehr weiter wei\u00df,<br>vermindern sie das Gewicht und -schwups- erh\u00f6ht sich so der Preis.<br>Sie brauchen Preisschilder nicht \u00e4ndern, denn <strong>Preise bleiben stabil<\/strong>,<br>wenn der Verbraucher in den Einkauf blickt, ist da nicht mehr so viel.<br>Vom <strong>Handel<\/strong> wird geschickt an den Gewichten herum experimentiert.<br>So den Preisvergleich verhindert und die Kunden bleiben interessiert.<br><br>Bei einem namhaften <strong>Discounter<\/strong> im Angebot: <strong>Guinness<\/strong>-Dosen-Bier,<br>das ich mag und zur Getr\u00e4nke-Abwechslung &#8222;ein besonderes Plaisier&#8220;.<br>Gro\u00df beworben und nur f\u00fcr den Super-Samstag im Wochenprospekt.<br>Auch nach langem Suchen habe ich das <strong>Guinness<\/strong> nirgends entdeckt.<br>Kein Preisschild und keine leere Warenbox diesen Verlust pr\u00e4sentiert!<br>Wurde hier mehr in Werbung, als in zu verkaufende Ware investiert?<br><br><strong>\u00a9 Rainer Dambroth \u2013 03.05.2025 \u2013 <a href=\"http:\/\/www.overline-poetry.de\/\">www.overline-poetry.de<\/a><\/strong><br><br><strong><a href=\"https:\/\/www.overline-design.de\/poetry\/wp-admin\/post.php?post=7940&amp;action=edit\">Verbrauchert\u00e4uschung \u2013 weniger ist mehr?<\/a><\/strong><br><strong><a href=\"https:\/\/www.overline-design.de\/poetry\/wp-admin\/post.php?post=5820&amp;action=edit\">Preisexplosion und Gewichtsreduktion!<\/a><\/strong><br><br><\/p>\n","protected":false},"excerpt":{"rendered":"<p>Heute, in einem Supermarkt als Angebot: &#8222;Deutsche Erdbeeren&#8222;.Da gut pr\u00e4sentiert, werden die Verbraucher dieses auch begehren.Der Preis wird gro\u00df beworben und klein geschrieben die Einwaage.In der 400 Gramm Schale optisch lockend pr\u00e4sentiert, ohne Frage.So wird dann der Preis durch weniger Einwaage \u201esichtbar reduziert&#8220;und beim &#8222;reinen&#8220; Preisvergleich sich dieses Produkt gut pr\u00e4sentiert. Vor dem Supermarkt mit [&hellip;]<\/p>\n","protected":false},"author":3,"featured_media":0,"parent":0,"menu_order":0,"comment_status":"closed","ping_status":"closed","template":"","meta":{"footnotes":""},"class_list":["post-10233","page","type-page","status-publish","hentry"],"jetpack_sharing_enabled":true,"_links":{"self":[{"href":"https:\/\/www.overline-design.de\/poetry\/index.php?rest_route=\/wp\/v2\/pages\/10233","targetHints":{"allow":["GET"]}}],"collection":[{"href":"https:\/\/www.overline-design.de\/poetry\/index.php?rest_route=\/wp\/v2\/pages"}],"about":[{"href":"https:\/\/www.overline-design.de\/poetry\/index.php?rest_route=\/wp\/v2\/types\/page"}],"author":[{"embeddable":true,"href":"https:\/\/www.overline-design.de\/poetry\/index.php?rest_route=\/wp\/v2\/users\/3"}],"replies":[{"embeddable":true,"href":"https:\/\/www.overline-design.de\/poetry\/index.php?rest_route=%2Fwp%2Fv2%2Fcomments&post=10233"}],"version-history":[{"count":12,"href":"https:\/\/www.overline-design.de\/poetry\/index.php?rest_route=\/wp\/v2\/pages\/10233\/revisions"}],"predecessor-version":[{"id":10257,"href":"https:\/\/www.overline-design.de\/poetry\/index.php?rest_route=\/wp\/v2\/pages\/10233\/revisions\/10257"}],"wp:attachment":[{"href":"https:\/\/www.overline-design.de\/poetry\/index.php?rest_route=%2Fwp%2Fv2%2Fmedia&parent=10233"}],"curies":[{"name":"wp","href":"https:\/\/api.w.org\/{rel}","templated":true}]}}