
{"id":10717,"date":"2025-11-07T08:35:40","date_gmt":"2025-11-07T08:35:40","guid":{"rendered":"https:\/\/www.overline-design.de\/poetry\/?page_id=10717"},"modified":"2025-11-07T08:35:46","modified_gmt":"2025-11-07T08:35:46","slug":"bsw-umbenennung-alter-wein-in-neuen-schlaeuchen","status":"publish","type":"page","link":"https:\/\/www.overline-design.de\/poetry\/?page_id=10717","title":{"rendered":"BSW Umbenennung: \u201eAlter Wein in neuen Schl\u00e4uchen\u201c"},"content":{"rendered":"\n<p><strong>Sahra Wagenknecht<\/strong> ihr B\u00fcndnis mit einem neuen Namen benennt.<br>\u201e<strong>Alter Wein in neuen Schl\u00e4uchen<\/strong>\u201c so dieses als Redewendung kennt.<br>Das \u201e<strong>B\u00fcndnis Soziale Gerechtigkeit und Wirtschaftliche Vernunft<\/strong>\u201c,<br>so der Ersatz f\u00fcr das \u201e<strong>B\u00fcndnis Sahra Wagenknecht<\/strong>\u201c in der Zukunft.<br>Die Verpackung zwar neu, aber der Inhalt bleibt als Leere erhalten,<br>denn nur mit hohlen Spr\u00fcchen, l\u00e4sst sich so keine Politik gestalten.<br><br><strong>Sahra Wagenknecht<\/strong> vom <strong>BSW<\/strong> wieder in den Medien omnipr\u00e4sent,<br>damit will sie erreichen, dass wieder ein jeder ihren Namen nennt.<br>Wie Gebetsm\u00fchlen \u201eleiert\u201c sie ihre Phrasen in Talkrunden herunter.<br>Nichtssagend wie die <strong>AFD<\/strong>, nur das Parteienspektrum wird \u201ebunter\u201c.<br>Sie fordert von der Regierung, was sollte doch schon l\u00e4ngst bekannt<br>und das wird dann von ihr, als die Forderung von dem <strong>BSW<\/strong> benannt.<br><br>Sie beklagt, dass in den Medien zu wenig Zeit ihr wird zugedacht,<br>aber bei den st\u00e4ndigen Text-Wiederholungen, die von ihr gemacht.<br>Als w\u00fcrde sie von einem Blatt oder Teleprompter den Text ablesen,<br>sie glaube nicht, dass <strong>Wladimir<\/strong> <strong>Putin<\/strong> der Kriegstreiber ist gewesen.<br>Wir sollten der <strong>Ukraine<\/strong> kein Kriegsmaterial mehr zukommen lassen,<br>sonst werden in der <strong>Ukraine<\/strong> mehr unschuldige Menschen erblassen.<br><br>\u201e<strong>Russland will Frieden<\/strong>\u201c und wie sie dieses meint, wei\u00df nur sie allein<br>und \u201eschleimt\u201c sich, als Friedenspartei, bei m\u00f6glichen W\u00e4hlern ein.<br>Wurde sie von dem Despoten <strong>Putin<\/strong> auf die russische Linie getrimmt,<br>so dass sie nur die Medienl\u00fcgen von <strong>Putin<\/strong>, als Wahrheit \u00fcbernimmt?<br>Mit einem Anflug von L\u00e4cheln und einem unschuldigen \u201eDackelblick\u201c,<br>so gestaltet <strong>Sahra Wagenknecht<\/strong> von <strong>BSW<\/strong> in den Medien ihre Politik.<br><br>Wurde sie denn von dem Despoten <strong>Putin<\/strong> als Missionarin so gepr\u00e4gt,<br>dass sie ohne jeden Skrupel den Ast mit unserer Demokratie abs\u00e4gt?<br>Sie will nicht, dass wir uns aufr\u00fcsten, das w\u00fcrde <strong>Putin<\/strong> nur &#8222;erregen&#8220;.<br>Sollen wir ohne Gegenwehr unser Land in \u201erussische H\u00e4nde\u201c legen?<br>F\u00fcr den Despoten <strong>Putin<\/strong> leider nur Macht und Waffenst\u00e4rke wichtig!<br>Ein diplomatische Umgang mit <strong>Wladimir Putin<\/strong> ist \u201eNull und nichtig\u201c!<br><br><strong>\u00a9 Rainer Dambroth \u2013 07.11.2025 \u2013 www.overline-poetry.de<\/strong><br><br><\/p>\n","protected":false},"excerpt":{"rendered":"<p>Sahra Wagenknecht ihr B\u00fcndnis mit einem neuen Namen benennt.\u201eAlter Wein in neuen Schl\u00e4uchen\u201c so dieses als Redewendung kennt.Das \u201eB\u00fcndnis Soziale Gerechtigkeit und Wirtschaftliche Vernunft\u201c,so der Ersatz f\u00fcr das \u201eB\u00fcndnis Sahra Wagenknecht\u201c in der Zukunft.Die Verpackung zwar neu, aber der Inhalt bleibt als Leere erhalten,denn nur mit hohlen Spr\u00fcchen, l\u00e4sst sich so keine Politik gestalten. Sahra [&hellip;]<\/p>\n","protected":false},"author":3,"featured_media":0,"parent":0,"menu_order":0,"comment_status":"closed","ping_status":"closed","template":"","meta":{"footnotes":""},"class_list":["post-10717","page","type-page","status-publish","hentry"],"jetpack_sharing_enabled":true,"_links":{"self":[{"href":"https:\/\/www.overline-design.de\/poetry\/index.php?rest_route=\/wp\/v2\/pages\/10717","targetHints":{"allow":["GET"]}}],"collection":[{"href":"https:\/\/www.overline-design.de\/poetry\/index.php?rest_route=\/wp\/v2\/pages"}],"about":[{"href":"https:\/\/www.overline-design.de\/poetry\/index.php?rest_route=\/wp\/v2\/types\/page"}],"author":[{"embeddable":true,"href":"https:\/\/www.overline-design.de\/poetry\/index.php?rest_route=\/wp\/v2\/users\/3"}],"replies":[{"embeddable":true,"href":"https:\/\/www.overline-design.de\/poetry\/index.php?rest_route=%2Fwp%2Fv2%2Fcomments&post=10717"}],"version-history":[{"count":2,"href":"https:\/\/www.overline-design.de\/poetry\/index.php?rest_route=\/wp\/v2\/pages\/10717\/revisions"}],"predecessor-version":[{"id":10719,"href":"https:\/\/www.overline-design.de\/poetry\/index.php?rest_route=\/wp\/v2\/pages\/10717\/revisions\/10719"}],"wp:attachment":[{"href":"https:\/\/www.overline-design.de\/poetry\/index.php?rest_route=%2Fwp%2Fv2%2Fmedia&parent=10717"}],"curies":[{"name":"wp","href":"https:\/\/api.w.org\/{rel}","templated":true}]}}