
{"id":10995,"date":"2026-01-13T10:57:38","date_gmt":"2026-01-13T10:57:38","guid":{"rendered":"https:\/\/www.overline-design.de\/poetry\/?page_id=10995"},"modified":"2026-01-13T14:32:09","modified_gmt":"2026-01-13T14:32:09","slug":"amtsschimmel-bezuschusster-radweg-nur-ohne-weissen-mittelstein","status":"publish","type":"page","link":"https:\/\/www.overline-design.de\/poetry\/?page_id=10995","title":{"rendered":"Amtsschimmel: Bezuschusster Radweg nur ohne wei\u00dfen Mittelstein?"},"content":{"rendered":"\n<p class=\"has-medium-font-size\">Mit dieser Posse, viel \u00fcber die deutschen <strong>Amtsschimmel<\/strong> lernt,<br>denn ein \u00fcberfahrbarer <strong>wei\u00dfer Mittelstreifen<\/strong> m\u00fcsste entfernt.<br>Sonst h\u00e4tte man keine Zuschuss zu dem <strong>Radweg<\/strong> bekommen,<br>den man zum Bau dieses <strong>Radweges<\/strong> verbindlich mitgenommen.<br><br>Die geforderte Breite durch den Mittelstreifen nicht eingehalten,<br>das passiert wenn <strong>Amtsschimmel<\/strong> unser Deutschland verwalten.<br>Das man den \u00fcberfahrbaren Streifen k\u00f6nnte dazu noch z\u00e4hlen,<br>da m\u00fcsste der gesetzestreue <strong>Amtsschimmel<\/strong> sich sehr \u201equ\u00e4len\u201c.<br><br>Vor Baubeginn mit dem Auftrag die <strong>Amtsschimmel<\/strong> interessieren,<br>damit solche kostenaufw\u00e4ndigen Bauma\u00dfnahmen nicht passieren.<br>Die genehmigenden <strong>Amtsschimmel<\/strong> sollten flexibler entscheiden,<br>denn so bremsen sie die Projekte und das sollten sie vermeiden.<br><br>So m\u00fcsste der <strong>wei\u00dfe Mittelstein<\/strong> durch einen Neutralen ersetzt,<br>damit dieses vom <strong>Amtsschimmel<\/strong> durch Zuschuss wertgesch\u00e4tzt.<br>Das von dem Planer dieser <strong>wei\u00dfe Mittelstein<\/strong> wurde mit geplant,<br>beweisst, das der zu wenig vom <strong>Amtsschimmel<\/strong> weiss oder ahnt.<br><br>Alle <strong>wei\u00dfen Steine<\/strong> auf dem gesamten Weg mussten rausgepickt,<br>und dann die L\u00fccke mit den farblich passenden Steinen beschickt.<br>Ich h\u00e4tte die <strong>wei\u00dfen Steine<\/strong> in den Steinfarben passend \u201ebemalt\u201c,<br>um so den <strong>Amtsschimmel<\/strong> zu fordern, das der Zuschuss gezahlt.<br><br>Jeder <strong>Radweg<\/strong>, der <strong>Radfahrer<\/strong> von der normalen Fahrbahn trennt,<br>unter dem Sicherheitsaspekt, als Vorteil f\u00fcr die <strong>Radfahrer<\/strong> nennt.<br>Die, die diese Posse der Bem\u00e4ngelung, als Rechtm\u00e4ssig ansehen,<br>sind selber <strong>Amtsschimmel<\/strong>, k\u00f6nnen diese Einw\u00e4ndung verstehen.<br><br>\u00a9 Rainer Dambroth \u2013 12.01.2026 \u2013 www.overline-poetry.de<br><br><em>Der <mark>&#8222;Radweg mit Mittelstreifen&#8220; (oft als getrennter Rad- und Gehweg) ist ein beliebtes Thema bei &#8222;Extra 3&#8220;, bekannt geworden durch den satirischen Beitrag \u00fcber den <strong>&#8222;Realen Irrsinn&#8220; in Kronshagen (Schleswig-Holstein)<\/strong>, wo ein wei\u00dfer Trennstreifen auf einem Radweg fast 1,5 Millionen Euro F\u00f6rdergelder kostete<\/mark>. Solche getrennten Radwege (Zeichen 240) trennen Radfahrer und Fu\u00dfg\u00e4nger, aber der Mittelstreifen selbst dient oft als Sicherheitstrennstreifen oder zur optischen Trennung, wobei die Regeln f\u00fcr benutzungspflichtige Radwege gelten: Radfahrer m\u00fcssen ihn nutzen und in Fahrtrichtung fahren<\/em><br><em>Internet KI<\/em><\/p>\n\n\n\n<p class=\"has-medium-font-size\"><br><br><br><br><br><\/p>\n\n\n\n<p><br><br><br><br><br><br><br><br><br><br><\/p>\n","protected":false},"excerpt":{"rendered":"<p>Mit dieser Posse, viel \u00fcber die deutschen Amtsschimmel lernt,denn ein \u00fcberfahrbarer wei\u00dfer Mittelstreifen m\u00fcsste entfernt.Sonst h\u00e4tte man keine Zuschuss zu dem Radweg bekommen,den man zum Bau dieses Radweges verbindlich mitgenommen. Die geforderte Breite durch den Mittelstreifen nicht eingehalten,das passiert wenn Amtsschimmel unser Deutschland verwalten.Das man den \u00fcberfahrbaren Streifen k\u00f6nnte dazu noch z\u00e4hlen,da m\u00fcsste der gesetzestreue [&hellip;]<\/p>\n","protected":false},"author":3,"featured_media":0,"parent":0,"menu_order":0,"comment_status":"closed","ping_status":"closed","template":"","meta":{"footnotes":""},"class_list":["post-10995","page","type-page","status-publish","hentry"],"jetpack_sharing_enabled":true,"_links":{"self":[{"href":"https:\/\/www.overline-design.de\/poetry\/index.php?rest_route=\/wp\/v2\/pages\/10995","targetHints":{"allow":["GET"]}}],"collection":[{"href":"https:\/\/www.overline-design.de\/poetry\/index.php?rest_route=\/wp\/v2\/pages"}],"about":[{"href":"https:\/\/www.overline-design.de\/poetry\/index.php?rest_route=\/wp\/v2\/types\/page"}],"author":[{"embeddable":true,"href":"https:\/\/www.overline-design.de\/poetry\/index.php?rest_route=\/wp\/v2\/users\/3"}],"replies":[{"embeddable":true,"href":"https:\/\/www.overline-design.de\/poetry\/index.php?rest_route=%2Fwp%2Fv2%2Fcomments&post=10995"}],"version-history":[{"count":10,"href":"https:\/\/www.overline-design.de\/poetry\/index.php?rest_route=\/wp\/v2\/pages\/10995\/revisions"}],"predecessor-version":[{"id":11008,"href":"https:\/\/www.overline-design.de\/poetry\/index.php?rest_route=\/wp\/v2\/pages\/10995\/revisions\/11008"}],"wp:attachment":[{"href":"https:\/\/www.overline-design.de\/poetry\/index.php?rest_route=%2Fwp%2Fv2%2Fmedia&parent=10995"}],"curies":[{"name":"wp","href":"https:\/\/api.w.org\/{rel}","templated":true}]}}