
{"id":11216,"date":"2026-03-01T00:05:00","date_gmt":"2026-03-01T00:05:00","guid":{"rendered":"https:\/\/www.overline-design.de\/poetry\/?page_id=11216"},"modified":"2026-03-01T06:16:09","modified_gmt":"2026-03-01T06:16:09","slug":"preisteuerungen-bei-osterleckereien-boykottieren","status":"publish","type":"page","link":"https:\/\/www.overline-design.de\/poetry\/?page_id=11216","title":{"rendered":"Preisteuerungen bei Osterleckereien &#8211; Boykottieren!"},"content":{"rendered":"\n<p>Die Verbraucher sollten sich gegen den <strong>Preiswucher<\/strong> \u201esolidarisieren\u201c,<br>so dass die Produktion und auch der Handel werden dabei verlieren.<br>Nicht nur, dass bei vielen Produkten die Einwaage wurde reduziert,<br>sondern einen extremen Preisaufschlag beim Verbraucher \u201eriskiert\u201c.<br>Der Handel argumentiert: <strong>Rohstoffpreise sind gestiegen expansiv<\/strong>,<br>aber da l\u00e4uft in der Kalulation f\u00fcr das Produkt einiges doch schief.<br><br>Produkte die in keinem Zusammenhang mit einer Teuerung stehen,<br>werden so mit einem \u201esatten Preisaufschlag\u201c vom Handel versehen.<br>Nur die <strong>Preise f\u00fcr Rohkakao<\/strong> in den letzten Jahren <strong>um 70% erh\u00f6ht<\/strong>,<br>Das fertige Produkt um <strong>100% teurer<\/strong>, der Handel wei\u00df, wie das geht.<br>Es wird versucht, das der Verbraucher akzeptiert den h\u00f6heren Preis,<br>nimmt kritiklos Erh\u00f6hungen hin, von dieser Kalkulation nichts wei\u00df.<br><br>Die Warenauslagen wurden schon l\u00e4nger mit <strong>Marzipaneiern<\/strong> gef\u00fcllt,<br>aber die Verbraucher haben in ihren leeren Geldb\u00f6rsen nachgef\u00fchlt.<br>Die waren vor einiger Zeit f\u00fcr etwas \u00fcber einen Euro zu bekommen<br>und heute frech der <strong>doppelte Preis f\u00fcr dieses Produkt<\/strong> genommen.<br>Wenn Warenauslagen bleiben voll, dann H\u00e4ndler mit Rabatte locken,<br>denn sie bef\u00fcrchten, dass sie auf diesen Produkten bleiben \u201ehocken\u201c.<br><br>Die <strong>Marzipanostereier<\/strong> werden mit reduziertem Gewicht angeboten.<br>Verbraucher, die diese kaufen, machen sich zu \u201ek\u00e4uflichen Idioten\u201c.<br>Auch hier sollte man verhalten bei den \u201e<strong>Osterleckereien<\/strong>\u201c reagieren,<br>dann wird der Handel auch dieses \u201epreislich annehmbar\u201c reduzieren.<br>Extreme Preiserh\u00f6hungen auch \u00fcber Gewichtsreduktionen entdeckt,<br>mit der Hoffnung, dass es dem Verbraucher auch \u00f6sterlich schmeckt.<br><br><strong>\u00a9 Rainer Dambroth &#8211; 01.03.2026 &#8211; <a href=\"http:\/\/www.overline-poetry.de\/\">www.overline-poetry.de<\/a><\/strong><br><br><strong><a href=\"https:\/\/www.overline-design.de\/poetry\/wp-admin\/post.php?post=9274&amp;action=edit\">Preiserh\u00f6hung \u00fcber Gewichtsreduktion<\/a><\/strong><br><strong><a href=\"https:\/\/www.overline-design.de\/poetry\/wp-admin\/post.php?post=2320&amp;action=edit\">Mogelpackung \u2013 die indirekte Preiserh\u00f6hung<\/a><\/strong><br><strong><a href=\"https:\/\/www.overline-design.de\/poetry\/wp-admin\/post.php?post=6919&amp;action=edit\">Die Hersteller \u201eklauen\u201c ihre Produkte aus den Verpackungen!<\/a><\/strong><\/p>\n","protected":false},"excerpt":{"rendered":"<p>Die Verbraucher sollten sich gegen den Preiswucher \u201esolidarisieren\u201c,so dass die Produktion und auch der Handel werden dabei verlieren.Nicht nur, dass bei vielen Produkten die Einwaage wurde reduziert,sondern einen extremen Preisaufschlag beim Verbraucher \u201eriskiert\u201c.Der Handel argumentiert: Rohstoffpreise sind gestiegen expansiv,aber da l\u00e4uft in der Kalulation f\u00fcr das Produkt einiges doch schief. Produkte die in keinem Zusammenhang [&hellip;]<\/p>\n","protected":false},"author":3,"featured_media":0,"parent":0,"menu_order":0,"comment_status":"closed","ping_status":"closed","template":"","meta":{"footnotes":""},"class_list":["post-11216","page","type-page","status-publish","hentry"],"jetpack_sharing_enabled":true,"_links":{"self":[{"href":"https:\/\/www.overline-design.de\/poetry\/index.php?rest_route=\/wp\/v2\/pages\/11216","targetHints":{"allow":["GET"]}}],"collection":[{"href":"https:\/\/www.overline-design.de\/poetry\/index.php?rest_route=\/wp\/v2\/pages"}],"about":[{"href":"https:\/\/www.overline-design.de\/poetry\/index.php?rest_route=\/wp\/v2\/types\/page"}],"author":[{"embeddable":true,"href":"https:\/\/www.overline-design.de\/poetry\/index.php?rest_route=\/wp\/v2\/users\/3"}],"replies":[{"embeddable":true,"href":"https:\/\/www.overline-design.de\/poetry\/index.php?rest_route=%2Fwp%2Fv2%2Fcomments&post=11216"}],"version-history":[{"count":7,"href":"https:\/\/www.overline-design.de\/poetry\/index.php?rest_route=\/wp\/v2\/pages\/11216\/revisions"}],"predecessor-version":[{"id":11230,"href":"https:\/\/www.overline-design.de\/poetry\/index.php?rest_route=\/wp\/v2\/pages\/11216\/revisions\/11230"}],"wp:attachment":[{"href":"https:\/\/www.overline-design.de\/poetry\/index.php?rest_route=%2Fwp%2Fv2%2Fmedia&parent=11216"}],"curies":[{"name":"wp","href":"https:\/\/api.w.org\/{rel}","templated":true}]}}