
{"id":1331,"date":"2020-11-22T18:51:00","date_gmt":"2020-11-22T18:51:00","guid":{"rendered":"https:\/\/overline-design.de\/poetry\/?page_id=1331"},"modified":"2023-03-10T06:47:32","modified_gmt":"2023-03-10T06:47:32","slug":"verpackungsmuell-wahn","status":"publish","type":"page","link":"https:\/\/www.overline-design.de\/poetry\/?page_id=1331","title":{"rendered":"Verpackungsm\u00fcll\/-wahn"},"content":{"rendered":"\n<p>Wir verschicken unseren Verpackungsm\u00fcll in die \u201edritte Welt\u201c<br>und f\u00fcr die \u201eEntsorgung\u201c bezahlen wir dann \u201ezu wenig\u201c Geld.<br>In diesen L\u00e4ndern wird es im Hafen am Wasser gelagert dicht<br>und die dadurch entstehenden Probleme sieht man noch nicht<br><br>Weil man sich nur f\u00fcr die Devisen der \u201eEntsorger\u201c interessiert,<br>dann die sorgf\u00e4ltige Lagerung und das Recycling dabei verliert.<br>Von den Schiffen entladen, bleib es zu dicht am Wasser liegen<br>und bei Sturm und Flut, wird es dann aufs Meer hinaus fliegen.<br><br>Dann schwimmt der Plastikm\u00fcll herum in den weiten Meeren<br>und wird das vorhandene Leben mit unserem Plastik ern\u00e4hren.<br>Zus\u00e4tzlich dann mit den \u201everloren gegangenen\u201c Fischernetzen,<br>werden sich die Tiere des Meeres daran auch noch \u201everletzen\u201c<br><br>Und dann noch die Ironie, denn der mit Plastik gef\u00fcllte Fisch,<br>kommt zur\u00fcck zu uns und dann zu uns auf den \u201eEssenstisch\u201c.<br>Und haben wir diesen \u201ePlastikfisch\u201c als Essen dann \u201egenossen\u201c,<br>macht dieser Weg von nicht recyceltem Plastikm\u00fcll verdrossen.<br><br>Verbundstoffe, sind fest verbunden, wie der schon Name sagt<br>und man sich mit dem Recycling und Entsorgung herum plagt.<br>Weil die Verbundstoffe lassen sich nicht sauber wieder trennen,<br>werden sie entsorgt, wie unser Hausm\u00fcll, durch Verbrennen.<br><br>\u201eDas Auge kauft mit\u201c, so wird die Au\u00dfenverpackung dekoriert<br>und so mit dem \u201eAugengenuss\u201c die Wiederverwertung verliert.<br>Eine ansprechende Verpackung, aber innen ist nicht viel drin<br>und dann in den M\u00fcll-Export: &#8222;Aus den Augen, aus dem Sinn&#8220;<br><br>Wir sollten mehr auf Inhalte als auf \u00c4u\u00dferlichkeiten schauen.<br>Wir sparen Energie und k\u00f6nnen auf eine gute Zukunft bauen.<br>Recycling ist hier das \u201eoberste Gebot\u201c und das ist sehr wichtig,<br>sonst ist unsere Zukunft und das Leben in den Meeren nichtig.<br><br>\u00a9 Rainer Dambroth \u2013 22.11.20 &#8211; <strong><a href=\"http:\/\/www.overline-poetry.de\/\">www.overline-poetry.de<\/a><\/strong><\/p>\n\n\n\n<p>\ud83d\udd17 <strong><a href=\"https:\/\/www.overline-design.de\/poetry\/wp-admin\/post.php?post=2774&amp;action=edit\">Die Fische \u201eertrinken\u201c im Plastikmeer<\/a><\/strong><\/p>\n","protected":false},"excerpt":{"rendered":"<p>Wir verschicken unseren Verpackungsm\u00fcll in die \u201edritte Welt\u201cund f\u00fcr die \u201eEntsorgung\u201c bezahlen wir dann \u201ezu wenig\u201c Geld.In diesen L\u00e4ndern wird es im Hafen am Wasser gelagert dichtund die dadurch entstehenden Probleme sieht man noch nicht Weil man sich nur f\u00fcr die Devisen der \u201eEntsorger\u201c interessiert,dann die sorgf\u00e4ltige Lagerung und das Recycling dabei verliert.Von den Schiffen [&hellip;]<\/p>\n","protected":false},"author":3,"featured_media":0,"parent":0,"menu_order":0,"comment_status":"closed","ping_status":"closed","template":"","meta":{"footnotes":""},"class_list":["post-1331","page","type-page","status-publish","hentry"],"jetpack_sharing_enabled":true,"_links":{"self":[{"href":"https:\/\/www.overline-design.de\/poetry\/index.php?rest_route=\/wp\/v2\/pages\/1331","targetHints":{"allow":["GET"]}}],"collection":[{"href":"https:\/\/www.overline-design.de\/poetry\/index.php?rest_route=\/wp\/v2\/pages"}],"about":[{"href":"https:\/\/www.overline-design.de\/poetry\/index.php?rest_route=\/wp\/v2\/types\/page"}],"author":[{"embeddable":true,"href":"https:\/\/www.overline-design.de\/poetry\/index.php?rest_route=\/wp\/v2\/users\/3"}],"replies":[{"embeddable":true,"href":"https:\/\/www.overline-design.de\/poetry\/index.php?rest_route=%2Fwp%2Fv2%2Fcomments&post=1331"}],"version-history":[{"count":19,"href":"https:\/\/www.overline-design.de\/poetry\/index.php?rest_route=\/wp\/v2\/pages\/1331\/revisions"}],"predecessor-version":[{"id":7087,"href":"https:\/\/www.overline-design.de\/poetry\/index.php?rest_route=\/wp\/v2\/pages\/1331\/revisions\/7087"}],"wp:attachment":[{"href":"https:\/\/www.overline-design.de\/poetry\/index.php?rest_route=%2Fwp%2Fv2%2Fmedia&parent=1331"}],"curies":[{"name":"wp","href":"https:\/\/api.w.org\/{rel}","templated":true}]}}