
{"id":1642,"date":"1985-08-24T08:37:00","date_gmt":"1985-08-24T08:37:00","guid":{"rendered":"https:\/\/overline-design.de\/poetry\/?page_id=1642"},"modified":"2021-01-08T18:07:12","modified_gmt":"2021-01-08T18:07:12","slug":"liebe-helga","status":"publish","type":"page","link":"https:\/\/www.overline-design.de\/poetry\/?page_id=1642","title":{"rendered":"Liebe Helga"},"content":{"rendered":"\n<p>wir haben dich nicht vergessen<br>und diese Torte f\u00fcr dich entdeckt<br>Ein St\u00fcckchen haben wir schon gegessen<br>und hoffen, da\u00df es dir genauso schmeckt<\/p>\n\n\n\n<p>Die Torte ist wie die Lebensuhr<br>am Anfang ist sie noch ganz rund<br>und ist \u00fcbrig noch die H\u00e4lfte nur<br>f\u00fcr Sorgen gibt es keinen Grund<\/p>\n\n\n\n<p>Ein Drittel Torte ist noch viel<br>wenn man mit Lust sie genie\u00dft<br>man ist noch lange nicht am Ziel<br>wenn einem die Lebensfreude entsprie\u00dft<\/p>\n\n\n\n<p>Ein Vorsatz f\u00fcr dein neues Lebensjahr<br>Schieb die Dinge nicht auf die lange Bank<br>mach was du dir vornimmst einfach wahr<br>denn alles andere macht nur krank<\/p>\n\n\n\n<p>Genie\u00dfe dein Leben und den heutigen Tag<br>und i\u00df ein St\u00fcck von deiner Lebenstorte<br>denn alles was f\u00fcr dich kommen mag<br>ist Lebensfreude und nicht leere Worte<\/p>\n\n\n\n<p><strong>&#8222;Was du heute kannst besorgen verschiebe nicht auf morgen&#8220;<\/strong><\/p>\n\n\n\n<p>Gewidmet meiner Schw\u00e4gerin Helga zu ihrem Geburtstag<\/p>\n\n\n\n<p><strong>\u00a9<\/strong> Rainer Dambroth &#8211; 24.08.1985 &#8211; <strong><a href=\"https:\/\/www.overline-poetry.de\">www.overline-poetry.de<\/a><\/strong><br><\/p>\n","protected":false},"excerpt":{"rendered":"<p>wir haben dich nicht vergessenund diese Torte f\u00fcr dich entdecktEin St\u00fcckchen haben wir schon gegessenund hoffen, da\u00df es dir genauso schmeckt Die Torte ist wie die Lebensuhram Anfang ist sie noch ganz rundund ist \u00fcbrig noch die H\u00e4lfte nurf\u00fcr Sorgen gibt es keinen Grund Ein Drittel Torte ist noch vielwenn man mit Lust sie genie\u00dftman [&hellip;]<\/p>\n","protected":false},"author":3,"featured_media":0,"parent":0,"menu_order":0,"comment_status":"closed","ping_status":"closed","template":"","meta":{"footnotes":""},"class_list":["post-1642","page","type-page","status-publish","hentry"],"jetpack_sharing_enabled":true,"_links":{"self":[{"href":"https:\/\/www.overline-design.de\/poetry\/index.php?rest_route=\/wp\/v2\/pages\/1642","targetHints":{"allow":["GET"]}}],"collection":[{"href":"https:\/\/www.overline-design.de\/poetry\/index.php?rest_route=\/wp\/v2\/pages"}],"about":[{"href":"https:\/\/www.overline-design.de\/poetry\/index.php?rest_route=\/wp\/v2\/types\/page"}],"author":[{"embeddable":true,"href":"https:\/\/www.overline-design.de\/poetry\/index.php?rest_route=\/wp\/v2\/users\/3"}],"replies":[{"embeddable":true,"href":"https:\/\/www.overline-design.de\/poetry\/index.php?rest_route=%2Fwp%2Fv2%2Fcomments&post=1642"}],"version-history":[{"count":4,"href":"https:\/\/www.overline-design.de\/poetry\/index.php?rest_route=\/wp\/v2\/pages\/1642\/revisions"}],"predecessor-version":[{"id":2171,"href":"https:\/\/www.overline-design.de\/poetry\/index.php?rest_route=\/wp\/v2\/pages\/1642\/revisions\/2171"}],"wp:attachment":[{"href":"https:\/\/www.overline-design.de\/poetry\/index.php?rest_route=%2Fwp%2Fv2%2Fmedia&parent=1642"}],"curies":[{"name":"wp","href":"https:\/\/api.w.org\/{rel}","templated":true}]}}