
{"id":3147,"date":"2021-03-10T10:53:00","date_gmt":"2021-03-10T10:53:00","guid":{"rendered":"https:\/\/www.overline-design.de\/poetry\/?page_id=3147"},"modified":"2021-08-09T17:10:22","modified_gmt":"2021-08-09T17:10:22","slug":"corona-impfung-in-niedersachen-denn-sie-wissen-nicht-was-sie-tun","status":"publish","type":"page","link":"https:\/\/www.overline-design.de\/poetry\/?page_id=3147","title":{"rendered":"Corona Impfung in Niedersachen &#8211; Denn sie wissen nicht, was sie tun?"},"content":{"rendered":"\n<p>Die Regierenden sollten ihre Strategien erst intern sortieren,<br>bevor sie &#8222;versuchen&#8220;, die Corona Impfung zu organisieren.<br>Es ist eine Katastrophe, wie die Politiker die Impfung planen<br>und die Ausrede, &#8222;wie konnte man diesen Andrang erahnen&#8220;.<br><br>Ein Jahr hatten sie Zeit, um vorzubereiten und zu organisieren.<br>Die Impfwilligen k\u00f6nnen bei dieser Strategie dabei nur verlieren.<br>Erst musste man zu lange am Impf-Termin-Telefon versuchen,<br>um telefonisch endlich einen Impftermin f\u00fcr sich zu buchen.<br><br>Der Termin wurde nicht best\u00e4tigt, daf\u00fcr steht man auf dem Plan.<br>Und was heisst das, wann kommt man endlich zum Impfen dran? <br>Vom Gesundheitsministerium kommt nun ein gleiches Schreiben.<br>Wie w\u00e4re es, man w\u00fcrde planen und l\u00e4sst das Schreiben bleiben.<br><br>Ein Unternehmer h\u00e4tte und das ist doch wohl ganz unbestritten,<br>sein Unternehmen, bei solch einem Start, in die Pleite &#8222;geritten&#8220;.<br>Die regierende Politik sollte einmal in die &#8222;gelben Seiten&#8220; sehen,<br>da gibt es Unternehmen, die von Organisation etwas verstehen.<br><br><strong>\u00a9<\/strong> Rainer Dambroth &#8211; 10.03.2021 &#8211; <strong><a href=\"https:\/\/www.overline-poetry.de\">www.overline-poetry.de<\/a><\/strong><br><\/p>\n","protected":false},"excerpt":{"rendered":"<p>Die Regierenden sollten ihre Strategien erst intern sortieren,bevor sie &#8222;versuchen&#8220;, die Corona Impfung zu organisieren.Es ist eine Katastrophe, wie die Politiker die Impfung planenund die Ausrede, &#8222;wie konnte man diesen Andrang erahnen&#8220;. Ein Jahr hatten sie Zeit, um vorzubereiten und zu organisieren.Die Impfwilligen k\u00f6nnen bei dieser Strategie dabei nur verlieren.Erst musste man zu lange am [&hellip;]<\/p>\n","protected":false},"author":3,"featured_media":0,"parent":0,"menu_order":0,"comment_status":"closed","ping_status":"closed","template":"","meta":{"footnotes":""},"class_list":["post-3147","page","type-page","status-publish","hentry"],"jetpack_sharing_enabled":true,"_links":{"self":[{"href":"https:\/\/www.overline-design.de\/poetry\/index.php?rest_route=\/wp\/v2\/pages\/3147","targetHints":{"allow":["GET"]}}],"collection":[{"href":"https:\/\/www.overline-design.de\/poetry\/index.php?rest_route=\/wp\/v2\/pages"}],"about":[{"href":"https:\/\/www.overline-design.de\/poetry\/index.php?rest_route=\/wp\/v2\/types\/page"}],"author":[{"embeddable":true,"href":"https:\/\/www.overline-design.de\/poetry\/index.php?rest_route=\/wp\/v2\/users\/3"}],"replies":[{"embeddable":true,"href":"https:\/\/www.overline-design.de\/poetry\/index.php?rest_route=%2Fwp%2Fv2%2Fcomments&post=3147"}],"version-history":[{"count":9,"href":"https:\/\/www.overline-design.de\/poetry\/index.php?rest_route=\/wp\/v2\/pages\/3147\/revisions"}],"predecessor-version":[{"id":4438,"href":"https:\/\/www.overline-design.de\/poetry\/index.php?rest_route=\/wp\/v2\/pages\/3147\/revisions\/4438"}],"wp:attachment":[{"href":"https:\/\/www.overline-design.de\/poetry\/index.php?rest_route=%2Fwp%2Fv2%2Fmedia&parent=3147"}],"curies":[{"name":"wp","href":"https:\/\/api.w.org\/{rel}","templated":true}]}}