
{"id":3364,"date":"2021-05-23T18:02:00","date_gmt":"2021-05-23T18:02:00","guid":{"rendered":"https:\/\/www.overline-design.de\/poetry\/?page_id=3364"},"modified":"2021-05-30T17:17:45","modified_gmt":"2021-05-30T17:17:45","slug":"corona-es-geht-schon-wieder-los-wenn-jens-spahn-verspricht","status":"publish","type":"page","link":"https:\/\/www.overline-design.de\/poetry\/?page_id=3364","title":{"rendered":"Corona &#8211; Es geht schon wieder los! Wenn Jens Spahn verspricht!"},"content":{"rendered":"\n<p>Wenn der Gesundheitsminister Spahn etwas verspricht,<br>dann ist es f\u00fcr alle Beteiligten besser, sie h\u00f6ren es nicht.<br>Er eilt mit seinem Versprechen immer schneller voran,<br>als die &#8222;bremsende&#8220; Realit\u00e4t ihm dann noch folgen kann.<br><br>Der digitale Impfpass bleibt an den Haus\u00e4rzten h\u00e4ngen,<br>dort sich die Impfwilligen nach Impfterminen dr\u00e4ngen.<br>Nebenbei m\u00fcssen sie auch ihre Praxispatienten versorgen,<br>f\u00fcr sie z\u00e4hlt heute und nicht wie bei Spahn das morgen.<br><br>Sieht er sich als Gewinner bei der n\u00e4chsten Bundeswahl?<br>Ich sehe die zur Zeit regierenden Parteien mehr als Qual,<br>denn es fehlen Ideen und ein Konzept steht nicht bereit.<br>F\u00fcr ein &#8222;weiter so&#8220;, da fehlt uns die allen die Lebenszeit! <br> <br><strong>\u00a9<\/strong> Rainer Dambroth &#8211; 23.05.2021 &#8211; <strong><a href=\"https:\/\/www.overline-poetry.de\">www.overline-poetry.de<\/a><\/strong><br><br><a href=\"https:\/\/www.overline-design.de\/poetry\/?page_id=815\" data-type=\"URL\" data-id=\"https:\/\/www.overline-design.de\/poetry\/?page_id=815\"><strong>Die Qual der Wahl<\/strong><\/a><br><br><br><\/p>\n","protected":false},"excerpt":{"rendered":"<p>Wenn der Gesundheitsminister Spahn etwas verspricht,dann ist es f\u00fcr alle Beteiligten besser, sie h\u00f6ren es nicht.Er eilt mit seinem Versprechen immer schneller voran,als die &#8222;bremsende&#8220; Realit\u00e4t ihm dann noch folgen kann. Der digitale Impfpass bleibt an den Haus\u00e4rzten h\u00e4ngen,dort sich die Impfwilligen nach Impfterminen dr\u00e4ngen.Nebenbei m\u00fcssen sie auch ihre Praxispatienten versorgen,f\u00fcr sie z\u00e4hlt heute und [&hellip;]<\/p>\n","protected":false},"author":3,"featured_media":0,"parent":0,"menu_order":0,"comment_status":"closed","ping_status":"closed","template":"","meta":{"footnotes":""},"class_list":["post-3364","page","type-page","status-publish","hentry"],"jetpack_sharing_enabled":true,"_links":{"self":[{"href":"https:\/\/www.overline-design.de\/poetry\/index.php?rest_route=\/wp\/v2\/pages\/3364","targetHints":{"allow":["GET"]}}],"collection":[{"href":"https:\/\/www.overline-design.de\/poetry\/index.php?rest_route=\/wp\/v2\/pages"}],"about":[{"href":"https:\/\/www.overline-design.de\/poetry\/index.php?rest_route=\/wp\/v2\/types\/page"}],"author":[{"embeddable":true,"href":"https:\/\/www.overline-design.de\/poetry\/index.php?rest_route=\/wp\/v2\/users\/3"}],"replies":[{"embeddable":true,"href":"https:\/\/www.overline-design.de\/poetry\/index.php?rest_route=%2Fwp%2Fv2%2Fcomments&post=3364"}],"version-history":[{"count":11,"href":"https:\/\/www.overline-design.de\/poetry\/index.php?rest_route=\/wp\/v2\/pages\/3364\/revisions"}],"predecessor-version":[{"id":3829,"href":"https:\/\/www.overline-design.de\/poetry\/index.php?rest_route=\/wp\/v2\/pages\/3364\/revisions\/3829"}],"wp:attachment":[{"href":"https:\/\/www.overline-design.de\/poetry\/index.php?rest_route=%2Fwp%2Fv2%2Fmedia&parent=3364"}],"curies":[{"name":"wp","href":"https:\/\/api.w.org\/{rel}","templated":true}]}}