
{"id":3737,"date":"2021-07-17T06:16:08","date_gmt":"2021-07-17T06:16:08","guid":{"rendered":"https:\/\/www.overline-design.de\/poetry\/?page_id=3737"},"modified":"2024-08-27T17:10:26","modified_gmt":"2024-08-27T17:10:26","slug":"die-partei-der-stimmenfaenger","status":"publish","type":"page","link":"https:\/\/www.overline-design.de\/poetry\/?page_id=3737","title":{"rendered":"Die Partei der Stimmenf\u00e4nger"},"content":{"rendered":"\n<p>Leute lasst euch vor der Wahl nicht durch Spr\u00fcche blenden,<br>sonst werdet ihr bei der Partei der Stimmenf\u00e4nger enden.<br>Glaubt nicht alles, was euch versprochen oder wird erz\u00e4hlt,<br>das \u00e4ndert sich, wenn sie an der Macht, weil ihr sie gew\u00e4hlt.<br><br>Bei jeder politischen Wahl wird mir immer Angst und Bange<br>und jedes mal die Hoffnung, dass es sie gebe nicht mehr lange.<br>Jedes mal, wenn ich bei Versammlungen deren Anh\u00e4nger sehe,<br>deren Systemkritik und Begehren auch nicht so ganz verstehe.<br><br>Was die Stimmenf\u00e4nger gut k\u00f6nnen, ist die Stimmungsmache.<br>Das ist ihr einziges Wahlprogramm und das ist ganz ihre Sache.<br>Sie versprechen alles das, was ihre W\u00e4hlerschaft will doch h\u00f6ren<br>und ihre Anh\u00e4nger lassen sich mit diesen Spr\u00fcchen auch bet\u00f6ren.<br><br>Die W\u00e4hler, die die etablierten Parteien aus Protest nicht w\u00e4hlen,<br>wenn sie sp\u00fcren, dass ihre Belange unwichtig und nicht z\u00e4hlen.<br>F\u00fcr diese W\u00e4hler hat die Partei der Stimmenf\u00e4nger offene Ohren,<br>sie fangen die Stimmen der Menschen, die sich f\u00fchlen verloren.<br><br>Die ewig Gestrigen leben nur in unserer dunklen Vergangenheit<br>und nutzen zum dementieren der dunklen Zeit jede Gelegenheit.<br>Die dunkle Zeit unserer deutschen Geschichte sehen sie erlogen<br>und um den Sieg der Weltherrschaft wurden sie damals betrogen.<br><br>Sie wollen die Deutschen retten und das geben sie zu verstehen,<br>wenn sie erst gew\u00e4hlt, wird einiges in Deutschland anders gehen.<br>Ist Deutschland als ein nationales Land mit Grenzen wieder dicht,<br>dann hei\u00dft f\u00fcr freies Reisen auch in europ\u00e4ische L\u00e4nder Verzicht.<br><br>Sie lehnen Corona als Gefahr ab und schlie\u00dfen sich Demos an,<br>so fangen sie auch die Stimmen der Impfgegner f\u00fcr sich dann.<br>Die Stimmenf\u00e4nger wollen zur\u00fcck zu den vergangene Zeiten,<br>die aber nur den &#8222;Verlierern&#8220; unseres Systems Freude bereiten.<br><br>Als Bedrohung wird empfunden, wenn es nicht v\u00f6lkisch genug,<br>die Leute, die sie w\u00e4hlen, erkennen das nicht als ein Wahlbetrug.<br>Wir sind eine Welt, ohne Mauer und ohne einen gro\u00dfen Graben,<br>ich m\u00f6chte kein national gepr\u00e4gtes Land mit Mauern haben.<br><br>Sie sind gegen alles, was nicht deutschen Werten entspricht.<br>Menschen mit ausl\u00e4ndischen Wurzeln, die wollen sie hier nicht.<br>Diese Menschen empfinden sie in Deutschland als Bedrohung,<br>dadurch entsteht eine Zunahme der Gewalt und der Verrohung.<br><br>Von den Stimmenf\u00e4ngern gibt es sogar einen strategischen Plan.<br>die Stimmenf\u00e4nger siedeln sich einfach in den kleinen Orten an.<br>Sie stellen sich den B\u00fcrgern als helfende &#8222;Gutmenschen&#8220; dar<br>und was sie damit bewirken wollen, dass ist nicht jedem klar.<br><br>Sie treten in Ortsvereine ein und mit strategischem Geschick,<br>lassen sie sich dann w\u00e4hlen in die Dorf- und Gemeindepolitik.<br>Und haben sie die demokratische Dorfgemeinschaft gespalten,<br>dann k\u00f6nnen sie ihr &#8222;v\u00f6lkisches&#8220; Weltbild im Ort voll entfalten.<br><br>Ich habe nie gewagt zu glauben, aber heute w\u00fcrde ich wetten,<br>dass es Leute gibt, die diese alten Zeiten gerne wieder h\u00e4tten.<br>Sie sehen sich, nat\u00fcrlich nur in befehlender leitender Funktion,<br>f\u00fcr die weltoffenen, demokratischen B\u00fcrger war es das schon.<br><br>\u00a9 Rainer Dambroth &#8211; 17.07.2021 &#8211; <strong><a href=\"https:\/\/www.overline-poetry.de\/\">www.overline-poetry.de<\/a><\/strong><br><br><a href=\"http:\/\/www.overline-design.de\/poetry\/?page_id=4599\" data-type=\"URL\" data-id=\"www.overline-design.de\/poetry\/?page_id=4599\"><strong>Wie quer denken Querdenker?<\/strong><\/a><br><br><em><strong>Man darf nicht warten, bis aus dem Schneeball eine Lawine geworden ist. Man muss den rollenden Schneeball zertreten. Die Lawine h\u00e4lt keiner mehr auf. Sie ruht erst, wenn sie alles unter sich begraben hat.<\/strong><\/em><br><strong><em>Erich K\u00e4stner<\/em><\/strong><br><\/p>\n","protected":false},"excerpt":{"rendered":"<p>Leute lasst euch vor der Wahl nicht durch Spr\u00fcche blenden,sonst werdet ihr bei der Partei der Stimmenf\u00e4nger enden.Glaubt nicht alles, was euch versprochen oder wird erz\u00e4hlt,das \u00e4ndert sich, wenn sie an der Macht, weil ihr sie gew\u00e4hlt. Bei jeder politischen Wahl wird mir immer Angst und Bangeund jedes mal die Hoffnung, dass es sie gebe [&hellip;]<\/p>\n","protected":false},"author":3,"featured_media":0,"parent":0,"menu_order":0,"comment_status":"closed","ping_status":"closed","template":"","meta":{"footnotes":""},"class_list":["post-3737","page","type-page","status-publish","hentry"],"jetpack_sharing_enabled":true,"_links":{"self":[{"href":"https:\/\/www.overline-design.de\/poetry\/index.php?rest_route=\/wp\/v2\/pages\/3737","targetHints":{"allow":["GET"]}}],"collection":[{"href":"https:\/\/www.overline-design.de\/poetry\/index.php?rest_route=\/wp\/v2\/pages"}],"about":[{"href":"https:\/\/www.overline-design.de\/poetry\/index.php?rest_route=\/wp\/v2\/types\/page"}],"author":[{"embeddable":true,"href":"https:\/\/www.overline-design.de\/poetry\/index.php?rest_route=\/wp\/v2\/users\/3"}],"replies":[{"embeddable":true,"href":"https:\/\/www.overline-design.de\/poetry\/index.php?rest_route=%2Fwp%2Fv2%2Fcomments&post=3737"}],"version-history":[{"count":55,"href":"https:\/\/www.overline-design.de\/poetry\/index.php?rest_route=\/wp\/v2\/pages\/3737\/revisions"}],"predecessor-version":[{"id":9031,"href":"https:\/\/www.overline-design.de\/poetry\/index.php?rest_route=\/wp\/v2\/pages\/3737\/revisions\/9031"}],"wp:attachment":[{"href":"https:\/\/www.overline-design.de\/poetry\/index.php?rest_route=%2Fwp%2Fv2%2Fmedia&parent=3737"}],"curies":[{"name":"wp","href":"https:\/\/api.w.org\/{rel}","templated":true}]}}