
{"id":3920,"date":"2021-07-05T17:56:58","date_gmt":"2021-07-05T17:56:58","guid":{"rendered":"https:\/\/www.overline-design.de\/poetry\/?page_id=3920"},"modified":"2022-08-04T17:30:07","modified_gmt":"2022-08-04T17:30:07","slug":"geplanter-21-ausbau-b51-willkuer-einer-strassenbaubehoerde","status":"publish","type":"page","link":"https:\/\/www.overline-design.de\/poetry\/?page_id=3920","title":{"rendered":"Geplanter 2+1 Ausbau B51 &#8211; Willk\u00fcr einer Stra\u00dfenbaubeh\u00f6rde?"},"content":{"rendered":"\n<p>Bei dieser Bauplanung wurde nicht ganz zu Ende gedacht,<br>sonst w\u00fcrde diese Stra\u00dfenplanung so nicht weiter gemacht.<br>Was will diese Stra\u00dfenbaubeh\u00f6rde blo\u00df damit erreichen,<br>dass so viele B\u00e4ume m\u00fcssen f\u00fcr diesen Ausbau weichen.<br><br>Hier wird noch geplant mit einem alten Verkehrsflussstand,<br>denn neue Fakten liegen doch jetzt als Beweis auf der Hand.<br>Seitdem die Lkw\u00b4s auf der B51 werden mit der Maut belegt,<br>haben sich nicht mehr so viele Lkw\u00b4s auf der B51 bewegt.<br><br>Rasern wird man mit der 2+1 L\u00f6sung nicht Einhalt gebieten,<br>sie werden auf der 3. Spur ihre Geschwindigkeit \u00fcberbieten.<br>Die Raser die auf den Strecken \u00fcberholen, wo es verboten<br>und die so etwas tun, sind in meinen Augen dumme Idioten.<br><br>Es wird \u00fcberholt und noch mal kr\u00e4ftig auf das Gas gedr\u00fcckt<br>und noch kurz vor Ende der Spur in die Kolonne rein ger\u00fcckt.<br>Die folgenden Fahrzeuge m\u00fcssen dann in die Bremse treten,<br>den Raser ist das aber egal, denn er will sich nicht versp\u00e4ten.<br><br>Die bekommt man nur mit empfindlichen Strafen zur R\u00e4son.<br>Auch eine Zeit mit Bus und Bahn, dass erzieht dann schon.<br>Eine Herabsetzung auf dieser Strecke die Geschwindigkeiten,<br>w\u00fcrde dieser gef\u00e4hrlichen Raserei endlich ein Ende bereiten.<br><br>Langsame Fahrzeuge sollten doch den Berufsverkehr meiden,<br>da bei einer Schleichfahrt auch die geduldigsten Fahrer leiden.<br>Denn gef\u00e4hrlich wird es, wenn ein Raser die Geduld verliert,<br>weil zu wenig Fahrzeit einkalkuliert und ein Termin pressiert.<br><br>Die Erfahrung der letzten Jahre hat uns doch auch gelehrt,<br>dass man etwas langsamer auch sehr viel sicherer f\u00e4hrt.<br>Auch mit Blitzern verteilt auf der Strecke und das station\u00e4r,<br>bringt Geld in die Kasse und die Umsetzung ist nicht schwer.<br><br>An den neuralgischen Gefahrenpunkten \u00f6fter kontrollieren,<br>dann werden weniger Unf\u00e4lle auf dieser Strecke passieren.<br>Den notorischen Rasern schmerzende Strafen auferlegen,<br>dann m\u00fcssen sie sich mal ohne ihr &#8222;Rennauto&#8220; bewegen.<br><br><strong>\u00a9<\/strong> Rainer Dambroth &#8211; 05.07.2021 &#8211; <strong><a href=\"https:\/\/www.overline-poetry.de\/\">www.overline-poetry.de<\/a><\/strong><\/p>\n\n\n\n<p><strong>Nachsatz:<\/strong><br>Die Raser wird es weiter geben, so selbst erlebt bei Minden,<br>die viel zu sp\u00e4t wieder in die normale Fahrspur zur\u00fcck finden.<br>Da wird noch im letzten Moment \u00fcberholt, f\u00fcr den Zeitgewinn<br>und das sie andere gef\u00e4hrden, kommt ihnen nicht in den Sinn.<\/p>\n\n\n\n<p><br><br><br><\/p>\n","protected":false},"excerpt":{"rendered":"<p>Bei dieser Bauplanung wurde nicht ganz zu Ende gedacht,sonst w\u00fcrde diese Stra\u00dfenplanung so nicht weiter gemacht.Was will diese Stra\u00dfenbaubeh\u00f6rde blo\u00df damit erreichen,dass so viele B\u00e4ume m\u00fcssen f\u00fcr diesen Ausbau weichen. Hier wird noch geplant mit einem alten Verkehrsflussstand,denn neue Fakten liegen doch jetzt als Beweis auf der Hand.Seitdem die Lkw\u00b4s auf der B51 werden mit [&hellip;]<\/p>\n","protected":false},"author":3,"featured_media":0,"parent":0,"menu_order":0,"comment_status":"closed","ping_status":"closed","template":"","meta":{"footnotes":""},"class_list":["post-3920","page","type-page","status-publish","hentry"],"jetpack_sharing_enabled":true,"_links":{"self":[{"href":"https:\/\/www.overline-design.de\/poetry\/index.php?rest_route=\/wp\/v2\/pages\/3920","targetHints":{"allow":["GET"]}}],"collection":[{"href":"https:\/\/www.overline-design.de\/poetry\/index.php?rest_route=\/wp\/v2\/pages"}],"about":[{"href":"https:\/\/www.overline-design.de\/poetry\/index.php?rest_route=\/wp\/v2\/types\/page"}],"author":[{"embeddable":true,"href":"https:\/\/www.overline-design.de\/poetry\/index.php?rest_route=\/wp\/v2\/users\/3"}],"replies":[{"embeddable":true,"href":"https:\/\/www.overline-design.de\/poetry\/index.php?rest_route=%2Fwp%2Fv2%2Fcomments&post=3920"}],"version-history":[{"count":35,"href":"https:\/\/www.overline-design.de\/poetry\/index.php?rest_route=\/wp\/v2\/pages\/3920\/revisions"}],"predecessor-version":[{"id":5736,"href":"https:\/\/www.overline-design.de\/poetry\/index.php?rest_route=\/wp\/v2\/pages\/3920\/revisions\/5736"}],"wp:attachment":[{"href":"https:\/\/www.overline-design.de\/poetry\/index.php?rest_route=%2Fwp%2Fv2%2Fmedia&parent=3920"}],"curies":[{"name":"wp","href":"https:\/\/api.w.org\/{rel}","templated":true}]}}