
{"id":5366,"date":"2022-04-03T14:27:37","date_gmt":"2022-04-03T14:27:37","guid":{"rendered":"https:\/\/www.overline-design.de\/poetry\/?page_id=5366"},"modified":"2022-05-24T08:50:58","modified_gmt":"2022-05-24T08:50:58","slug":"die-behoerdliche-willkommenskultur","status":"publish","type":"page","link":"https:\/\/www.overline-design.de\/poetry\/?page_id=5366","title":{"rendered":"Die beh\u00f6rdliche &#8222;Willkommenskultur&#8220;"},"content":{"rendered":"\n<p>Wir haben nicht geschafft, seit etlichen Jahren, die Beh\u00f6rden zu organisieren,<br>so dass die ankommenden Vertriebenen aus der Ukraine k\u00f6nnen nur verlieren.<br>Sie reden sich heraus mit \u201ewir sind unterbesetzt und haben zu wenig Personal\u201c,<br>so dass f\u00fcr die Vertriebenen wird die beh\u00f6rdliche Erfassung dann zu einer Qual.<br><br>Wie Personen, die im Nebenberuf die Bleibe f\u00fcr die Fl\u00fcchtenden organisieren,<br>sollte sich doch die Beh\u00f6rde mit ihren \u201eAmtsschimmel\u201c auch mal interessieren.<br>Im Hauptberuf ist der Organisator Zugf\u00fchrer bei der deutschen Bundesbahn,<br>f\u00fchrt den Beh\u00f6rden doch einmal vor, was man \u201enebenher\u201c alles leisten kann.<br><br>Was sie in einem Amt machen, das ist f\u00fcr das Gemeinwohl doch sehr wichtig,<br>wenn sie schon die \u201eAmtsschimmel\u201c reiten, dann machen sie es auch richtig.<br>Was sie machen, das verstehen sie vom Amt schon sehr zu verkomplizieren,<br>aber sie achten doch sehr darauf, dass nur die Ank\u00f6mmlinge dabei verlieren.<br><br>Ein beh\u00f6rdlicher Unsinn, im schw\u00e4bischen Ehingen, der doch deutlich aufzeigt,<br>wohin die amtlichen Stellen in ihrer B\u00fcrgerverwaltung sind doch hingeneigt.<br>Noch bevor die Anmeldung f\u00fcr die Anmeldung beim Amt konnte geschehen,<br>bekamen sie erst einmal den Geb\u00fchrenbescheid f\u00fcr die M\u00fcllabfuhr zu sehen.<br><br>Sie k\u00f6nnen und wollen nicht erledigen zu schnell die beh\u00f6rdlichen Vorg\u00e4nge,<br>denn sonst kommen sie beim n\u00e4chsten Ansturm ungewollt in zeitliche Zw\u00e4nge.<br>Organisieren, das haben sie nicht gelernt und das wurde auch nicht gefordert<br>und f\u00fcr Organisatorisches wird dann besser ein Fremdunternehmen geordert.<br><br>Im Zeitalter der Digitalisierung arbeiteten sie mit Formularen und nicht bereit,<br>denn Papier wird knapp und braucht auch seine sehr lange Beschaffungszeit.<br>Vers\u00e4umt wurde von der Altregierung hier schnelle Datenabl\u00e4ufe zu forcieren<br>und der zust\u00e4ndige Minister Seehofer schien sich daf\u00fcr nicht zu interessieren.<br><br><strong>\u00a9<\/strong> Rainer Dambroth &#8211; 03.04.2022 &#8211; <strong><a href=\"https:\/\/www.overline-poetry.de\/\">www.overline-poetry.de<\/a><\/strong><br><br><strong>2015<\/strong> kam es zu einer gro\u00dfen Fluchtbewegung aus Syrien nach Europa.<br>Die Registrierung der ankommenden Fl\u00fcchtlinge nach Deutschland war organisatorisch ein Fiasko und seit dem sind sieben Jahre vergangen und die zust\u00e4ndigen Beh\u00f6rden haben vielfach immer noch keine digitalen Erfassungssysteme.<\/p>\n\n\n\n<p><br><\/p>\n","protected":false},"excerpt":{"rendered":"<p>Wir haben nicht geschafft, seit etlichen Jahren, die Beh\u00f6rden zu organisieren,so dass die ankommenden Vertriebenen aus der Ukraine k\u00f6nnen nur verlieren.Sie reden sich heraus mit \u201ewir sind unterbesetzt und haben zu wenig Personal\u201c,so dass f\u00fcr die Vertriebenen wird die beh\u00f6rdliche Erfassung dann zu einer Qual. Wie Personen, die im Nebenberuf die Bleibe f\u00fcr die Fl\u00fcchtenden [&hellip;]<\/p>\n","protected":false},"author":3,"featured_media":0,"parent":0,"menu_order":0,"comment_status":"closed","ping_status":"closed","template":"","meta":{"footnotes":""},"class_list":["post-5366","page","type-page","status-publish","hentry"],"jetpack_sharing_enabled":true,"_links":{"self":[{"href":"https:\/\/www.overline-design.de\/poetry\/index.php?rest_route=\/wp\/v2\/pages\/5366","targetHints":{"allow":["GET"]}}],"collection":[{"href":"https:\/\/www.overline-design.de\/poetry\/index.php?rest_route=\/wp\/v2\/pages"}],"about":[{"href":"https:\/\/www.overline-design.de\/poetry\/index.php?rest_route=\/wp\/v2\/types\/page"}],"author":[{"embeddable":true,"href":"https:\/\/www.overline-design.de\/poetry\/index.php?rest_route=\/wp\/v2\/users\/3"}],"replies":[{"embeddable":true,"href":"https:\/\/www.overline-design.de\/poetry\/index.php?rest_route=%2Fwp%2Fv2%2Fcomments&post=5366"}],"version-history":[{"count":11,"href":"https:\/\/www.overline-design.de\/poetry\/index.php?rest_route=\/wp\/v2\/pages\/5366\/revisions"}],"predecessor-version":[{"id":5589,"href":"https:\/\/www.overline-design.de\/poetry\/index.php?rest_route=\/wp\/v2\/pages\/5366\/revisions\/5589"}],"wp:attachment":[{"href":"https:\/\/www.overline-design.de\/poetry\/index.php?rest_route=%2Fwp%2Fv2%2Fmedia&parent=5366"}],"curies":[{"name":"wp","href":"https:\/\/api.w.org\/{rel}","templated":true}]}}