
{"id":5541,"date":"2022-05-03T04:41:00","date_gmt":"2022-05-03T04:41:00","guid":{"rendered":"https:\/\/www.overline-design.de\/poetry\/?page_id=5541"},"modified":"2022-05-08T07:47:34","modified_gmt":"2022-05-08T07:47:34","slug":"pressefreiheit-in-demokratien-und-autokratien","status":"publish","type":"page","link":"https:\/\/www.overline-design.de\/poetry\/?page_id=5541","title":{"rendered":"Pressefreiheit in Demokratien und Autokratien"},"content":{"rendered":"\n<p>Wer man in einer Demokratie die Unwahrheit sagt, kommt nicht in Bedr\u00e4ngnis,<br>aber wer in einer Autokratie die Wahrheit sagt, der kommt dann ins Gef\u00e4ngnis.<br>In der Demokratie muss man sogar die Demonstranten gegen Angriffe sch\u00fctzen,<br>auch diejenigen, die den Schutz unserer Demokratie f\u00fcr radikale Zwecke n\u00fctzen.<br><br>Unsere freie Presse wird von Gegnern der Demokratie als \u201eL\u00fcgenpresse\u201c tituliert<br>und Demonstrationen werden von Anf\u00fchrern geschickt f\u00fcr sich dann inszeniert.<br>So k\u00f6nnen sie die \u201eaufgeheizten\u201c Demonstranten gut f\u00fcr ihre Zwecke einsetzen<br>und gegen die regierenden Parteien unserer Demokratie &#8222;die Meute\u201c aufhetzen.<br><br>In der Autokratie wird die Presse vom autokratischen System dann kontrolliert<br>und immer wird so berichtet, dass das autokratische System dabei nicht verliert.<br>Die Wahrheit in den Medien wird zum eigenen Vorteil wunschgem\u00e4\u00df so verdreht,<br>denn das System der Autokratie wei\u00df doch, wie das Verdrehen der Wahrheit geht.<br><br>Durch die eingeschr\u00e4nkten Informationen werden die B\u00fcrger einseitig informiert<br>und sie erfahren nur gezielt, weil sie vom gesamten Weltgeschehen doch isoliert.<br>Das autokratische System gibt die \u201eWahrheit\u201c vor, die ihre B\u00fcrger \u201einteressiert\u201c<br>und wer die \u201egelogene Wahrheit nicht akzeptieren will, der dann dabei verliert.<br><br>Auch die sogenannten Gottesstaaten k\u00f6nnen die Wahrheit nicht immer ertragen,<br>man wird die Presse zensieren und einer Demonstrationsfreiheit dann entsagen.<br>Es z\u00e4hlt nur noch das, was im Koran als Gesetz ist verbindlich fest vorgegeben<br>und nach diesen \u201eGottesgesetzen\u201c haben die B\u00fcrger des Staates dann zu leben.<br><br>Die Frauen werden ihre Freiheit und die Rechte in einem Gottesstaat verlieren,<br>es sei denn, sie wollen ins Gef\u00e4ngnis oder sogar auch ihren Kopf dann riskieren.<br>Sie leben dann f\u00fcr die \u201eweibliche Rolle\u201c, die ihnen laut Koran wurde zugedacht.<br>Zust\u00e4ndig nur f\u00fcr Haus und Kinder, eben alles, was man als eine Frau so macht.<br><br><strong>\u00a9<\/strong> Rainer Dambroth &#8211; 03.05.2022 &#8211; <strong><a href=\"https:\/\/www.overline-poetry.de\/\">www.overline-poetry.de<\/a><\/strong><br><br><strong>Zum Tag der Pressefreiheit 2022!<\/strong><\/p>\n","protected":false},"excerpt":{"rendered":"<p>Wer man in einer Demokratie die Unwahrheit sagt, kommt nicht in Bedr\u00e4ngnis,aber wer in einer Autokratie die Wahrheit sagt, der kommt dann ins Gef\u00e4ngnis.In der Demokratie muss man sogar die Demonstranten gegen Angriffe sch\u00fctzen,auch diejenigen, die den Schutz unserer Demokratie f\u00fcr radikale Zwecke n\u00fctzen. Unsere freie Presse wird von Gegnern der Demokratie als \u201eL\u00fcgenpresse\u201c tituliertund [&hellip;]<\/p>\n","protected":false},"author":3,"featured_media":0,"parent":0,"menu_order":0,"comment_status":"closed","ping_status":"closed","template":"","meta":{"footnotes":""},"class_list":["post-5541","page","type-page","status-publish","hentry"],"jetpack_sharing_enabled":true,"_links":{"self":[{"href":"https:\/\/www.overline-design.de\/poetry\/index.php?rest_route=\/wp\/v2\/pages\/5541","targetHints":{"allow":["GET"]}}],"collection":[{"href":"https:\/\/www.overline-design.de\/poetry\/index.php?rest_route=\/wp\/v2\/pages"}],"about":[{"href":"https:\/\/www.overline-design.de\/poetry\/index.php?rest_route=\/wp\/v2\/types\/page"}],"author":[{"embeddable":true,"href":"https:\/\/www.overline-design.de\/poetry\/index.php?rest_route=\/wp\/v2\/users\/3"}],"replies":[{"embeddable":true,"href":"https:\/\/www.overline-design.de\/poetry\/index.php?rest_route=%2Fwp%2Fv2%2Fcomments&post=5541"}],"version-history":[{"count":6,"href":"https:\/\/www.overline-design.de\/poetry\/index.php?rest_route=\/wp\/v2\/pages\/5541\/revisions"}],"predecessor-version":[{"id":5553,"href":"https:\/\/www.overline-design.de\/poetry\/index.php?rest_route=\/wp\/v2\/pages\/5541\/revisions\/5553"}],"wp:attachment":[{"href":"https:\/\/www.overline-design.de\/poetry\/index.php?rest_route=%2Fwp%2Fv2%2Fmedia&parent=5541"}],"curies":[{"name":"wp","href":"https:\/\/api.w.org\/{rel}","templated":true}]}}