
{"id":5591,"date":"2022-05-29T18:04:00","date_gmt":"2022-05-29T18:04:00","guid":{"rendered":"https:\/\/www.overline-design.de\/poetry\/?page_id=5591"},"modified":"2023-01-17T06:07:09","modified_gmt":"2023-01-17T06:07:09","slug":"luegenpresse","status":"publish","type":"page","link":"https:\/\/www.overline-design.de\/poetry\/?page_id=5591","title":{"rendered":"L\u00fcgenpresse"},"content":{"rendered":"\n<p>Geschickt wird die Meinung der werbenden Partei als Wahrheit indoktriniert,<br>sobald man erkannt hat, dass sich der Protestierende auch daf\u00fcr interessiert.<br>Geschickt wird die reale Wahrheit im Sinne des Protestierenden so verdreht,<br>dass es dem Protestierenden gef\u00e4llt und er dieses als \u201eRealit\u00e4t\u201c so versteht.<br><br>Die dargestellte Wahrheit, die in den verschiedenen Medien wird verbreitet,<br>sieht man als erlogen und deren Wahrheitsgehalt man vehement bestreitet.<br>Ich kann mir dieses Ph\u00e4nomen beim besten Willen so einfach nicht erkl\u00e4ren,<br>warum sich die Protestierenden gegen eine belegbare Wahrheit so wehren.<br><br>Man wird bei den Protestierenden mit deren \u00c4ngsten und Sorgen operieren,<br>so dass sie sich f\u00fcr nur die werbende Partei als \u201eHeilbringende\u201c interessieren.<br>So werden die regierenden Parteien dann als unf\u00e4hig und korrupt dargestellt<br>und man f\u00e4ngt damit die Protestler auf, denen diese Darstellung dann gef\u00e4llt.<br><br>Geschickt wird sowohl vom linken oder rechten Rand nach W\u00e4hlern \u201egefischt\u201c<br>und die \u201everschwurbelte Wahrheit&#8220; den W\u00e4hler als die Realit\u00e4t \u201eaufgetischt\u201c.<br>Mit der Hoffnung, dass sie das \u201eGeschwurbelte&#8220; der Protestparteien glauben<br>und sie k\u00f6nnen den etablierten Parteien die W\u00e4hlerstimmen dann \u201erauben\u201c.<br><br>Der Angriffskrieg von Putin wird als unwahr oder auch notwendig dargestellt<br>und die europ\u00e4ische Union und die Nato werden als Kriegstreiber hingestellt.<br>Der Aggressor Putin wird als Friedensbringer f\u00fcr die gesamte Welt inszeniert.<br>Der Westen hat den Putin bedroht und der hatte gro\u00dfe Angst, dass er verliert.<br><br>Mit welcher Naivit\u00e4t denken nur die Aktiven oder Mitglieder der linken Partei?<br>Als wenn der Aggressor Putin der einzige Friedensengel hier auf der Erden sei.<br>Man sollte abwarten und mit dem Aggressor Putin dann in aller Ruhe sprechen:<br>\u201eEr w\u00e4re einsichtig, zieht sich dann zur\u00fcck und alles andere wird sich r\u00e4chen\u201c.<br><br>Die rechte Partei wird von dem Aggressor Putin auch finanziell mit unterst\u00fctzt.<br>Ist doch logisch, dass Putin diese rechte Verbindung dann f\u00fcr sich auch n\u00fctzt.<br>Rechte Anh\u00e4nger den ukrainischen Angriffskrieg als Schauspielerei betrachten.<br>Sie einer Waffenunterst\u00fctzung entsagen und die Waffenlieferungen verachten.<br><br><strong>\u00a9 Rainer Dambroth &#8211; 29.05.2022 &#8211; <a href=\"http:\/\/www.overline-poetry.de\/\">www.overline-poetry.de<\/a><\/strong><\/p>\n","protected":false},"excerpt":{"rendered":"<p>Geschickt wird die Meinung der werbenden Partei als Wahrheit indoktriniert,sobald man erkannt hat, dass sich der Protestierende auch daf\u00fcr interessiert.Geschickt wird die reale Wahrheit im Sinne des Protestierenden so verdreht,dass es dem Protestierenden gef\u00e4llt und er dieses als \u201eRealit\u00e4t\u201c so versteht. Die dargestellte Wahrheit, die in den verschiedenen Medien wird verbreitet,sieht man als erlogen und [&hellip;]<\/p>\n","protected":false},"author":3,"featured_media":0,"parent":0,"menu_order":0,"comment_status":"closed","ping_status":"closed","template":"","meta":{"footnotes":""},"class_list":["post-5591","page","type-page","status-publish","hentry"],"jetpack_sharing_enabled":true,"_links":{"self":[{"href":"https:\/\/www.overline-design.de\/poetry\/index.php?rest_route=\/wp\/v2\/pages\/5591","targetHints":{"allow":["GET"]}}],"collection":[{"href":"https:\/\/www.overline-design.de\/poetry\/index.php?rest_route=\/wp\/v2\/pages"}],"about":[{"href":"https:\/\/www.overline-design.de\/poetry\/index.php?rest_route=\/wp\/v2\/types\/page"}],"author":[{"embeddable":true,"href":"https:\/\/www.overline-design.de\/poetry\/index.php?rest_route=\/wp\/v2\/users\/3"}],"replies":[{"embeddable":true,"href":"https:\/\/www.overline-design.de\/poetry\/index.php?rest_route=%2Fwp%2Fv2%2Fcomments&post=5591"}],"version-history":[{"count":9,"href":"https:\/\/www.overline-design.de\/poetry\/index.php?rest_route=\/wp\/v2\/pages\/5591\/revisions"}],"predecessor-version":[{"id":6747,"href":"https:\/\/www.overline-design.de\/poetry\/index.php?rest_route=\/wp\/v2\/pages\/5591\/revisions\/6747"}],"wp:attachment":[{"href":"https:\/\/www.overline-design.de\/poetry\/index.php?rest_route=%2Fwp%2Fv2%2Fmedia&parent=5591"}],"curies":[{"name":"wp","href":"https:\/\/api.w.org\/{rel}","templated":true}]}}