
{"id":5640,"date":"2022-07-14T03:52:29","date_gmt":"2022-07-14T03:52:29","guid":{"rendered":"https:\/\/www.overline-design.de\/poetry\/?page_id=5640"},"modified":"2023-04-04T10:41:22","modified_gmt":"2023-04-04T10:41:22","slug":"fdp-partei-der-mitte","status":"publish","type":"page","link":"https:\/\/www.overline-design.de\/poetry\/?page_id=5640","title":{"rendered":"FDP &#8211; Partei der Mitte?"},"content":{"rendered":"\n<p>Die st\u00e4ndig sich selbst lobende FDP, als \u201eDie Partei der Mitte\u201c,<br>waren in einem Regierungsbund stets nur Zweite oder Dritte.<br>Christian Lindner, als der Parteichef und \u201eSunnyboy\u201c der FDP<br>sieht sich schon als der neue gro\u00dfe deutsche Regent in spe<br>Auch dieses Mal wurde sie nur gebraucht als Retter in der Not,<br>bei der Konstellation der Bundesregierung mit Gr\u00fcn und Rot.<br><br>Die FDP sieht sich als wichtigster Koalitionspartner der Ampel an,<br>aber Lindner macht sich mit seinen Aussagen zum \u201eHampelmann\u201c,<br>Er will vorrangig die kleinen und mittleren Unternehmen st\u00fctzen,<br>aber auch die Gro\u00dfen seine Finanzierungsangebote voll n\u00fctzen.<br>Er bedient alle die, die finanziell sind schon sehr gut aufgestellt,<br>aber den \u00c4rmeren und Mittellosen er damit in den R\u00fccken f\u00e4llt.<br><br>Lindners Aussage: \u201eLieber nicht regieren, als schlecht regieren!\u201c,<br>dabei scheint er dieses \u201eschlecht\u201c doch jetzt gerade zu garantieren.<br>Beim Tankrabatt haben ihn die \u00d6lmultis an der Nase herumgef\u00fchrt.<br>Denn sie haben durch die Preiserh\u00f6hungen vorher gut abkassiert.<br>Auch bei dem Tempolimit, welches zur Zeit w\u00e4re doch angesagt,<br>hat er widersprochen und dieses f\u00fcr ihn leidige Thema vertagt.<br><br>Als Sunnyboy braucht er wohl die schnelle Fahrt auf der Autobahn,<br>so kann er den M\u00e4dels zeigen, wie schnell ein Lindner fahren kann.<br>Ein sp\u00e4t pubert\u00e4res und unsensibles Verhalten legt er an den Tag<br>und er braucht die Anerkennung der Medien, wie er es gerne mag.<br>Durch die Koalition aus der Not heraus, sieht er sich als prominent,<br>aber er dadurch seine Funktion als Finanzminister dann \u201everpennt\u201c.<br><br>Ich neide nicht, wenn er im Luxus in den Hafen der Ehe einf\u00e4hrt,<br>aber wo jeder zum Sparen aufgefordert, ist dieses Signal verkehrt.<br>Aber bei einigen Politikern wird oft mit \u201ezweierlei Ma\u00df\u201c gemessen<br>und das sie vom Volk nur auf Zeit gew\u00e4hlt, dass wird oft vergessen.<br>Geladen zur Hochzeit und gefeiert wurde mit viel Politik-Prominenz<br>und gekommen ist sogar per Privatjet der Merz, von der Konkurrenz.<br><br>Der Verkehrsminister Wissing hatte ein \u201eweiter so\u201c angek\u00fcndigt,<br>mit eigenen Ideen h\u00e4tte er sich wahrscheinlich dann vers\u00fcndigt.<br>Man w\u00e4chst an seinen Aufgaben, so lautet ein bekannter Spruch<br>und zum Tempolimit h\u00e4tte er lesen sollen im Verkehrsgesetzbuch.<br>Er argumentiert, dass die vielen Schilder f\u00fcr ein Tempolimit fehlen,<br>aber dort steht deutlich geschrieben, dass hier die Gesetze z\u00e4hlen.<br><br>Wie auch in jeder anderen zur Wahl stehenden Bundes-Partei,<br>sind auch bei der Partei der FDP ein paar f\u00e4hige K\u00f6pfe mit dabei.<br>Jedes FDP-Mitglied will einen guten Posten oder Minister werden,<br>aber so viele Regierungsposten kann nicht geben, hier auf Erden.<br>Solange nur die f\u00e4higsten K\u00f6pfe f\u00fcr die aktive Politik bereit gestellt,<br>so dass es den W\u00e4hlern der Partei und den \u201efreien\u201c B\u00fcrgern gef\u00e4llt.<br><br>Um die Parteimitglieder der FDP optisch und akustisch aufzurunden,<br>da hat man den Trick mit den Doppelnamen der Mitglieder erfunden.<br>Liest man die Namen der Forums- oder Diskussionsteilnehmer vor,<br>klingen die Teilnehmer der FDP zahlenm\u00e4\u00dfig \u00fcberlegen f\u00fcr das Ohr.<br>Allein bei der Ansprache der um den Wortbeitrag gebetenen Person,<br>ist die Diskussionsrunde schneller als geplant zu Ende dann schon.<br><br><strong>\u00a9<\/strong> Rainer Dambroth &#8211; 14.07.2022 &#8211; <strong><a href=\"https:\/\/www.overline-poetry.de\/\">www.overline-poetry.de<\/a><\/strong><\/p>\n","protected":false},"excerpt":{"rendered":"<p>Die st\u00e4ndig sich selbst lobende FDP, als \u201eDie Partei der Mitte\u201c,waren in einem Regierungsbund stets nur Zweite oder Dritte.Christian Lindner, als der Parteichef und \u201eSunnyboy\u201c der FDPsieht sich schon als der neue gro\u00dfe deutsche Regent in speAuch dieses Mal wurde sie nur gebraucht als Retter in der Not,bei der Konstellation der Bundesregierung mit Gr\u00fcn und [&hellip;]<\/p>\n","protected":false},"author":3,"featured_media":0,"parent":0,"menu_order":0,"comment_status":"closed","ping_status":"closed","template":"","meta":{"footnotes":""},"class_list":["post-5640","page","type-page","status-publish","hentry"],"jetpack_sharing_enabled":true,"_links":{"self":[{"href":"https:\/\/www.overline-design.de\/poetry\/index.php?rest_route=\/wp\/v2\/pages\/5640","targetHints":{"allow":["GET"]}}],"collection":[{"href":"https:\/\/www.overline-design.de\/poetry\/index.php?rest_route=\/wp\/v2\/pages"}],"about":[{"href":"https:\/\/www.overline-design.de\/poetry\/index.php?rest_route=\/wp\/v2\/types\/page"}],"author":[{"embeddable":true,"href":"https:\/\/www.overline-design.de\/poetry\/index.php?rest_route=\/wp\/v2\/users\/3"}],"replies":[{"embeddable":true,"href":"https:\/\/www.overline-design.de\/poetry\/index.php?rest_route=%2Fwp%2Fv2%2Fcomments&post=5640"}],"version-history":[{"count":7,"href":"https:\/\/www.overline-design.de\/poetry\/index.php?rest_route=\/wp\/v2\/pages\/5640\/revisions"}],"predecessor-version":[{"id":7254,"href":"https:\/\/www.overline-design.de\/poetry\/index.php?rest_route=\/wp\/v2\/pages\/5640\/revisions\/7254"}],"wp:attachment":[{"href":"https:\/\/www.overline-design.de\/poetry\/index.php?rest_route=%2Fwp%2Fv2%2Fmedia&parent=5640"}],"curies":[{"name":"wp","href":"https:\/\/api.w.org\/{rel}","templated":true}]}}