
{"id":5762,"date":"2022-06-28T10:06:00","date_gmt":"2022-06-28T10:06:00","guid":{"rendered":"https:\/\/www.overline-design.de\/poetry\/?page_id=5762"},"modified":"2023-08-03T04:26:25","modified_gmt":"2023-08-03T04:26:25","slug":"die-bremer-gruenen-und-der-platanenstreit","status":"publish","type":"page","link":"https:\/\/www.overline-design.de\/poetry\/?page_id=5762","title":{"rendered":"Die Bremer Gr\u00fcnen und der \u201ePlatanenstreit\u201c"},"content":{"rendered":"\n<p>Die Bremer Gr\u00fcnen wollen die Einw\u00e4nde der B\u00fcrger nicht h\u00f6ren<br>und lassen sich nicht bei ihrer Planungen auch nicht mehr st\u00f6ren.<br>Die Platanen an der Unterweser sollen dem Deichschutz weichen,<br>denn geht es um Hochwasserschutz und die Erh\u00f6hung von Deichen.<br><br>Und weil sie ihre politische Macht in Bremen doch sehr genie\u00dfen,<br>sie manchmal weit \u00fcber ihr gestecktes Ziel hinweg dann schie\u00dfen.<br>Jetzt versuchen sie dieses Ziel durch Abstimmung zu manifestieren,<br>denn sie wollen bei dem \u201ePlatanenstreit\u201c nicht gerne dann verlieren.<br><br>Auch bei den regierenden Parteien in Bremen der Streit entbrannt,<br>denn auch die Bremer Linken haben dagegen Einw\u00e4nde benannt.<br>Man sollte die Deichbau-Planungen doch noch einmal \u00fcberdenken<br>und gemeinsam dann die Planungen in die richtige Richtung lenken.<br><br>Es erscheint wie ein Diktat und ohne eine zwingende Notwendigkeit.<br>Die B\u00fcrger real mit einzubeziehen, w\u00e4re doch \u201eein Zeichen der Zeit\u201c!<br>Vielleicht h\u00e4tten die Gr\u00fcnen vorher im Internet mal nach gesehen,<br>dort sind Firmen benannt, die von Deichsicherung viel verstehen.<br><br>Wenn man bei der Planung nur auf die Katastrophe im Ahrtal blickt,<br>ist es mit der \u00dcbertragung auf Bremer Verh\u00e4ltnisse nicht geschickt.<br>Wenn die Ahr durch die Schneeschmelze dann \u00fcber die Ufer steigt,<br>mangels Regenauffangbecken, wo sich dann doch der Fehler zeigt.<br><br>Wenn durch Starkwind oder Hochwasser bricht in Bremen das Wehr<br>und die Oberweser l\u00e4uft dann durch die Unterweser komplett leer,<br>dann ist die Weser bis zur Nordsee tief und wird gerade gebogen<br>und man kann dann sehen, wer in Bremerhaven ist neu zugezogen.<br><br>Wenn die alten Platanen an dem Weserufer werden doch gef\u00e4llt,<br>dann hat man ohne eine Umkehr, die schlechtere L\u00f6sung gew\u00e4hlt!<br>Die Gr\u00fcnen wollen doch in und f\u00fcr Bremen \u201egr\u00fcne\u201c Akzente setzen,<br>aber sollten nicht die Begehren der B\u00fcrger dabei untersch\u00e4tzen.<br><br><strong>\u00a9<\/strong> Rainer Dambroth &#8211; 28.06.2022 &#8211; <strong><a href=\"http:\/\/www.overline-poetry.de\/\">www.overline-poetry.de<\/a><\/strong><br><br><em><strong>\u201eZu f\u00e4llen einen sch\u00f6nen Baum,<br>braucht&#8217;s eine halbe Stunde kaum.<br>Zu wachsen, bis man ihn bewundert,<br>bedenk&#8216; es, braucht es ein Jahrhundert.\u201c<br>Eugen Roth<\/strong><\/em><\/p>\n\n\n\n<p><br><\/p>\n","protected":false},"excerpt":{"rendered":"<p>Die Bremer Gr\u00fcnen wollen die Einw\u00e4nde der B\u00fcrger nicht h\u00f6renund lassen sich nicht bei ihrer Planungen auch nicht mehr st\u00f6ren.Die Platanen an der Unterweser sollen dem Deichschutz weichen,denn geht es um Hochwasserschutz und die Erh\u00f6hung von Deichen. Und weil sie ihre politische Macht in Bremen doch sehr genie\u00dfen,sie manchmal weit \u00fcber ihr gestecktes Ziel hinweg [&hellip;]<\/p>\n","protected":false},"author":3,"featured_media":0,"parent":0,"menu_order":0,"comment_status":"closed","ping_status":"closed","template":"","meta":{"footnotes":""},"class_list":["post-5762","page","type-page","status-publish","hentry"],"jetpack_sharing_enabled":true,"_links":{"self":[{"href":"https:\/\/www.overline-design.de\/poetry\/index.php?rest_route=\/wp\/v2\/pages\/5762","targetHints":{"allow":["GET"]}}],"collection":[{"href":"https:\/\/www.overline-design.de\/poetry\/index.php?rest_route=\/wp\/v2\/pages"}],"about":[{"href":"https:\/\/www.overline-design.de\/poetry\/index.php?rest_route=\/wp\/v2\/types\/page"}],"author":[{"embeddable":true,"href":"https:\/\/www.overline-design.de\/poetry\/index.php?rest_route=\/wp\/v2\/users\/3"}],"replies":[{"embeddable":true,"href":"https:\/\/www.overline-design.de\/poetry\/index.php?rest_route=%2Fwp%2Fv2%2Fcomments&post=5762"}],"version-history":[{"count":6,"href":"https:\/\/www.overline-design.de\/poetry\/index.php?rest_route=\/wp\/v2\/pages\/5762\/revisions"}],"predecessor-version":[{"id":7635,"href":"https:\/\/www.overline-design.de\/poetry\/index.php?rest_route=\/wp\/v2\/pages\/5762\/revisions\/7635"}],"wp:attachment":[{"href":"https:\/\/www.overline-design.de\/poetry\/index.php?rest_route=%2Fwp%2Fv2%2Fmedia&parent=5762"}],"curies":[{"name":"wp","href":"https:\/\/api.w.org\/{rel}","templated":true}]}}