
{"id":6096,"date":"2022-10-15T06:52:29","date_gmt":"2022-10-15T06:52:29","guid":{"rendered":"https:\/\/www.overline-design.de\/poetry\/?page_id=6096"},"modified":"2022-10-15T06:52:31","modified_gmt":"2022-10-15T06:52:31","slug":"dieter-bohlen-und-die-russland-sanktionen","status":"publish","type":"page","link":"https:\/\/www.overline-design.de\/poetry\/?page_id=6096","title":{"rendered":"Dieter Bohlen und die Russland Sanktionen"},"content":{"rendered":"\n<p>Auch Dieter Bohlen muss \u201eseinen Senf\u201c zum Ukrainekrieg abgeben:<br>\u201eWir sollten doch endlich die Sanktionen gegen Russland aufheben\u201c.<br>Er sollte lieber mit seiner Meinung zu dem Ukrainekrieg schweigen,<br>und nicht seine ungefragte Meinung zu dem Krieg \u00f6ffentlich zeigen.<br><br>Hat Bohlen durch die Sanktionen seine Fans in Russland verloren,<br>oder sieht er sich auch im Kreise der ungefragten Kommentatoren.<br>Dem Wendler wurde durch \u00f6ffentliche Aussagen ein Ende gesetzt<br>und auch Xavier Naidoo hatte sich mit seinem Einfluss \u00fcbersch\u00e4tzt.<br><br>Werden die CD-Exporte seiner Platten nach Russland sanktioniert<br>und er durch diese Sanktionen seine wichtigen Einnahmen verliert.<br>Ihm ist sein Geld wohl wichtiger als von den Menschen das Leben<br>und deshalb wird er seinen Protest gegen die Sanktionen erheben.<br><br>\u00a9 Rainer Dambroth &#8211; 15.10.2022 &#8211; <strong><a href=\"http:\/\/www.overline-poetry.de\/\">www.overline-poetry.de<\/a><\/strong><br><br><\/p>\n","protected":false},"excerpt":{"rendered":"<p>Auch Dieter Bohlen muss \u201eseinen Senf\u201c zum Ukrainekrieg abgeben:\u201eWir sollten doch endlich die Sanktionen gegen Russland aufheben\u201c.Er sollte lieber mit seiner Meinung zu dem Ukrainekrieg schweigen,und nicht seine ungefragte Meinung zu dem Krieg \u00f6ffentlich zeigen. Hat Bohlen durch die Sanktionen seine Fans in Russland verloren,oder sieht er sich auch im Kreise der ungefragten Kommentatoren.Dem Wendler [&hellip;]<\/p>\n","protected":false},"author":3,"featured_media":0,"parent":0,"menu_order":0,"comment_status":"closed","ping_status":"closed","template":"","meta":{"footnotes":""},"class_list":["post-6096","page","type-page","status-publish","hentry"],"jetpack_sharing_enabled":true,"_links":{"self":[{"href":"https:\/\/www.overline-design.de\/poetry\/index.php?rest_route=\/wp\/v2\/pages\/6096","targetHints":{"allow":["GET"]}}],"collection":[{"href":"https:\/\/www.overline-design.de\/poetry\/index.php?rest_route=\/wp\/v2\/pages"}],"about":[{"href":"https:\/\/www.overline-design.de\/poetry\/index.php?rest_route=\/wp\/v2\/types\/page"}],"author":[{"embeddable":true,"href":"https:\/\/www.overline-design.de\/poetry\/index.php?rest_route=\/wp\/v2\/users\/3"}],"replies":[{"embeddable":true,"href":"https:\/\/www.overline-design.de\/poetry\/index.php?rest_route=%2Fwp%2Fv2%2Fcomments&post=6096"}],"version-history":[{"count":1,"href":"https:\/\/www.overline-design.de\/poetry\/index.php?rest_route=\/wp\/v2\/pages\/6096\/revisions"}],"predecessor-version":[{"id":6097,"href":"https:\/\/www.overline-design.de\/poetry\/index.php?rest_route=\/wp\/v2\/pages\/6096\/revisions\/6097"}],"wp:attachment":[{"href":"https:\/\/www.overline-design.de\/poetry\/index.php?rest_route=%2Fwp%2Fv2%2Fmedia&parent=6096"}],"curies":[{"name":"wp","href":"https:\/\/api.w.org\/{rel}","templated":true}]}}