
{"id":6138,"date":"2022-06-23T06:26:00","date_gmt":"2022-06-23T06:26:00","guid":{"rendered":"https:\/\/www.overline-design.de\/poetry\/?page_id=6138"},"modified":"2022-12-07T06:05:40","modified_gmt":"2022-12-07T06:05:40","slug":"behoerdenirrsinn-in-nittel-falsche-farbe-der-bordsteine-ohne-bauamtliche-vorgabe","status":"publish","type":"page","link":"https:\/\/www.overline-design.de\/poetry\/?page_id=6138","title":{"rendered":"Beh\u00f6rdenirrsinn in Nittel: Falsche Farbe der Bordsteine ohne bauamtliche Vorgabe!"},"content":{"rendered":"\n<p>Ein Investor hat in Nittel in einem Baugebiet die Stra\u00dfe finanziert<br>und man schon fast den Glauben an die aktive Verwaltung verliert.<br>F\u00fcr den Stra\u00dfenausbau wurde vom Amt keine Vorgaben gemacht,<br>aber \u00fcber die jetzige Kritik vom Amt; die ganze Nation dann lacht.<br><br>Der Investor hat die Stra\u00dfe mit den Gehweg solide fertig gebaut<br>und erst dann die hatte die Verwaltung nach der Stra\u00dfe geschaut.<br>Er hatte nicht an die zwingenden Vorgaben f\u00fcr Gehwege gedacht<br>und somit h\u00e4tte der Investor wohl einen gro\u00dfen Fehler gemacht.<br><strong><br><\/strong>Es wurden keine B\u00fcrgersteigfarben seitens vom Amt vorgegeben<br>und der B\u00fcrgermeister will mit den jetzigen Farben so nicht leben.<strong><br><\/strong>Man erwarte vom Investor einen Kompromiss oder eine Korrektur,<br>aber wie soll das denn funktionieren, dieser Beh\u00f6rdenirrsinn pur?<br><br><strong>\u00a9<\/strong> Rainer Dambroth &#8211; 23.06.2022 &#8211; &#8211; <strong><a href=\"https:\/\/www.overline-poetry.de\/\">www.overline-poetry.de<\/a><\/strong><br><br><strong>Ortsgemeinde Nitteln an der Obermosel liegt im Landkreis Trier-Saarburg in Rheinland Pfalz<\/strong><\/p>\n","protected":false},"excerpt":{"rendered":"<p>Ein Investor hat in Nittel in einem Baugebiet die Stra\u00dfe finanziertund man schon fast den Glauben an die aktive Verwaltung verliert.F\u00fcr den Stra\u00dfenausbau wurde vom Amt keine Vorgaben gemacht,aber \u00fcber die jetzige Kritik vom Amt; die ganze Nation dann lacht. Der Investor hat die Stra\u00dfe mit den Gehweg solide fertig gebautund erst dann die hatte [&hellip;]<\/p>\n","protected":false},"author":3,"featured_media":0,"parent":0,"menu_order":0,"comment_status":"closed","ping_status":"closed","template":"","meta":{"footnotes":""},"class_list":["post-6138","page","type-page","status-publish","hentry"],"jetpack_sharing_enabled":true,"_links":{"self":[{"href":"https:\/\/www.overline-design.de\/poetry\/index.php?rest_route=\/wp\/v2\/pages\/6138","targetHints":{"allow":["GET"]}}],"collection":[{"href":"https:\/\/www.overline-design.de\/poetry\/index.php?rest_route=\/wp\/v2\/pages"}],"about":[{"href":"https:\/\/www.overline-design.de\/poetry\/index.php?rest_route=\/wp\/v2\/types\/page"}],"author":[{"embeddable":true,"href":"https:\/\/www.overline-design.de\/poetry\/index.php?rest_route=\/wp\/v2\/users\/3"}],"replies":[{"embeddable":true,"href":"https:\/\/www.overline-design.de\/poetry\/index.php?rest_route=%2Fwp%2Fv2%2Fcomments&post=6138"}],"version-history":[{"count":4,"href":"https:\/\/www.overline-design.de\/poetry\/index.php?rest_route=\/wp\/v2\/pages\/6138\/revisions"}],"predecessor-version":[{"id":6455,"href":"https:\/\/www.overline-design.de\/poetry\/index.php?rest_route=\/wp\/v2\/pages\/6138\/revisions\/6455"}],"wp:attachment":[{"href":"https:\/\/www.overline-design.de\/poetry\/index.php?rest_route=%2Fwp%2Fv2%2Fmedia&parent=6138"}],"curies":[{"name":"wp","href":"https:\/\/api.w.org\/{rel}","templated":true}]}}