
{"id":6668,"date":"2022-12-28T18:18:00","date_gmt":"2022-12-28T18:18:00","guid":{"rendered":"https:\/\/www.overline-design.de\/poetry\/?page_id=6668"},"modified":"2023-01-15T16:41:17","modified_gmt":"2023-01-15T16:41:17","slug":"putin-bald-allein-im-russischen-grossreich","status":"publish","type":"page","link":"https:\/\/www.overline-design.de\/poetry\/?page_id=6668","title":{"rendered":"Putin bald allein im &#8222;russischen Gro\u00dfreich&#8220;"},"content":{"rendered":"\n<p>Der Despot Putin voller Wut er gegen den freien Westen \u201esch\u00e4umt\u201c,<br>denn er hat schon wieder von dem russischen Gro\u00dfreich getr\u00e4umt.<br>Die Ukraine h\u00e4tte er zu gerne mit einer Friedensmission annektiert,<br>dass sie wieder zu Russland geh\u00f6rt und die Eigenst\u00e4ndigkeit verliert.<br><br>Aber immer mehr Staaten aus der ehemaligen russischen F\u00f6deration,<br>wollen Demokratie und f\u00fcr ein Gro\u00dfreich Russland war es das schon!<br>Putin sieht den russischen Staatenverbund f\u00fcr immer entschwinden<br>und sich in Richtung Westen als eine freie Demokratie wieder finden.<br><br>Putin sich mit \u201erusslandtreuen\u201c Staaten und ihren Regenten umgibt,<br>die sich als \u201eSpeichellecker\u201c machen sich bei dem Despoten beliebt.<br>Putin wird die Macht der Autokraten vor der Demokratie besch\u00fctzen<br>und als Gegenleistung darf er ihr Milit\u00e4r f\u00fcr seine Angriffe ben\u00fctzen.<br><br>Der tscheschenische Despot Ramsan Kadyrow, ein brutaler Autokrat,<br>der mit brutalen Aussagen zur Annexion der Ukraine nicht gespart.<br>Dieser Typ schafft es nicht, sein Land wirtschaftlich zu stabilisieren,<br>wahrscheinlich braucht er Vasallen, die seinen Staat organisieren<br><br>Der Belarusse Alexander Lukaschenko, der bei der Wahl versagte,<br>aber er sieht sich als Gewinner und er den Machtwechsel vertagte.<br>Ohne R\u00fcckhalt von Putin w\u00fcrde seine Macht schon l\u00e4ngst enden.<br>Putin st\u00e4rkt seine Macht und darf Belarussen f\u00fcr sich verwenden.<br><br>Die Despoten f\u00fchren die Kriege, um ihre Autokratie zu finanzieren,<br>denn sie wollen sich nicht mit Unf\u00e4higkeit in ihrem Land blamieren.<br>Sie \u00fcberfallen noch freie Staaten mit ihren \u201eunzivilisierten\u201c Horden,<br>um die Zivilbev\u00f6lkerung auspl\u00fcndern, vergewaltigen und zu morden.<br><br><strong>\u00a9<\/strong> Rainer Dambroth \u2013 28.12.2022 \u2013 <strong><a href=\"https:\/\/www.overline-poetry.de\/\">www.overline-poetry.de<\/a><\/strong><br><br>L\u00e4nder, die bis 1991 Teil der Sowjetunion waren: Armenien, Aserbaidschan, Estland, Georgien, Kasachstan, Kirgisien, Lettland, Litauen, Moldawien, Tadschikistan, Turkmenien\/Turkmenistan, Ukraine, Usbekistan, Wei\u00dfrussland\/Belarus<br><br><\/p>\n","protected":false},"excerpt":{"rendered":"<p>Der Despot Putin voller Wut er gegen den freien Westen \u201esch\u00e4umt\u201c,denn er hat schon wieder von dem russischen Gro\u00dfreich getr\u00e4umt.Die Ukraine h\u00e4tte er zu gerne mit einer Friedensmission annektiert,dass sie wieder zu Russland geh\u00f6rt und die Eigenst\u00e4ndigkeit verliert. Aber immer mehr Staaten aus der ehemaligen russischen F\u00f6deration,wollen Demokratie und f\u00fcr ein Gro\u00dfreich Russland war es [&hellip;]<\/p>\n","protected":false},"author":3,"featured_media":0,"parent":0,"menu_order":0,"comment_status":"closed","ping_status":"closed","template":"","meta":{"footnotes":""},"class_list":["post-6668","page","type-page","status-publish","hentry"],"jetpack_sharing_enabled":true,"_links":{"self":[{"href":"https:\/\/www.overline-design.de\/poetry\/index.php?rest_route=\/wp\/v2\/pages\/6668","targetHints":{"allow":["GET"]}}],"collection":[{"href":"https:\/\/www.overline-design.de\/poetry\/index.php?rest_route=\/wp\/v2\/pages"}],"about":[{"href":"https:\/\/www.overline-design.de\/poetry\/index.php?rest_route=\/wp\/v2\/types\/page"}],"author":[{"embeddable":true,"href":"https:\/\/www.overline-design.de\/poetry\/index.php?rest_route=\/wp\/v2\/users\/3"}],"replies":[{"embeddable":true,"href":"https:\/\/www.overline-design.de\/poetry\/index.php?rest_route=%2Fwp%2Fv2%2Fcomments&post=6668"}],"version-history":[{"count":8,"href":"https:\/\/www.overline-design.de\/poetry\/index.php?rest_route=\/wp\/v2\/pages\/6668\/revisions"}],"predecessor-version":[{"id":6735,"href":"https:\/\/www.overline-design.de\/poetry\/index.php?rest_route=\/wp\/v2\/pages\/6668\/revisions\/6735"}],"wp:attachment":[{"href":"https:\/\/www.overline-design.de\/poetry\/index.php?rest_route=%2Fwp%2Fv2%2Fmedia&parent=6668"}],"curies":[{"name":"wp","href":"https:\/\/api.w.org\/{rel}","templated":true}]}}