
{"id":6869,"date":"2023-02-01T10:25:00","date_gmt":"2023-02-01T10:25:00","guid":{"rendered":"https:\/\/www.overline-design.de\/poetry\/?page_id=6869"},"modified":"2023-02-01T18:14:01","modified_gmt":"2023-02-01T18:14:01","slug":"hoecke-und-gleichgesinnten-den-beamtenstatus-entziehen","status":"publish","type":"page","link":"https:\/\/www.overline-design.de\/poetry\/?page_id=6869","title":{"rendered":"H\u00f6cke und Gleichgesinnten den Beamtenstatus entziehen!"},"content":{"rendered":"\n<p>Die Beamte, die nicht in Staatskonformit\u00e4t &#8222;funktionieren&#8220;,<br>sollten ohne Einschr\u00e4nkung den Beamtenstatus verlieren.<br>Egal, im welchen Bundesland sie ihren Dienst \u201ebestreiten\u201c,<br>denn im Schuldienst, werden sie ihre Gesinnung verbreiten.<br><br>Keine rechte Politik im Schuldienst, dass sollte man lernen<br>und ohne Anspruch auf Bez\u00fcge aus dem Dienst entfernen.<br>Bevor sie den Kindern \u201egesellschaftliche Zweifel\u201c bereiten,<br>sollte der Staat rechtzeitig zur Entlassung dann schreiten.<br><br>Keine parteibezogene Politik im politischen Schulunterricht,<br>denn auf die Gefahr der Indoktrination, darauf ist Verzicht.<br>Politikunterricht erfordert nicht beeinflussende Neutralit\u00e4t.<br>Sie \u201eerziehen\u201c die Kinder und Fehler bemerkt man zu sp\u00e4t!<br><br>Die rechte Gesinnung ist nicht als staatstragend zu sehen.<br>Erinnerung an unsere Geschichte und man wird verstehen.<br>Unsere Geschichte mit einem \u201eVogelschiss\u201c zu vergleichen,<br>wer solch einen \u201eSchiss\u201c redet, \u00fcbergeht die vielen Leichen.<br><br>Die AFD, die im deutschen Bundestag rechte Politik vertritt,<br>machen die Sanktionen gegen Putin und Russland nicht mit.<br>Sie sehen Putins Krieg gegen die Ukraine als notwendig an,<br>damit Putin Russland gegen den Westen \u201eabsichern\u201c kann.<br><br>Die Holocaust wird verleugnet und h\u00e4tte nie stattgefunden.<br>Dieses wurde in der Dramatik von Betroffenen nur erfunden.<br>Wenn dieses im Schulunterricht als unwahr wird dargestellt,<br>diese Darstellung den rechts empf\u00e4nglichen Sch\u00fclern gef\u00e4llt.<br><br>Wenn die Autokratie als bevorzugte Regierungsform gesehen,<br>die sollten in ihrer Beamtenfunktion jetzt doch besser gehen.<br>Beamte, die mit rechter Gesinnung \u201eihren Dienst\u201c verrichten,<br>auf die, sollte man in unserem Schulsystem ganz verzichten.<br><br><strong>\u00a9<\/strong> Rainer Dambroth &#8211; 01.02.2023 &#8211; <strong><a href=\"http:\/\/www.overline-poetry.de\/\">www.overline-poetry.de<\/a><\/strong><\/p>\n\n\n\n<p>\ud83d\udd17 <strong><a href=\"https:\/\/www.overline-design.de\/poetry\/wp-admin\/post.php?post=3737&amp;action=edit\">Die Partei der Stimmenf\u00e4nger<\/a><\/strong><br><br><br><br><br><br><\/p>\n","protected":false},"excerpt":{"rendered":"<p>Die Beamte, die nicht in Staatskonformit\u00e4t &#8222;funktionieren&#8220;,sollten ohne Einschr\u00e4nkung den Beamtenstatus verlieren.Egal, im welchen Bundesland sie ihren Dienst \u201ebestreiten\u201c,denn im Schuldienst, werden sie ihre Gesinnung verbreiten. Keine rechte Politik im Schuldienst, dass sollte man lernenund ohne Anspruch auf Bez\u00fcge aus dem Dienst entfernen.Bevor sie den Kindern \u201egesellschaftliche Zweifel\u201c bereiten,sollte der Staat rechtzeitig zur Entlassung dann [&hellip;]<\/p>\n","protected":false},"author":3,"featured_media":0,"parent":0,"menu_order":0,"comment_status":"closed","ping_status":"closed","template":"","meta":{"footnotes":""},"class_list":["post-6869","page","type-page","status-publish","hentry"],"jetpack_sharing_enabled":true,"_links":{"self":[{"href":"https:\/\/www.overline-design.de\/poetry\/index.php?rest_route=\/wp\/v2\/pages\/6869","targetHints":{"allow":["GET"]}}],"collection":[{"href":"https:\/\/www.overline-design.de\/poetry\/index.php?rest_route=\/wp\/v2\/pages"}],"about":[{"href":"https:\/\/www.overline-design.de\/poetry\/index.php?rest_route=\/wp\/v2\/types\/page"}],"author":[{"embeddable":true,"href":"https:\/\/www.overline-design.de\/poetry\/index.php?rest_route=\/wp\/v2\/users\/3"}],"replies":[{"embeddable":true,"href":"https:\/\/www.overline-design.de\/poetry\/index.php?rest_route=%2Fwp%2Fv2%2Fcomments&post=6869"}],"version-history":[{"count":6,"href":"https:\/\/www.overline-design.de\/poetry\/index.php?rest_route=\/wp\/v2\/pages\/6869\/revisions"}],"predecessor-version":[{"id":6878,"href":"https:\/\/www.overline-design.de\/poetry\/index.php?rest_route=\/wp\/v2\/pages\/6869\/revisions\/6878"}],"wp:attachment":[{"href":"https:\/\/www.overline-design.de\/poetry\/index.php?rest_route=%2Fwp%2Fv2%2Fmedia&parent=6869"}],"curies":[{"name":"wp","href":"https:\/\/api.w.org\/{rel}","templated":true}]}}