
{"id":7375,"date":"2023-04-24T08:14:00","date_gmt":"2023-04-24T08:14:00","guid":{"rendered":"https:\/\/www.overline-design.de\/poetry\/?page_id=7375"},"modified":"2023-04-27T04:05:14","modified_gmt":"2023-04-27T04:05:14","slug":"tarifabschluesse-nur-mit-festbetraegen-und-nicht-prozentual","status":"publish","type":"page","link":"https:\/\/www.overline-design.de\/poetry\/?page_id=7375","title":{"rendered":"Tarifabschl\u00fcsse nur mit Festbetr\u00e4gen und nicht prozentual"},"content":{"rendered":"\n<p>Werden Tarifvertr\u00e4ge prozentual mit Arbeitgebern abgeschlossen,<br>macht das die weniger Verdienenden doch jedes Mal verdrossen.<br>Die Verdienstschere durch prozentualen Aufschlag weiter spreizt<br>und dieses gerade in den unteren Lohnklassen als Thema reizt.<br><br>Wurden 5 Prozent als neu geltende Tariferh\u00f6hung ausgehandelt,<br>dann f\u00fcr die Besserverdienenden sich alles zum Besten wandelt.<br>Bei einem Gehalt von 5000\u20ac, erh\u00f6ht sich um 250\u20ac das Gehalt,<br>nat\u00fcrlich dann die Flasche Champagner aus der K\u00fchlung \u201eknallt\u201c.<br><br>Gering Verdienende mit 1200\u20ac bekommen nur 60\u20ac oben drauf,<br>obwohl Produkte sind f\u00fcr alle gleich teuer, beim Wocheneinkauf.<br>Fairer w\u00e4re, ein Festbetrag als Teuerungsausgleich zu addieren,<br>dann wird sich die ungleiche Lohnsteigerung wieder minimieren.<br><br>Bei Erh\u00f6hungen im \u00f6ffentlichen Dienst werden dann alle leiden,<br>bei h\u00f6herem Tarif sind Geb\u00fchrenerh\u00f6hungen nicht zu vermeiden.<br>H\u00f6here Personalkosten, die die KiTa-\/KiGa-Geb\u00fchren verteuern,<br>auch die Preisliste f\u00fcr Beh\u00f6rdenleistungen wird man erneuern.<br><br>In einigen Bereichen durch weniger Personal Kosten reduzieren,<br>aber die jetzt dort arbeiten, werden dann ihre Arbeit verlieren.<br>\u201eSozialvertr\u00e4glich\u201c, in dem altersbedingt Personal ausscheidet,<br>aber eine Neubesetzung dieser Arbeitspl\u00e4tze man vermeidet.<br><br>So sich wieder das Lohn-Preis-Karussell \u201eauf ein Neues\u201c dreht,<br>man muss die Kosten in Griff bekommen, damit es weitergeht.<br>Wenn die Preise durch die Lohnerh\u00f6hungen wurden angepasst,<br>dann durch Teuerungen wieder Tarifverhandlungen veranlasst.<br><br>Die Gewerkschaften dann ihre Forderung wieder pr\u00e4sentieren,<br>sie m\u00fcssen ihren Mitglieder beweisen, dass sie noch existieren.<br>Das Spiel mit der Macht beginnt, indem Forderungen gestellt,<br>dann dreht es wieder, das Lohn-Preis-Karussell mit dem Geld.<br><br><strong>\u00a9<\/strong> Rainer Dambroth &#8211; 24.04.2023 &#8211; <strong><a href=\"http:\/\/www.overline-poetry.de\/\">www.overline-poetry.de<\/a><\/strong><\/p>\n","protected":false},"excerpt":{"rendered":"<p>Werden Tarifvertr\u00e4ge prozentual mit Arbeitgebern abgeschlossen,macht das die weniger Verdienenden doch jedes Mal verdrossen.Die Verdienstschere durch prozentualen Aufschlag weiter spreiztund dieses gerade in den unteren Lohnklassen als Thema reizt. Wurden 5 Prozent als neu geltende Tariferh\u00f6hung ausgehandelt,dann f\u00fcr die Besserverdienenden sich alles zum Besten wandelt.Bei einem Gehalt von 5000\u20ac, erh\u00f6ht sich um 250\u20ac das Gehalt,nat\u00fcrlich [&hellip;]<\/p>\n","protected":false},"author":3,"featured_media":0,"parent":0,"menu_order":0,"comment_status":"closed","ping_status":"closed","template":"","meta":{"footnotes":""},"class_list":["post-7375","page","type-page","status-publish","hentry"],"jetpack_sharing_enabled":true,"_links":{"self":[{"href":"https:\/\/www.overline-design.de\/poetry\/index.php?rest_route=\/wp\/v2\/pages\/7375","targetHints":{"allow":["GET"]}}],"collection":[{"href":"https:\/\/www.overline-design.de\/poetry\/index.php?rest_route=\/wp\/v2\/pages"}],"about":[{"href":"https:\/\/www.overline-design.de\/poetry\/index.php?rest_route=\/wp\/v2\/types\/page"}],"author":[{"embeddable":true,"href":"https:\/\/www.overline-design.de\/poetry\/index.php?rest_route=\/wp\/v2\/users\/3"}],"replies":[{"embeddable":true,"href":"https:\/\/www.overline-design.de\/poetry\/index.php?rest_route=%2Fwp%2Fv2%2Fcomments&post=7375"}],"version-history":[{"count":9,"href":"https:\/\/www.overline-design.de\/poetry\/index.php?rest_route=\/wp\/v2\/pages\/7375\/revisions"}],"predecessor-version":[{"id":7384,"href":"https:\/\/www.overline-design.de\/poetry\/index.php?rest_route=\/wp\/v2\/pages\/7375\/revisions\/7384"}],"wp:attachment":[{"href":"https:\/\/www.overline-design.de\/poetry\/index.php?rest_route=%2Fwp%2Fv2%2Fmedia&parent=7375"}],"curies":[{"name":"wp","href":"https:\/\/api.w.org\/{rel}","templated":true}]}}