
{"id":7432,"date":"2023-06-25T03:58:08","date_gmt":"2023-06-25T03:58:08","guid":{"rendered":"https:\/\/www.overline-design.de\/poetry\/?page_id=7432"},"modified":"2023-06-25T03:58:11","modified_gmt":"2023-06-25T03:58:11","slug":"vetternwirtschaft-bei-den-gruenen","status":"publish","type":"page","link":"https:\/\/www.overline-design.de\/poetry\/?page_id=7432","title":{"rendered":"Vetternwirtschaft bei den Gr\u00fcnen?"},"content":{"rendered":"\n<p>Nat\u00fcrlich ist immer ein \u201eGeschm\u00e4ckle\u201c der Vetternwirtschaft dabei<br>und das ist den \u201enormal\u201c denkenden B\u00fcrgern nicht immer einerlei.<br>Aber die Politik muss anstehende Probleme besser kommunizieren,<br>sonst, weil f\u00fcr die B\u00fcrger unverst\u00e4ndlich, werden sie dann verlieren<br><br>Bei der Auftragsvergabe darf es dann keine \u201eVorteilsnahme\u201c geben.<br>\u201eMauscheleien\u201c, wie bei bekannten Parteien, will ich nicht erleben.<br>Die Medien sich auch nur f\u00fcr Auflage-\/Quotenbringer interessieren<br>und lanciert auch gerne zusammenhanglose Ereignisse pr\u00e4sentieren.<br><br>Ich will eine Lanze f\u00fcr das Ministerium von Robert Habeck brechen,<br>denn zu fremdes Personal kann sich f\u00fcr gute Strategien nur r\u00e4chen.<br>Ich w\u00fcrde auch lieber Personal einsetzen, dem ich kann vertrauen,<br>sonst entwickeln sich die Planungen dann zu einer \u201eTat des Grauen\u201c<br><br>Kurze Dienstwege sind bei \u201eKatastrophen\u201c unumg\u00e4nglich gefordert<br>und nicht, dass man nur nach Vorschrift handelnde Beamte ordert.<br>Was nicht passieren darf, dass nur Freunde bei Vergaben bedacht<br>und man mit \u00dcbervorteilung dann einen sehr gro\u00dfen Fehler macht.<br><br>Habecks Bruder hat dem Robert dann eine Auszeichnung verliehen.<br>Gefundenes Fressen f\u00fcr die Medien und das wurde nicht verziehen.<br>Sollte man lieber eine fremde Person f\u00fcr die \u00dcbergabe benennen?<br>Das w\u00e4re sehr verlogen, so zu tun, als d\u00fcrfte man sich nicht kennen!<br><br>Die Opposition hat gesucht und endlich den \u201eAufh\u00e4nger\u201c gefunden,<br>was sie den Regierungsparteien werden nicht wohlwollend stunden.<br>Der Opposition w\u00e4re wohl lieber, sie k\u00f6nnte ihr Personal einsetzen,<br>aber dabei sie ihren Einflussbereich doch sehr dann \u00fcbersch\u00e4tzen.<br><br>Das man sich in Umweltkreisen kennt, sollte kein Nachteil werden,<br>aber man erlebt die &#8222;politische Missgunst&#8220;, hier bei uns auf Erden.<br>Weil Nutzung vom Parteienfilz muss auf die n\u00e4chste Wahl vertagen,<br>dann will man, dass auch andere jeder Kommunikation entsagen.<br><br><strong>\u00a9<\/strong> Rainer Dambroth &#8211; 14.05.2023 &#8211; <strong><a href=\"http:\/\/www.overline-poetry.de\/\">www.overline-poetry.de<\/a><\/strong><\/p>\n","protected":false},"excerpt":{"rendered":"<p>Nat\u00fcrlich ist immer ein \u201eGeschm\u00e4ckle\u201c der Vetternwirtschaft dabeiund das ist den \u201enormal\u201c denkenden B\u00fcrgern nicht immer einerlei.Aber die Politik muss anstehende Probleme besser kommunizieren,sonst, weil f\u00fcr die B\u00fcrger unverst\u00e4ndlich, werden sie dann verlieren Bei der Auftragsvergabe darf es dann keine \u201eVorteilsnahme\u201c geben.\u201eMauscheleien\u201c, wie bei bekannten Parteien, will ich nicht erleben.Die Medien sich auch nur f\u00fcr [&hellip;]<\/p>\n","protected":false},"author":3,"featured_media":0,"parent":0,"menu_order":0,"comment_status":"closed","ping_status":"closed","template":"","meta":{"footnotes":""},"class_list":["post-7432","page","type-page","status-publish","hentry"],"jetpack_sharing_enabled":true,"_links":{"self":[{"href":"https:\/\/www.overline-design.de\/poetry\/index.php?rest_route=\/wp\/v2\/pages\/7432","targetHints":{"allow":["GET"]}}],"collection":[{"href":"https:\/\/www.overline-design.de\/poetry\/index.php?rest_route=\/wp\/v2\/pages"}],"about":[{"href":"https:\/\/www.overline-design.de\/poetry\/index.php?rest_route=\/wp\/v2\/types\/page"}],"author":[{"embeddable":true,"href":"https:\/\/www.overline-design.de\/poetry\/index.php?rest_route=\/wp\/v2\/users\/3"}],"replies":[{"embeddable":true,"href":"https:\/\/www.overline-design.de\/poetry\/index.php?rest_route=%2Fwp%2Fv2%2Fcomments&post=7432"}],"version-history":[{"count":2,"href":"https:\/\/www.overline-design.de\/poetry\/index.php?rest_route=\/wp\/v2\/pages\/7432\/revisions"}],"predecessor-version":[{"id":7475,"href":"https:\/\/www.overline-design.de\/poetry\/index.php?rest_route=\/wp\/v2\/pages\/7432\/revisions\/7475"}],"wp:attachment":[{"href":"https:\/\/www.overline-design.de\/poetry\/index.php?rest_route=%2Fwp%2Fv2%2Fmedia&parent=7432"}],"curies":[{"name":"wp","href":"https:\/\/api.w.org\/{rel}","templated":true}]}}