
{"id":7450,"date":"2023-06-07T14:42:00","date_gmt":"2023-06-07T14:42:00","guid":{"rendered":"https:\/\/www.overline-design.de\/poetry\/?page_id=7450"},"modified":"2024-06-08T17:05:49","modified_gmt":"2024-06-08T17:05:49","slug":"touristeninformation-hamburg-flughafen","status":"publish","type":"page","link":"https:\/\/www.overline-design.de\/poetry\/?page_id=7450","title":{"rendered":"Touristeninformation Hamburg Flughafen"},"content":{"rendered":"\n<p>Die <strong>Touristeninformation<\/strong> sollte kein \u201enotwendiges \u00dcbel\u201c mit Andenkenverkauf, sondern die Herzensangelegenheit einer weltoffenen Stadt sein oder werden.<br><br>Es ist nicht die Gr\u00f6\u00dfe eines Ladenlokals f\u00fcr <strong>Touristeninformation<\/strong> entscheidend, sondern die zeitliche und personelle Pr\u00e4senz und vor allem fachliche Kompetenz, denn B\u00fccher kann man in einem Fachgesch\u00e4ft kaufen und das hatte \u00fcbrigens zu diesem Zeitpunkt noch ge\u00f6ffnet.<br><br><strong>Touristen<\/strong> sind geduldiger als erwartet und warten auch geduldig, wenn sie dann abschlie\u00dfend eine richtige und gute <strong>Informationen<\/strong> bekommen.<br>So erlebt in einer kleinen Stadt, denn die Touristeninformantin war bis zum Anflug des letzten Flugzeuges pr\u00e4sent, war sehr kompetent und arbeitet allein (Wechselschicht) in einem kosteng\u00fcnstigen \u201eMinioffice\u201c.<br><br><strong>Fahrkarten-\/Ticketautomaten<\/strong> sollten bzw. m\u00fcssen regelm\u00e4\u00dfig gewartet werden (Touchscreens), damit keine Wartezeiten entstehen, denn sonst werden sie ungewollt zu einem \u201eGl\u00fccksspielautomaten\u201c und unterliegen damit der Altersbeschr\u00e4nkung. Und als &#8222;Gl\u00fcckspielautomaten&#8220; entziehen sie sich dann der Nutzbarkeit f\u00fcr j\u00fcngere Touristen. Der Hauptbahnhof als Knotenpunkt sollte mit Hinweis auf Bahnsteig und Fahrtrichtung (Zielortsangabe) ausgew\u00e4hlt und gedruckt werden.<br><br>Notwendige <strong>Hinweisschilder<\/strong> sollten am Besten mit Ortsfremden bedarfsgerecht ausgesucht und ausreichend angebracht werden. \u201eEinheimische\u201c verf\u00fcgen meistens \u00fcber eine gute Richtungsorientierung und (er)kennen deshalb die \u201eneuralgischen Wundstellen\u201c nicht (mehr).<\/p>\n\n\n\n<p><strong>\u00a9<\/strong> Rainer Dambroth &#8211; 07.06.2023 &#8211; <strong><a href=\"http:\/\/www.overline-poetry.de\/\">www.overline-poetry.de<\/a><\/strong><br><br><strong><a href=\"https:\/\/www.overline-design.de\/poetry\/wp-admin\/post.php?post=7435&amp;action=edit\">Hamburg \u2013 eine Weltstadt geht fr\u00fch schlafen!<\/a><\/strong><\/p>\n","protected":false},"excerpt":{"rendered":"<p>Die Touristeninformation sollte kein \u201enotwendiges \u00dcbel\u201c mit Andenkenverkauf, sondern die Herzensangelegenheit einer weltoffenen Stadt sein oder werden. Es ist nicht die Gr\u00f6\u00dfe eines Ladenlokals f\u00fcr Touristeninformation entscheidend, sondern die zeitliche und personelle Pr\u00e4senz und vor allem fachliche Kompetenz, denn B\u00fccher kann man in einem Fachgesch\u00e4ft kaufen und das hatte \u00fcbrigens zu diesem Zeitpunkt noch ge\u00f6ffnet. [&hellip;]<\/p>\n","protected":false},"author":3,"featured_media":0,"parent":0,"menu_order":0,"comment_status":"closed","ping_status":"closed","template":"","meta":{"footnotes":""},"class_list":["post-7450","page","type-page","status-publish","hentry"],"jetpack_sharing_enabled":true,"_links":{"self":[{"href":"https:\/\/www.overline-design.de\/poetry\/index.php?rest_route=\/wp\/v2\/pages\/7450","targetHints":{"allow":["GET"]}}],"collection":[{"href":"https:\/\/www.overline-design.de\/poetry\/index.php?rest_route=\/wp\/v2\/pages"}],"about":[{"href":"https:\/\/www.overline-design.de\/poetry\/index.php?rest_route=\/wp\/v2\/types\/page"}],"author":[{"embeddable":true,"href":"https:\/\/www.overline-design.de\/poetry\/index.php?rest_route=\/wp\/v2\/users\/3"}],"replies":[{"embeddable":true,"href":"https:\/\/www.overline-design.de\/poetry\/index.php?rest_route=%2Fwp%2Fv2%2Fcomments&post=7450"}],"version-history":[{"count":5,"href":"https:\/\/www.overline-design.de\/poetry\/index.php?rest_route=\/wp\/v2\/pages\/7450\/revisions"}],"predecessor-version":[{"id":8729,"href":"https:\/\/www.overline-design.de\/poetry\/index.php?rest_route=\/wp\/v2\/pages\/7450\/revisions\/8729"}],"wp:attachment":[{"href":"https:\/\/www.overline-design.de\/poetry\/index.php?rest_route=%2Fwp%2Fv2%2Fmedia&parent=7450"}],"curies":[{"name":"wp","href":"https:\/\/api.w.org\/{rel}","templated":true}]}}