
{"id":7626,"date":"2023-08-01T09:39:00","date_gmt":"2023-08-01T09:39:00","guid":{"rendered":"https:\/\/www.overline-design.de\/poetry\/?page_id=7626"},"modified":"2023-07-30T17:36:37","modified_gmt":"2023-07-30T17:36:37","slug":"auch-fische-empfinden-schmerz","status":"publish","type":"page","link":"https:\/\/www.overline-design.de\/poetry\/?page_id=7626","title":{"rendered":"Auch Fische empfinden Schmerz"},"content":{"rendered":"\n<p>Auch die Fische, solange sie leben, verdienen unseren Respekt,<br>das gilt auch f\u00fcr die Menschen, denen der Fisch nur schmeckt!<br>Und nicht nur, ob viel Fisch billig auf den Tisch, was dann z\u00e4hlt,<br>sondern ob der gefangene Fisch wurde f\u00fcr unser Essen gequ\u00e4lt.<br>Wenn man die Schmerzensschreie der Fische nicht h\u00f6ren kann,<br>hei\u00dft es nicht, dass die Fische keinen Schmerz empfinden dann.<br><br>Auf den Fischfangflotten die Mannschaft arbeiten und wohnen,<br>wohl wissend, dass K\u00fchlr\u00e4ume nur mit vollem Fang sich lohnen.<br>Die Fischtrawler sind wie Gro\u00dffabriken industriell eingerichtet<br>und die Meere werden leer gefischt, so wie man es so berichtet.<br>Natur-V\u00f6lker mit ihren \u201ekleinen\u201c Booten nur soviel Fisch fangen,<br>wie nach R\u00fcckkehr wird zum Verkauf auf dem Markt gelangen.<br><br>Mit modernster Technik werden die Fischschw\u00e4rme \u201esondiert\u201c,<br>so dass man auch ja keinen Fisch aus den Schw\u00e4rmen verliert.<br>Die Grundnetze werden brutal \u00fcber den Meeresboden gerissen<br>und der unerw\u00fcnschte \u201eBeifang\u201c wird \u201e\u00fcber Bord\u201c geschmissen.<br>Meist ist dieser \u201eBeifang\u201c schon bereits erdr\u00fcckt oder erstickt,<br>so dass die \u201elebende R\u00fcckgabe an das Meer\u201c nur selten gl\u00fcckt.<br><br>In einer Dokumentation \u00fcber die industrielle Fischerei gesehen,<br>und diesen Umgang mit den Fischen werde ich nicht verstehen.<br>Die Netze mit lebenden Fischen eingeholt, die wurden gefangen,<br>dann ist ein Fischer respektlos \u00fcber die Fische hinweg gegangen.<br>Hier fehlt der respektvolle Umgang mit den Tieren unserer Welt,<br>denn wir haben die Erde geliehen und essen kann man kein Geld.<br><br>Als der geangelte Fisch bei dem Fluchtversuch die Angel gebogen,<br>wurde der noch \u201ek\u00e4mpfende\u201c Fisch dann an den Strand gezogen.<br>Von dem \u201estolzen\u201c Hobbyangler vom Haken an der Schnur befreit<br>und in den hei\u00dfen Sand geworfen, wo er \u201estumm\u201c um Hilfe schreit.<br>Dem Angler hat man Bet\u00e4uben von Fischen wohl nicht beigebracht,<br>als ich protestiere, wurde dem zappelnden Fisch ein Ende gemacht.<br><br><strong>\u00a9<\/strong> Rainer Dambroth \u2013 01.08.2023 &#8211; <strong><a href=\"http:\/\/www.overline-poetry.de\/\">www.overline-poetry.de<\/a><\/strong><\/p>\n","protected":false},"excerpt":{"rendered":"<p>Auch die Fische, solange sie leben, verdienen unseren Respekt,das gilt auch f\u00fcr die Menschen, denen der Fisch nur schmeckt!Und nicht nur, ob viel Fisch billig auf den Tisch, was dann z\u00e4hlt,sondern ob der gefangene Fisch wurde f\u00fcr unser Essen gequ\u00e4lt.Wenn man die Schmerzensschreie der Fische nicht h\u00f6ren kann,hei\u00dft es nicht, dass die Fische keinen Schmerz [&hellip;]<\/p>\n","protected":false},"author":3,"featured_media":0,"parent":0,"menu_order":0,"comment_status":"closed","ping_status":"closed","template":"","meta":{"footnotes":""},"class_list":["post-7626","page","type-page","status-publish","hentry"],"jetpack_sharing_enabled":true,"_links":{"self":[{"href":"https:\/\/www.overline-design.de\/poetry\/index.php?rest_route=\/wp\/v2\/pages\/7626","targetHints":{"allow":["GET"]}}],"collection":[{"href":"https:\/\/www.overline-design.de\/poetry\/index.php?rest_route=\/wp\/v2\/pages"}],"about":[{"href":"https:\/\/www.overline-design.de\/poetry\/index.php?rest_route=\/wp\/v2\/types\/page"}],"author":[{"embeddable":true,"href":"https:\/\/www.overline-design.de\/poetry\/index.php?rest_route=\/wp\/v2\/users\/3"}],"replies":[{"embeddable":true,"href":"https:\/\/www.overline-design.de\/poetry\/index.php?rest_route=%2Fwp%2Fv2%2Fcomments&post=7626"}],"version-history":[{"count":2,"href":"https:\/\/www.overline-design.de\/poetry\/index.php?rest_route=\/wp\/v2\/pages\/7626\/revisions"}],"predecessor-version":[{"id":7628,"href":"https:\/\/www.overline-design.de\/poetry\/index.php?rest_route=\/wp\/v2\/pages\/7626\/revisions\/7628"}],"wp:attachment":[{"href":"https:\/\/www.overline-design.de\/poetry\/index.php?rest_route=%2Fwp%2Fv2%2Fmedia&parent=7626"}],"curies":[{"name":"wp","href":"https:\/\/api.w.org\/{rel}","templated":true}]}}