
{"id":7636,"date":"2023-08-06T05:00:00","date_gmt":"2023-08-06T05:00:00","guid":{"rendered":"https:\/\/www.overline-design.de\/poetry\/?page_id=7636"},"modified":"2023-08-05T05:09:54","modified_gmt":"2023-08-05T05:09:54","slug":"weichspueler-mit-zusatz-von-schlachtabfaellen","status":"publish","type":"page","link":"https:\/\/www.overline-design.de\/poetry\/?page_id=7636","title":{"rendered":"Weichsp\u00fcler mit Zusatz von Schlachtabf\u00e4llen?"},"content":{"rendered":"\n<p>\u201eIch f\u00fchle mich wohl\u201c in dem gewaschenen \u201eweichgesp\u00fclten\u201c Kleid,<br>weil ohne tierische Zusatzstoffe und somit ohne ein tierisches Leid.<br>Waschmittel, Weichsp\u00fcler und Toilettenpapier sollten doch vegan,<br>sonst Hersteller die Chance zur beworbenen \u201eNat\u00fcrlichkeit\u201c vertan.<br><br>Vegan sollte bei allen Hygiene-Produkten auf Verpackungen stehen,<br>dann k\u00f6nnen Vegetarier und Veganer es sofort beim Einkauf sehen.<br>Wer will beim Tragen von kuschelweicher Kleidung erinnert werden,<br>dass Tiere daf\u00fcr get\u00f6tet oder f\u00fcr die Weichheit verlassen die Erden.<br><br>Ich habe es nicht glauben wollen und wurde eines Besseren belehrt<br>und gegen tierische Abf\u00e4lle in Waschmittel h\u00e4tte ich mich gewehrt.<br>Ich verlange von Herstellern Offenheit bei der Produktion und Mut,<br>vegane Bindemitteln einzusetzen, das w\u00e4re f\u00fcr die Verbraucher gut.<br><br>Veganer und Vegetarier nicht bei der Benutzung von Toilettenpapier,<br>jedes Mal erinnert an tierische Gelatine vom einem get\u00f6teten Tier.<br>Die Verwendung von tierischen Zusatzstoffen in den Hygienewaren<br>dass ist nicht die Art von gesunder Natur, die Hersteller offenbaren.<br><br>Eine Steigerung w\u00e4re dann bei moslemischen Gl\u00e4ubigen zu sehen,<br>denn hier w\u00e4re Halal und kein Schwein, um es richtig zu verstehen.<br>Dann lieber Bindemittel aus der Natur, ohne tierische Zusatzstoffe<br>und das w\u00e4re eine positive Produktver\u00e4nderung, auf die ich hoffe.<br><br>Die Gelddruck-Kreativit\u00e4t scheint bei den Fabrikanten nie zu enden,<br>woher die Idee, \u201eSchlachtabf\u00e4lle\u201c f\u00fcr Kleiderpflege zu verwenden?<br>Als von dem Schlachtpersonal benutzte Kleidung wurde gewaschen,<br>wurde diese sauber, weil noch &#8222;Schlachtr\u00fcckst\u00e4nde&#8220; in den Taschen?<br><br><strong>\u00a9<\/strong> Rainer Dambroth \u2013 06.08.2023 &#8211; <strong><a href=\"http:\/\/www.overline-poetry.de\/\">www.overline-poetry.de<\/a><\/strong><br><br><strong><em>Toilettenpapier, Weichsp\u00fcler und Waschmittel  nur vegan!<\/em><\/strong> <\/p>\n\n\n\n<p><strong><a href=\"https:\/\/www.overline-design.de\/poetry\/wp-admin\/post.php?post=7559&amp;action=edit\">Toilettenpapier mit tierischer Gelatine hergestellt, das \u201eist f\u00fcr den Arsch\u201c!<\/a><\/strong><br><\/p>\n","protected":false},"excerpt":{"rendered":"<p>\u201eIch f\u00fchle mich wohl\u201c in dem gewaschenen \u201eweichgesp\u00fclten\u201c Kleid,weil ohne tierische Zusatzstoffe und somit ohne ein tierisches Leid.Waschmittel, Weichsp\u00fcler und Toilettenpapier sollten doch vegan,sonst Hersteller die Chance zur beworbenen \u201eNat\u00fcrlichkeit\u201c vertan. Vegan sollte bei allen Hygiene-Produkten auf Verpackungen stehen,dann k\u00f6nnen Vegetarier und Veganer es sofort beim Einkauf sehen.Wer will beim Tragen von kuschelweicher Kleidung erinnert [&hellip;]<\/p>\n","protected":false},"author":3,"featured_media":0,"parent":0,"menu_order":0,"comment_status":"closed","ping_status":"closed","template":"","meta":{"footnotes":""},"class_list":["post-7636","page","type-page","status-publish","hentry"],"jetpack_sharing_enabled":true,"_links":{"self":[{"href":"https:\/\/www.overline-design.de\/poetry\/index.php?rest_route=\/wp\/v2\/pages\/7636","targetHints":{"allow":["GET"]}}],"collection":[{"href":"https:\/\/www.overline-design.de\/poetry\/index.php?rest_route=\/wp\/v2\/pages"}],"about":[{"href":"https:\/\/www.overline-design.de\/poetry\/index.php?rest_route=\/wp\/v2\/types\/page"}],"author":[{"embeddable":true,"href":"https:\/\/www.overline-design.de\/poetry\/index.php?rest_route=\/wp\/v2\/users\/3"}],"replies":[{"embeddable":true,"href":"https:\/\/www.overline-design.de\/poetry\/index.php?rest_route=%2Fwp%2Fv2%2Fcomments&post=7636"}],"version-history":[{"count":6,"href":"https:\/\/www.overline-design.de\/poetry\/index.php?rest_route=\/wp\/v2\/pages\/7636\/revisions"}],"predecessor-version":[{"id":7645,"href":"https:\/\/www.overline-design.de\/poetry\/index.php?rest_route=\/wp\/v2\/pages\/7636\/revisions\/7645"}],"wp:attachment":[{"href":"https:\/\/www.overline-design.de\/poetry\/index.php?rest_route=%2Fwp%2Fv2%2Fmedia&parent=7636"}],"curies":[{"name":"wp","href":"https:\/\/api.w.org\/{rel}","templated":true}]}}