
{"id":8137,"date":"2023-12-17T00:02:00","date_gmt":"2023-12-17T00:02:00","guid":{"rendered":"https:\/\/www.overline-design.de\/poetry\/?page_id=8137"},"modified":"2023-12-07T06:16:27","modified_gmt":"2023-12-07T06:16:27","slug":"tierversuche-fluch-oder-segen-fuer-die-menschheit","status":"publish","type":"page","link":"https:\/\/www.overline-design.de\/poetry\/?page_id=8137","title":{"rendered":"Tierversuche \u2013 Fluch oder Segen f\u00fcr die Menschheit?"},"content":{"rendered":"\n<p>Der Mensch ma\u00dft sich in seiner grenzenlosen \u00dcberheblichkeit an,<br>dass er mit den Tieren und der Umwelt doch alles machen kann.<br>Selbst bei Kosmetika, Haushaltschemikalien, die er hat erfunden,<br>werden dann f\u00fcr die Sicherheit \u201eVersuchstiere\u201c mit eingebunden.<br><br>Tiere f\u00fcr m\u00f6gliche Fehler der Menschen get\u00f6tet oder \u201enur\u201c gequ\u00e4lt,<br>f\u00fcr die gesetzlich vorgeschriebene Sicherheit, die dabei dann z\u00e4hlt.<br>Was f\u00fcr eine \u201eSicherheit\u201c, wenn man Tiere wird vors\u00e4tzlich qu\u00e4len,<br>um die Toxizit\u00e4t von Produkten an vergifteten Tieren auszuz\u00e4hlen?<br><br>Bei Kosmetik wird die Verantwortung dann den Tieren \u00fcbertragen<br>und Produkte an Versuchstieren getestet, wo Menschen versagen.<br>Was wir an der Zahl gesch\u00e4digter oder get\u00f6teter Tiere erkennen?<br>Unser Versagen, um die Vorteile von Tierversuchen zu benennen!<br><br>Wenn Auflagen von der \u00fcberwachenden Beh\u00f6rden Gen\u00fcge getan,<br>wirkt manche Gesetzesvorgabe unausgewogen, der reinste Wahn.<br>Was sind das f\u00fcr Stoffe, wo der menschliche K\u00f6rper muss leiden,<br>auch Kosmetik, wo eine Sch\u00e4digung m\u00f6glich, sollte man meiden.<br><br>Dem Kaninchen wird Kosmetik direkt in seine Augen \u201egeschmiert\u201c,<br>und getestet, bei welcher Konzentration es sein Augenlicht verliert.<br>Haushaltsreiniger oder Shampoo wird direkt auf die Haut gegeben,<br>um so zu kontrollieren, ob es bei der Konzentration bleibt am Leben<br><br>Arzneien bei Tieren getestet, aber die Wirkung nicht zu vergleichen,<br>denn wo Tiere \u00fcberleben, geht man bei den Menschen \u00fcber Leichen<br>Wo sich menschliche Organismen sich von den Tieren unterscheiden<br>sollte man diesen Medikamentengebrauch f\u00fcr Menschen vermeiden.<br><br>Auch bei de Einsatz von Medikamenten f\u00fcr die Frau oder den Mann,<br>doch unterschiedlich auf den jeweiligen Organismus reagieren kann<br>In der Vergangenheit vers\u00e4umt, die Frauen gesondert zu betrachten<br>worauf man bei den Auswirkungen von Medikamenten muss achten.<br><br>Die Labortiere, die dann diese \u201esinnlose Qu\u00e4lerei\u201c erleiden m\u00fcssen,<br>f\u00fcr die Produktvermarktung verlieren Verantwortliche ihr Gewissen.<br>Die Wissenschaft beim Forschen auch gerne Grenzen \u00fcberschreitet<br>und dann die zwingende Notwendigkeit ihrer Forschung verbreitet.<br><br>Auch die Hirnforschung, wo Affen als Versuchstiere m\u00fcssen leiden,<br>dieses sollte man bei den technischen M\u00f6glichkeiten heute meiden.<br>F\u00fcr einen Selbstversuch des Forschenden w\u00e4re ich nicht abgeneigt,<br>aber wegen der \u201eRisiken\u201c eine Ablehnung des Forschers sich zeigt.<br><br><strong>\u00a9 Rainer Dambroth &#8211; 17.12.2023 &#8211; <a href=\"http:\/\/www.overline-poetry.de\/\"><strong>www.overline-poetry.de<\/strong><\/a><\/strong><\/p>\n","protected":false},"excerpt":{"rendered":"<p>Der Mensch ma\u00dft sich in seiner grenzenlosen \u00dcberheblichkeit an,dass er mit den Tieren und der Umwelt doch alles machen kann.Selbst bei Kosmetika, Haushaltschemikalien, die er hat erfunden,werden dann f\u00fcr die Sicherheit \u201eVersuchstiere\u201c mit eingebunden. Tiere f\u00fcr m\u00f6gliche Fehler der Menschen get\u00f6tet oder \u201enur\u201c gequ\u00e4lt,f\u00fcr die gesetzlich vorgeschriebene Sicherheit, die dabei dann z\u00e4hlt.Was f\u00fcr eine \u201eSicherheit\u201c, [&hellip;]<\/p>\n","protected":false},"author":3,"featured_media":0,"parent":0,"menu_order":0,"comment_status":"closed","ping_status":"closed","template":"","meta":{"footnotes":""},"class_list":["post-8137","page","type-page","status-publish","hentry"],"jetpack_sharing_enabled":true,"_links":{"self":[{"href":"https:\/\/www.overline-design.de\/poetry\/index.php?rest_route=\/wp\/v2\/pages\/8137","targetHints":{"allow":["GET"]}}],"collection":[{"href":"https:\/\/www.overline-design.de\/poetry\/index.php?rest_route=\/wp\/v2\/pages"}],"about":[{"href":"https:\/\/www.overline-design.de\/poetry\/index.php?rest_route=\/wp\/v2\/types\/page"}],"author":[{"embeddable":true,"href":"https:\/\/www.overline-design.de\/poetry\/index.php?rest_route=\/wp\/v2\/users\/3"}],"replies":[{"embeddable":true,"href":"https:\/\/www.overline-design.de\/poetry\/index.php?rest_route=%2Fwp%2Fv2%2Fcomments&post=8137"}],"version-history":[{"count":8,"href":"https:\/\/www.overline-design.de\/poetry\/index.php?rest_route=\/wp\/v2\/pages\/8137\/revisions"}],"predecessor-version":[{"id":8180,"href":"https:\/\/www.overline-design.de\/poetry\/index.php?rest_route=\/wp\/v2\/pages\/8137\/revisions\/8180"}],"wp:attachment":[{"href":"https:\/\/www.overline-design.de\/poetry\/index.php?rest_route=%2Fwp%2Fv2%2Fmedia&parent=8137"}],"curies":[{"name":"wp","href":"https:\/\/api.w.org\/{rel}","templated":true}]}}