
{"id":8197,"date":"2023-12-17T00:02:00","date_gmt":"2023-12-17T00:02:00","guid":{"rendered":"https:\/\/www.overline-design.de\/poetry\/?page_id=8197"},"modified":"2025-02-11T06:00:33","modified_gmt":"2025-02-11T06:00:33","slug":"vorweihnachtliche-stimmung-im-bundestag","status":"publish","type":"page","link":"https:\/\/www.overline-design.de\/poetry\/?page_id=8197","title":{"rendered":"Vorweihnachtliche Stimmung im Bundestag"},"content":{"rendered":"\n<p>Friedrich Merz von der CDU-Opposition, vergreift sich zu oft im Ton,<br>und wird dabei unterst\u00fctzt von den Partei-Spitzen der CDU-Fraktion<br>Der Sauerl\u00e4nder fordert: \u201eDie B\u00fcrger sollten doch jetzt neu w\u00e4hlen<br>und er hoffe, die Helfer werden dann f\u00fcr die CDU Stimmen z\u00e4hlen\u201c.<br><br>Weil von Friedrich Merz die \u201eAmpel\u201c durch den Bundestag getrieben,<br>hei\u00dft es noch lange nicht, dass man die CDU wird dann mehr lieben.<br>Er treibt durch inhaltslosen Verbalattacken die W\u00e4hler zur AFD hin,<br>und diese nutzt die Vorlage, verspricht: Nur ihre Politik mache Sinn.<br><br>Markus S\u00f6der, Ministerpr\u00e4sident der bayrischen \u201eBierzelt-Fraktion\u201c,<br>sieht sich doch schon zu oft als der (mit)regierender Kanzler schon.<br>Er betont immer, dass er seine Rolle nur im Freistaat Bayern sehe,<br>aber w\u00e4re bereit, wenn Politik nicht nach seinem Willen geschehe.<br><br>Kanzler Olaf Scholz von der SPD doch wohl mehr im Stillen agiert,<br>denn man h\u00f6rt nicht, wie er beim Koalitionsstreit laut interveniert.<br>Es entsteht das Gef\u00fchl von F\u00fchrungslosigkeit mit Autorit\u00e4tsverlust.<br>Beim B\u00fcrger, aufgrund der scheinenden Hilflosigkeit entsteht Frust.<br><br>Christian Lindner, FDP sich \u201eunabgestimmt\u201c aus dem Fenster h\u00e4ngt<br>und mit seiner Meinung ungefragt dann in die \u00d6ffentlichkeit dr\u00e4ngt.<br>Man h\u00f6rt den mahnenden \u201eR\u00fcckpfiff\u201c von Kanzler Olaf Scholz nicht,<br>denn \u201elaute\u201c Alleing\u00e4nge in einer Koalition, auf so etwas ist Verzicht<br><br>Die Gr\u00fcnen sollten sich nach den Gegebenheiten zwingend richten,<br>denn auf zu viel \u201egr\u00fcnen\u201c Fundamentalismus sollte man verzichten.<br>Die \u201eeierlegende Wollmilchsau\u201c gibt es hier nicht auf unseren Erden<br>und mit dem \u201eKopf durch die Wand\u201c, kann es nicht besser werden.<br><br>Die AFD, die rechtsextreme Partei als \u201eAlternative f\u00fcr Deutschland\u201c,<br>wird oft vertreten durch den Ehrenvorsitzenden Alexander Gauland,<br>der bekannt, durch den Vogelschiss-Vergleich deutscher Geschichte,<br>mit Kritik an der Aussage, \u201eentgleisen die Z\u00fcge\u201c in seinem Gesichte<br><br>Die Links-Partei hat sich aufl\u00f6st und nur als Einzelmandate existent.<br>F\u00fchrungs und Konzeptlos man das Problem der Links Partei benennt.<br>Die Parteif\u00fchrung der Linken\u201c hat sich fast geschlossen abgespalten<br>und will unter dem Label: &#8222;Sahra Wagenknecht&#8220; eine Partei gestalten.<br><br>\u201eGebetsm\u00fchlenartig\u201c Sahra Wagenknecht als eigene Partei taktiert,<br>indem sie ihre \u201einhaltslosen Worth\u00fclsen\u201c in jeder Talkrunde platziert.<br>Sie will Frieden, aber die anderen Parteien unterst\u00fctzen den Krieg.<br>Auch m\u00fcssten zu viele Menschen sterben und sie zweifelt am Sieg.<br><br>Die Wirtschaft wegen der Energiekosten in zu &#8222;kittende Scherben\u201c<br>und die Ampel-Regierung musste viele zu l\u00f6sende Probleme erben.<br>Vor allem Perspektiven braucht die Wirtschaft als ein lohnendes Ziel,<br>denn von diesem elenden Parteiengez\u00e4nke, da haben sie nicht viel.<br><br>Das gr\u00f6\u00dfte und nicht gel\u00f6ste Problem ist doch gerade jetzt zur Zeit,<br>dass nicht jeder Schulabg\u00e4nger ist f\u00fcr eine Handwerkslehre bereit.<br>Sie wollen weniger Wochenstunden arbeiten, aber den vollen Lohn,<br>denn sie haben viel freie Zeit und das kostet viel Geld dann schon.<br><br>Nicht jeder Arbeitslose kann auch f\u00fcr jede offene Stelle eingesetzt,<br>da sich die CDU mit ihren Wunschgedanken schon sehr \u00fcbersch\u00e4tzt.<br>Werden ausgelernte B\u00e4cker, Klempner oder Mechatroniker gesucht,<br>dann k\u00f6nnen sie nicht bei den zur Zeit Arbeitslosen sofort gebucht.<br><br>Ein gelernter Zimmerer hat seinen Lehrberuf an den Nagel geh\u00e4ngt<br>und er jetzt bei der \u201eDeutschen Bahn\u201c als Rangierlokf\u00fchrer anf\u00e4ngt,<br>denn die Entlohnung war bei der Zimmerei nicht mehr angemessen,<br>und so konnte der Betrieb den Mitarbeiter dann f\u00fcr sich vergessen.<br><br>Bei Fl\u00fcchtlingen aus Kriegsgebieten liegen hoch beh\u00f6rdliche H\u00fcrden<br>denn viele Gefl\u00fcchtete gerne f\u00fcr ihr \u201eAuskommen\u201c arbeiten w\u00fcrden.<br>Hier wird von den rechten und von den linken Parteien Hass \u201eges\u00e4t\u201c<br>F\u00fcr das deutsche Volk k\u00e4me jede finanzielle Hilfe doch viel zu sp\u00e4t.<br><br>Sahra Wagenknecht h\u00e4tte geh\u00f6rt, die Ukrainer w\u00fcrden uns bel\u00fcgen<br>und mit bei dem Erhalt von finanziellen Zuwendungen uns betr\u00fcgen.<br>Hier ist Vorsicht mit solchen diskriminierenden Aussagen geboten,<br>denn dieses bietet nur z\u00fcndenden Stoff f\u00fcr rechte und linke Idioten.<br><br>Die zust\u00e4ndigen Stellen bei Arbeitszusagen viel zu tr\u00e4ge reagieren.<br>Bei den derzeitigen Beh\u00f6rdenabl\u00e4ufen nur Arbeitsuchende verlieren.<br>Anstatt Beh\u00f6rden den Rahmen f\u00fcr die Arbeitswilligen ausgestalten,<br>sind sie \u201efast\u201c nur damit besch\u00e4ftigt, die Arbeitslosen zu verwalten.<br><br>Es in Deutschland leider schon \u00fcber 11.000 Leiharbeitsfirmen gibt,<br>aber die \u201eHire-and-Fire\u201c-Firmen sind bei Arbeitslosen nicht beliebt.<br>Diese haben den \u201eJob\u201c vom Arbeitsamt schon l\u00e4ngst \u00fcbernommen,<br>aber nicht alle werden hier\u00fcber in eine dauerhafte Arbeit kommen.<br><br>Eine \u201eSchuldenbremse\u201c f\u00fcr den laufenden Jahreshaushalt ist richtig,<br>aber Investitionen in die Zukunft und Wirtschaft sind auch wichtig.<br>Hier sollte man die \u201eBremse\u201c sinnvoll f\u00fcr die Zukunft \u00fcberdenken<br>und gemeinsam partei\u00fcbergreifend in die richtige Richtung lenken.<br><br>Schulden in die Zukunft f\u00fcr die zwingend notwendige Infrastruktur,<br>die sollten abgeschrieben f\u00fcr die errechnete Mindesthaltbarkeit nur.<br>Wenn wir kommenden Generationen nur noch Bauruinen vererben,<br>dass wird eine gute Erinnerung an &#8222;politische Vorfahren&#8220; verderben.<\/p>\n\n\n\n<p>\u00a9 Rainer Dambroth &#8211; 17.12.2023 &#8211; <strong><a href=\"https:\/\/www.overline-poetry.de\/\">www.overline-poetry.de<\/a><\/strong><\/p>\n","protected":false},"excerpt":{"rendered":"<p>Friedrich Merz von der CDU-Opposition, vergreift sich zu oft im Ton,und wird dabei unterst\u00fctzt von den Partei-Spitzen der CDU-FraktionDer Sauerl\u00e4nder fordert: \u201eDie B\u00fcrger sollten doch jetzt neu w\u00e4hlenund er hoffe, die Helfer werden dann f\u00fcr die CDU Stimmen z\u00e4hlen\u201c. Weil von Friedrich Merz die \u201eAmpel\u201c durch den Bundestag getrieben,hei\u00dft es noch lange nicht, dass man [&hellip;]<\/p>\n","protected":false},"author":3,"featured_media":0,"parent":0,"menu_order":0,"comment_status":"closed","ping_status":"closed","template":"","meta":{"footnotes":""},"class_list":["post-8197","page","type-page","status-publish","hentry"],"jetpack_sharing_enabled":true,"_links":{"self":[{"href":"https:\/\/www.overline-design.de\/poetry\/index.php?rest_route=\/wp\/v2\/pages\/8197","targetHints":{"allow":["GET"]}}],"collection":[{"href":"https:\/\/www.overline-design.de\/poetry\/index.php?rest_route=\/wp\/v2\/pages"}],"about":[{"href":"https:\/\/www.overline-design.de\/poetry\/index.php?rest_route=\/wp\/v2\/types\/page"}],"author":[{"embeddable":true,"href":"https:\/\/www.overline-design.de\/poetry\/index.php?rest_route=\/wp\/v2\/users\/3"}],"replies":[{"embeddable":true,"href":"https:\/\/www.overline-design.de\/poetry\/index.php?rest_route=%2Fwp%2Fv2%2Fcomments&post=8197"}],"version-history":[{"count":5,"href":"https:\/\/www.overline-design.de\/poetry\/index.php?rest_route=\/wp\/v2\/pages\/8197\/revisions"}],"predecessor-version":[{"id":9922,"href":"https:\/\/www.overline-design.de\/poetry\/index.php?rest_route=\/wp\/v2\/pages\/8197\/revisions\/9922"}],"wp:attachment":[{"href":"https:\/\/www.overline-design.de\/poetry\/index.php?rest_route=%2Fwp%2Fv2%2Fmedia&parent=8197"}],"curies":[{"name":"wp","href":"https:\/\/api.w.org\/{rel}","templated":true}]}}