
{"id":8333,"date":"2024-02-11T00:01:00","date_gmt":"2024-02-11T00:01:00","guid":{"rendered":"https:\/\/www.overline-design.de\/poetry\/?page_id=8333"},"modified":"2024-06-11T14:25:34","modified_gmt":"2024-06-11T14:25:34","slug":"donald-trump-als-praesident-und-die-folgen-fuer-europa","status":"publish","type":"page","link":"https:\/\/www.overline-design.de\/poetry\/?page_id=8333","title":{"rendered":"Donald Trump als Pr\u00e4sident und die Folgen f\u00fcr Europa"},"content":{"rendered":"\n<p>Wenn der Donald Trump leider die Pr\u00e4sidentenwahl f\u00fcr sich gewinnt,<br>dann unsere Hoffnung auf einen starken Partner f\u00fcr Europa zerrinnt.<br>Er wird den Slogan: \u201eAmerica First\u201c, als das Signal f\u00fcr sich ben\u00fctzen<br>und Europa muss sich allein gegen russische M\u00e4chte dann sch\u00fctzen.<br><br>Gewonnen hat er diese Pr\u00e4sidentschaft im \u201eWettbewerb der Greise\u201c,<br>aber er dieses auch als der gro\u00dfe Sieger im republikanischen Kreise.<br>Als erstes geht es mit der \u201eAir Force One\u201c und der Familie auf Reisen,<br>um seine Dienste als den wichtigsten Pr\u00e4sident der Welt anzupreisen.<br><br>Er wird er mit seiner Macht als &#8222;Mister President&#8220; keine Zeit verlieren,<br>sich in der Anklage: \u201eBetrug und Machtmissbrauch&#8220; zu amnestieren.<br>Als wichtigster Pr\u00e4sident im \u201eLand der unbegrenzten M\u00f6glichkeiten\u201c<br>wird sich der Egomane Donald Trump mit aller Welt wieder streiten.<br><br>Naturreservate werden f\u00fcr den Rohstoffabbau als notwendig erkl\u00e4rt,<br>der amerikanische B\u00fcrger dieses als f\u00fcr die Wirtschaft wichtig erf\u00e4hrt.<br>Klimawandel als \u201eFake news\u201c wurde von der Wissenschaft erfunden,<br>so wird Trump seine W\u00e4hler wieder bel\u00fcgen in all den Tagesstunden.<br><br>Despot Putin wird Trumps Wahl als Gewinn f\u00fcr Russland verbuchen<br>und einen weiteren Landgewinn als Erweiterung f\u00fcr sich versuchen.<br>Sahra Wagenknecht als deutsche Gouvernante wird streng regieren,<br>oder als russische Gouverneurin die Provinz Deutschland dirigieren.<br><br>Bj\u00f6rn H\u00f6cke sich als der Ministerpr\u00e4sident in Th\u00fcringen sehr gef\u00e4llt,<br>wenn er nicht vorher vom Verfassungsgericht wurde &#8222;kalt gestellt&#8220;.<br>Keiner will mit dem Rechtsextremisten dieses Bundesland regieren,<br>also werden die frustrierten B\u00fcrger bei dieser &#8222;Qualwahl&#8220;  verlieren.<br><br>Unser Europa wird sich dann wieder in autorit\u00e4re Staaten zerlegen,<br>wo nur die Probleme interessieren, die die eigene Nation bewegen.<br>Das Menschen miteinander in Frieden leben und Handel betreiben,<br>wird nur als &#8222;m\u00e4rchenhafte Geschichte&#8220; in der Erinnerung bleiben.<br><br><strong>\u00a9<\/strong> Rainer Dambroth &#8211; 11.02.2024 &#8211; <strong><a href=\"https:\/\/www.overline-poetry.de\/\">www.overline-poetry.de<\/a><\/strong><br><br><\/p>\n","protected":false},"excerpt":{"rendered":"<p>Wenn der Donald Trump leider die Pr\u00e4sidentenwahl f\u00fcr sich gewinnt,dann unsere Hoffnung auf einen starken Partner f\u00fcr Europa zerrinnt.Er wird den Slogan: \u201eAmerica First\u201c, als das Signal f\u00fcr sich ben\u00fctzenund Europa muss sich allein gegen russische M\u00e4chte dann sch\u00fctzen. Gewonnen hat er diese Pr\u00e4sidentschaft im \u201eWettbewerb der Greise\u201c,aber er dieses auch als der gro\u00dfe Sieger [&hellip;]<\/p>\n","protected":false},"author":3,"featured_media":0,"parent":0,"menu_order":0,"comment_status":"closed","ping_status":"closed","template":"","meta":{"footnotes":""},"class_list":["post-8333","page","type-page","status-publish","hentry"],"jetpack_sharing_enabled":true,"_links":{"self":[{"href":"https:\/\/www.overline-design.de\/poetry\/index.php?rest_route=\/wp\/v2\/pages\/8333","targetHints":{"allow":["GET"]}}],"collection":[{"href":"https:\/\/www.overline-design.de\/poetry\/index.php?rest_route=\/wp\/v2\/pages"}],"about":[{"href":"https:\/\/www.overline-design.de\/poetry\/index.php?rest_route=\/wp\/v2\/types\/page"}],"author":[{"embeddable":true,"href":"https:\/\/www.overline-design.de\/poetry\/index.php?rest_route=\/wp\/v2\/users\/3"}],"replies":[{"embeddable":true,"href":"https:\/\/www.overline-design.de\/poetry\/index.php?rest_route=%2Fwp%2Fv2%2Fcomments&post=8333"}],"version-history":[{"count":3,"href":"https:\/\/www.overline-design.de\/poetry\/index.php?rest_route=\/wp\/v2\/pages\/8333\/revisions"}],"predecessor-version":[{"id":8742,"href":"https:\/\/www.overline-design.de\/poetry\/index.php?rest_route=\/wp\/v2\/pages\/8333\/revisions\/8742"}],"wp:attachment":[{"href":"https:\/\/www.overline-design.de\/poetry\/index.php?rest_route=%2Fwp%2Fv2%2Fmedia&parent=8333"}],"curies":[{"name":"wp","href":"https:\/\/api.w.org\/{rel}","templated":true}]}}