
{"id":8517,"date":"2024-03-10T00:01:00","date_gmt":"2024-03-10T00:01:00","guid":{"rendered":"https:\/\/www.overline-design.de\/poetry\/?page_id=8517"},"modified":"2025-07-09T05:53:06","modified_gmt":"2025-07-09T05:53:06","slug":"schauspielbuehne-bundestag","status":"publish","type":"page","link":"https:\/\/www.overline-design.de\/poetry\/?page_id=8517","title":{"rendered":"Schauspielb\u00fchne Bundestag"},"content":{"rendered":"\n<p>Die gr\u00f6\u00dfte Schauspielb\u00fchne in Deutschland ist der Bundestag in Berlin,<br>aber zu viele Akteure sind mit ihrer dargestellten Leistung kein Gewinn.<br>So mancher Hauptdarsteller scheint sich f\u00fcr seine Gage sehr zu qu\u00e4len<br>und einem Hauptdarsteller scheint oft der gesamte Rollentext zu fehlen.<br>Zu oft ist er \u201eWort suchend\u201c, so als h\u00e4tte er seinen Text nicht geprobt,<br>aber von seinen Souffleuren wird die schauspielerische Leistung gelobt.<br><br>Beim Duett oder beim Terzett ist kein harmonischer Klang zu erkennen,<br>um die wichtigsten Probleme bei dieser Drama-Auff\u00fchrung zu benennen,<br>denn bei den Hauptdarstellern fehlt die Harmonie f\u00fcr ein Zusammenspiel<br>und f\u00fcr einen koordinierten Auftritt fehlt oft an Textinhalten noch zu viel.<br>Ein Hauptdarsteller will oft die mitkomponierten Lieder so nicht singen,<br>l\u00e4sst sich nicht \u00fcberzeugen und nicht durch die Notwendigkeit zwingen.<br><br>S\u00e4nger der CDU-Gesangsgruppe nur st\u00e4ndig ihren Refrain wiederholen,<br>als h\u00e4tte man ihnen die Seiten mit den inhaltlichen Liedtexten gestohlen.<br>Der sauerl\u00e4ndische Sprecher von dem abgesetzten Ensemble CDU\/CSU,<br>gibt mit seiner \u201einhaltslosen Kritik\u201c an den Hauptdarstellern keine Ruh.<br>Sie wollten zu gerne die Rollen der derzeitigen Hauptdarsteller besetzen,<br>aber sie sollten sich mit ihrem laienhaftes Talent doch nicht \u00fcbersch\u00e4tzen<br><br>Die Schauspieler von den bayrischen CSU-Laiendarstellern intervenieren,<br>denn sie f\u00fcrchten, dass sie bei der Neubesetzung des Ensemble verlieren<br>Aber nur mit hei\u00dfer Luft und ihrer Dialektik sind sie nicht zu einzusetzen,<br>aber ihre bayrische Schauspielerei wissen die Heimatb\u00fchnen zu sch\u00e4tzen<br>Auf den Bundesb\u00fchnen sind sie mit ihrem Dialekt oft nicht zu verstehen,<br>darum w\u00e4re wichtig, sie nur auf den bayrischen Provinzb\u00fchnen zu sehen.<br><br>Die Schauspieler, die auf der rechten B\u00fchnenseite ihren Einsatz versehen<br>mit der veralteten Tontechnik aus den \u201eDrei\u00dfigern\u201c schlecht zu verstehen.<br>Sie wollen, dass nur deutsche Schauspieler f\u00fcr dieses Drama verpflichtet<br>und das man dann auf die ausl\u00e4ndischen Darsteller komplett verzichtet.<br>Was machen wir denn mit CSU-Schauspielern aus dem \u201eAusland\u201c Bayern,<br>denn die wollen doch, das wir mit ihnen ihr Trauerspiel \u201eDie Maut&#8220; feiern.<br><br>Sahra Wagenknecht monoton ihre Lieder vom \u201erussischen Frieden\u201c singt:<br>\u201eVom Frieden, den nur Despot Putin der Ukraine und dem Westen bringt\u201c.<br>Wir sollten doch mit Putin einen Friedensweg f\u00fcr die Ukraine beschreiten,<br>doch endlich und ohne Waffen Putin ein Friedensangebot \u201eunterbreiten\u201c. <br>Sahra Wagenknecht noch immer von einem \u201erussischen Frieden\u201c tr\u00e4umt,<br>derweil zeitgleich das Monster Putin in der Ukraine mordet und \u201er\u00e4umt\u201c.<br><br>\u00a9 Rainer Dambroth &#8211; 10.03.2024 &#8211; <strong><a href=\"http:\/\/www.overline-poetry.de\/\">www.overline-poetry.de<\/a><\/strong><\/p>\n","protected":false},"excerpt":{"rendered":"<p>Die gr\u00f6\u00dfte Schauspielb\u00fchne in Deutschland ist der Bundestag in Berlin,aber zu viele Akteure sind mit ihrer dargestellten Leistung kein Gewinn.So mancher Hauptdarsteller scheint sich f\u00fcr seine Gage sehr zu qu\u00e4lenund einem Hauptdarsteller scheint oft der gesamte Rollentext zu fehlen.Zu oft ist er \u201eWort suchend\u201c, so als h\u00e4tte er seinen Text nicht geprobt,aber von seinen Souffleuren [&hellip;]<\/p>\n","protected":false},"author":3,"featured_media":0,"parent":0,"menu_order":0,"comment_status":"closed","ping_status":"closed","template":"","meta":{"footnotes":""},"class_list":["post-8517","page","type-page","status-publish","hentry"],"jetpack_sharing_enabled":true,"_links":{"self":[{"href":"https:\/\/www.overline-design.de\/poetry\/index.php?rest_route=\/wp\/v2\/pages\/8517","targetHints":{"allow":["GET"]}}],"collection":[{"href":"https:\/\/www.overline-design.de\/poetry\/index.php?rest_route=\/wp\/v2\/pages"}],"about":[{"href":"https:\/\/www.overline-design.de\/poetry\/index.php?rest_route=\/wp\/v2\/types\/page"}],"author":[{"embeddable":true,"href":"https:\/\/www.overline-design.de\/poetry\/index.php?rest_route=\/wp\/v2\/users\/3"}],"replies":[{"embeddable":true,"href":"https:\/\/www.overline-design.de\/poetry\/index.php?rest_route=%2Fwp%2Fv2%2Fcomments&post=8517"}],"version-history":[{"count":7,"href":"https:\/\/www.overline-design.de\/poetry\/index.php?rest_route=\/wp\/v2\/pages\/8517\/revisions"}],"predecessor-version":[{"id":10320,"href":"https:\/\/www.overline-design.de\/poetry\/index.php?rest_route=\/wp\/v2\/pages\/8517\/revisions\/10320"}],"wp:attachment":[{"href":"https:\/\/www.overline-design.de\/poetry\/index.php?rest_route=%2Fwp%2Fv2%2Fmedia&parent=8517"}],"curies":[{"name":"wp","href":"https:\/\/api.w.org\/{rel}","templated":true}]}}