
{"id":8536,"date":"2024-03-17T00:02:00","date_gmt":"2024-03-17T00:02:00","guid":{"rendered":"https:\/\/www.overline-design.de\/poetry\/?page_id=8536"},"modified":"2024-07-13T16:51:20","modified_gmt":"2024-07-13T16:51:20","slug":"ampel-und-union-fordern-von-pistorius-aufklaerung","status":"publish","type":"page","link":"https:\/\/www.overline-design.de\/poetry\/?page_id=8536","title":{"rendered":"Ampel und Union fordern von Pistorius Aufkl\u00e4rung"},"content":{"rendered":"\n<p>Verteidigungsminister Pistorius ist kein Erzieher im Kindergarten,<br>bei dem die kleinen Kinder auf eine Gespr\u00e4chserlaubnis warten.<br>Es ist doch bei geheimen Gespr\u00e4chen eine Selbstverst\u00e4ndlichkeit,<br>wenn Strategien besprochen, geh\u00f6rt das nicht in die \u00d6ffentlichkeit.<br><br>Zu Vergleichen w\u00e4re doch dieses mit dem Bierstammtisch im Lokal,<br>wo ein Mith\u00f6ren m\u00fcssen, f\u00fcr die anwesenden G\u00e4ste wird zur Qual.<br>In diesem Fall der russische Geheimdienst das Gespr\u00e4ch mitgeh\u00f6rt,<br>der besprochene Inhalt nat\u00fcrlich den russischen Pr\u00e4sidenten \u201est\u00f6rt\u201c<br><br>Unbedarft ohne jegliche Sicherheitsvorkehrungen so zu telefonieren,<br>hei\u00dft, dass hoch dekorierte Offiziere dabei dann ihren Job riskieren.<br>Strategische Informationen, dies mitgeh\u00f6rt von &#8222;feindlichen Ohren&#8220;,<br>wurde gezielt als &#8222;blamierende Lachnummer&#8220; im Internet \u201everloren\u201c.<br><br>Es wurde doch gezeigt, wie dilettantisch wir im \u201eKriegsfall\u201c agieren,<br>wenn wir schon \u201ezielf\u00fchrende Hinweise\u201c beim Telefonieren verlieren.<br>Aber jetzt von der Opposition mit dem Finger auf Pistorius zeigen,<br>offenbart, zu welcher Rhetorik werden Oppositionelle sich neigen.<br><br>Wir gehen sorglos mit der Wehrhaftigkeit unserer Bundeswehr um,<br>wir sollten wissen, das eine zu gro\u00dfe Offenheit w\u00e4re sehr \u201edumm\u201c.<br>Unsere Gedanken an ein gutes Miteinander in einer friedlichen Welt,<br>wurden durch den gest\u00f6rten Despoten Putin leider nun \u201eangez\u00e4hlt\u201c.<br><br>Putin ist besessen, wieder ein gro\u00dfes russisches Reich zu regieren<br>und durch geschicktes Handeln, konnte unsere Regierung parieren.<br>Durch Androhung mit Lieferstopp wollte Putin Stillhalten erpressen,<br>aber diese angedrohten Konsequenzen wurden so nicht \u201egefressen\u201c.<br><br><strong>\u00a9 Rainer Dambroth &#8211; 17.03.2024 &#8211; <a href=\"https:\/\/www.overline-poetry.de\/\">www.overline-poetry.de<\/a><\/strong><br><br><strong><a href=\"https:\/\/www.overline-design.de\/poetry\/wp-admin\/post.php?post=5259&amp;action=edit\">Putin und die leeren Gasspeicher<\/a><\/strong><br><strong><a href=\"https:\/\/www.overline-design.de\/poetry\/wp-admin\/post.php?post=6668&amp;action=edit\">Putin bald allein im \u201erussischen Gro\u00dfreich\u201c<\/a><\/strong><br><strong><a href=\"https:\/\/www.overline-design.de\/poetry\/wp-admin\/post.php?post=6580&amp;action=edit\">Putin \u2013 der hinterlistige russische Feigling<\/a><\/strong><br><\/p>\n","protected":false},"excerpt":{"rendered":"<p>Verteidigungsminister Pistorius ist kein Erzieher im Kindergarten,bei dem die kleinen Kinder auf eine Gespr\u00e4chserlaubnis warten.Es ist doch bei geheimen Gespr\u00e4chen eine Selbstverst\u00e4ndlichkeit,wenn Strategien besprochen, geh\u00f6rt das nicht in die \u00d6ffentlichkeit. Zu Vergleichen w\u00e4re doch dieses mit dem Bierstammtisch im Lokal,wo ein Mith\u00f6ren m\u00fcssen, f\u00fcr die anwesenden G\u00e4ste wird zur Qual.In diesem Fall der russische Geheimdienst [&hellip;]<\/p>\n","protected":false},"author":3,"featured_media":0,"parent":0,"menu_order":0,"comment_status":"closed","ping_status":"closed","template":"","meta":{"footnotes":""},"class_list":["post-8536","page","type-page","status-publish","hentry"],"jetpack_sharing_enabled":true,"_links":{"self":[{"href":"https:\/\/www.overline-design.de\/poetry\/index.php?rest_route=\/wp\/v2\/pages\/8536","targetHints":{"allow":["GET"]}}],"collection":[{"href":"https:\/\/www.overline-design.de\/poetry\/index.php?rest_route=\/wp\/v2\/pages"}],"about":[{"href":"https:\/\/www.overline-design.de\/poetry\/index.php?rest_route=\/wp\/v2\/types\/page"}],"author":[{"embeddable":true,"href":"https:\/\/www.overline-design.de\/poetry\/index.php?rest_route=\/wp\/v2\/users\/3"}],"replies":[{"embeddable":true,"href":"https:\/\/www.overline-design.de\/poetry\/index.php?rest_route=%2Fwp%2Fv2%2Fcomments&post=8536"}],"version-history":[{"count":10,"href":"https:\/\/www.overline-design.de\/poetry\/index.php?rest_route=\/wp\/v2\/pages\/8536\/revisions"}],"predecessor-version":[{"id":8861,"href":"https:\/\/www.overline-design.de\/poetry\/index.php?rest_route=\/wp\/v2\/pages\/8536\/revisions\/8861"}],"wp:attachment":[{"href":"https:\/\/www.overline-design.de\/poetry\/index.php?rest_route=%2Fwp%2Fv2%2Fmedia&parent=8536"}],"curies":[{"name":"wp","href":"https:\/\/api.w.org\/{rel}","templated":true}]}}