
{"id":8565,"date":"2024-03-24T00:02:00","date_gmt":"2024-03-24T00:02:00","guid":{"rendered":"https:\/\/www.overline-design.de\/poetry\/?page_id=8565"},"modified":"2024-03-25T10:22:10","modified_gmt":"2024-03-25T10:22:10","slug":"muellermilch-unterstuetzt-die-afd","status":"publish","type":"page","link":"https:\/\/www.overline-design.de\/poetry\/?page_id=8565","title":{"rendered":"M\u00fcllermilch unterst\u00fctzt die AFD!"},"content":{"rendered":"\n<p>Beim Kauf von M\u00fcller-Milch-Produkten ist k\u00fcnftig Vorsicht geboten,<br>man unterst\u00fctzt eine Rechtspartei und macht sich so zum \u201eIdioten\u201c.<br>Wer Rechtsextremisten unterst\u00fctzt oder sich mit denen verbandelt,<br>nicht in dem Sinne unserer freiheitlichen Demokratie dann handelt.<br><br>Rechtsextremisten wollen die demokratischen Strukturen spalten<br>und nach ihren rechtsradikalen Regeln autorit\u00e4r dann umgestalten.<br>Viele Anh\u00e4nger sehen im Vorfeld nicht die dann umgestaltete \u201eWelt\u201c,<br>aber dann ist es zu sp\u00e4t, wenn das Rechtsradikale auch nicht gef\u00e4llt.<br><br>Bj\u00f6rn H\u00f6cke wird der gro\u00dfe F\u00fchrer im nationalen deutschen Reich<br>und der M\u00fcller Milchkonzern erhofft sich eine Schl\u00fcsselrolle sogleich<br>Da bekommt doch eine neue Bedeutung der Begriff \u201eReichsmeierei\u201c,<br>denn Alois M\u00fcller besitzt in Deutschland die \u201eM\u00fcllermilch\u201c-Molkerei.<br><br>Auch die Produktlinie Landliebe geh\u00f6rt zu dem M\u00fcller-Milch-Konzern<br>und auch hier, bleibt man durch die N\u00e4he zur AfD, dann besser fern.<br>Rechtsdrehende Milchs\u00e4ure f\u00fcr den menschlichen Organismus gut,<br>aber rechts gedrehte Menschen bringen nur zum Kochen unser Blut.<br><br>Die der AFD anh\u00e4ngige Firmen erhoffen f\u00fcr die Zukunft mehr Macht,<br>in dem nach rechts gedrehten Land, wo zuerst an sie wird gedacht.<br>Schie\u00dft diese Rechtsextremisten mit ihrem \u201eAnhang\u201c auf den Mond,<br>damit sich ein Leben ohne Hass in unserem Land dann wieder lohnt!<br><br><strong>\u00a9 Rainer Dambroth &#8211; 24.03.2024 &#8211; <a href=\"https:\/\/www.overline-poetry.de\/\"><strong>www.overline-poetry.de<\/strong><\/a><\/strong><br><br><em><strong>*) Molkereien hei\u00dfen in manchen Gegenden auch K\u00e4sereien und Meiereien<\/strong><\/em><br><br><strong>Welche Firmen geh\u00f6ren alle zu M\u00fcllermilch?<\/strong><br>Heute ist die Unternehmensgruppe Theo M\u00fcller viel mehr als M\u00fcllermilch und Joghurt mit der Ecke: Bekannte Marken wie <strong>M\u00fcller, Weihenstephan, Sachsenmilch, Homann und Loose<\/strong> pr\u00e4gen das Unternehmensportfolio in den Gesch\u00e4ftsbereichen Molkerei, Fisch &amp; Feinkost, Saucen und Dressings.<\/p>\n","protected":false},"excerpt":{"rendered":"<p>Beim Kauf von M\u00fcller-Milch-Produkten ist k\u00fcnftig Vorsicht geboten,man unterst\u00fctzt eine Rechtspartei und macht sich so zum \u201eIdioten\u201c.Wer Rechtsextremisten unterst\u00fctzt oder sich mit denen verbandelt,nicht in dem Sinne unserer freiheitlichen Demokratie dann handelt. Rechtsextremisten wollen die demokratischen Strukturen spaltenund nach ihren rechtsradikalen Regeln autorit\u00e4r dann umgestalten.Viele Anh\u00e4nger sehen im Vorfeld nicht die dann umgestaltete \u201eWelt\u201c,aber dann [&hellip;]<\/p>\n","protected":false},"author":3,"featured_media":0,"parent":0,"menu_order":0,"comment_status":"closed","ping_status":"closed","template":"","meta":{"footnotes":""},"class_list":["post-8565","page","type-page","status-publish","hentry"],"jetpack_sharing_enabled":true,"_links":{"self":[{"href":"https:\/\/www.overline-design.de\/poetry\/index.php?rest_route=\/wp\/v2\/pages\/8565","targetHints":{"allow":["GET"]}}],"collection":[{"href":"https:\/\/www.overline-design.de\/poetry\/index.php?rest_route=\/wp\/v2\/pages"}],"about":[{"href":"https:\/\/www.overline-design.de\/poetry\/index.php?rest_route=\/wp\/v2\/types\/page"}],"author":[{"embeddable":true,"href":"https:\/\/www.overline-design.de\/poetry\/index.php?rest_route=\/wp\/v2\/users\/3"}],"replies":[{"embeddable":true,"href":"https:\/\/www.overline-design.de\/poetry\/index.php?rest_route=%2Fwp%2Fv2%2Fcomments&post=8565"}],"version-history":[{"count":5,"href":"https:\/\/www.overline-design.de\/poetry\/index.php?rest_route=\/wp\/v2\/pages\/8565\/revisions"}],"predecessor-version":[{"id":8587,"href":"https:\/\/www.overline-design.de\/poetry\/index.php?rest_route=\/wp\/v2\/pages\/8565\/revisions\/8587"}],"wp:attachment":[{"href":"https:\/\/www.overline-design.de\/poetry\/index.php?rest_route=%2Fwp%2Fv2%2Fmedia&parent=8565"}],"curies":[{"name":"wp","href":"https:\/\/api.w.org\/{rel}","templated":true}]}}