
{"id":9111,"date":"2025-09-16T00:02:00","date_gmt":"2025-09-16T00:02:00","guid":{"rendered":"https:\/\/www.overline-design.de\/poetry\/?page_id=9111"},"modified":"2025-02-16T07:18:58","modified_gmt":"2025-02-16T07:18:58","slug":"praemie-fuer-das-afd-oder-bsw-waehlervotum-in-brandenburg","status":"publish","type":"page","link":"https:\/\/www.overline-design.de\/poetry\/?page_id=9111","title":{"rendered":"Pr\u00e4mie f\u00fcr das AFD- oder BSW-W\u00e4hlervotum"},"content":{"rendered":"\n<p><strong>Die AFD hat f\u00fcr ihre W\u00e4hlerschaft folgendes jetzt bekannt gemacht,<br>das f\u00fcr ihre W\u00e4hler eine Pr\u00e4mie zur Belohnung f\u00fcr das Votum &#8222;lacht&#8220;.<br>Auf dem Wahlzettel nach dem Kreuz Namen und Adresse eintragen,<br>dann wird die AFD mit der Pr\u00e4mie von 50 Euro dann \u201eDanke\u201c sagen.<br><br>Auch BSW wird sich f\u00fcr ein W\u00e4hlervotum dann erkenntlich zeigen<br>und bietet auch 50 Euro denen an, die zu einem BSW Votum neigen.<br>Nach dem Kreuz ist Nachfolgendes auf dem Wahlzettel zu benennen,<br>denn Namen, Adresse und Bankverbindung sollte BSW dann kennen.<br><br>\u00a9 Rainer Dambroth &#8211; 16.09.2025 &#8211; <a href=\"https:\/\/www.overline-poetry.de\/\">www.overline-poetry.de<\/a><\/strong><\/p>\n\n\n\n<p><\/p>\n","protected":false},"excerpt":{"rendered":"<p>Die AFD hat f\u00fcr ihre W\u00e4hlerschaft folgendes jetzt bekannt gemacht,das f\u00fcr ihre W\u00e4hler eine Pr\u00e4mie zur Belohnung f\u00fcr das Votum &#8222;lacht&#8220;.Auf dem Wahlzettel nach dem Kreuz Namen und Adresse eintragen,dann wird die AFD mit der Pr\u00e4mie von 50 Euro dann \u201eDanke\u201c sagen. Auch BSW wird sich f\u00fcr ein W\u00e4hlervotum dann erkenntlich zeigenund bietet auch 50 [&hellip;]<\/p>\n","protected":false},"author":3,"featured_media":0,"parent":0,"menu_order":0,"comment_status":"closed","ping_status":"closed","template":"","meta":{"footnotes":""},"class_list":["post-9111","page","type-page","status-publish","hentry"],"jetpack_sharing_enabled":true,"_links":{"self":[{"href":"https:\/\/www.overline-design.de\/poetry\/index.php?rest_route=\/wp\/v2\/pages\/9111","targetHints":{"allow":["GET"]}}],"collection":[{"href":"https:\/\/www.overline-design.de\/poetry\/index.php?rest_route=\/wp\/v2\/pages"}],"about":[{"href":"https:\/\/www.overline-design.de\/poetry\/index.php?rest_route=\/wp\/v2\/types\/page"}],"author":[{"embeddable":true,"href":"https:\/\/www.overline-design.de\/poetry\/index.php?rest_route=\/wp\/v2\/users\/3"}],"replies":[{"embeddable":true,"href":"https:\/\/www.overline-design.de\/poetry\/index.php?rest_route=%2Fwp%2Fv2%2Fcomments&post=9111"}],"version-history":[{"count":3,"href":"https:\/\/www.overline-design.de\/poetry\/index.php?rest_route=\/wp\/v2\/pages\/9111\/revisions"}],"predecessor-version":[{"id":9954,"href":"https:\/\/www.overline-design.de\/poetry\/index.php?rest_route=\/wp\/v2\/pages\/9111\/revisions\/9954"}],"wp:attachment":[{"href":"https:\/\/www.overline-design.de\/poetry\/index.php?rest_route=%2Fwp%2Fv2%2Fmedia&parent=9111"}],"curies":[{"name":"wp","href":"https:\/\/api.w.org\/{rel}","templated":true}]}}