
{"id":9653,"date":"2024-12-27T08:14:07","date_gmt":"2024-12-27T08:14:07","guid":{"rendered":"https:\/\/www.overline-design.de\/poetry\/?page_id=9653"},"modified":"2024-12-27T17:22:41","modified_gmt":"2024-12-27T17:22:41","slug":"markus-soeder-vermarktet-sich-mit-foodporn","status":"publish","type":"page","link":"https:\/\/www.overline-design.de\/poetry\/?page_id=9653","title":{"rendered":"Markus S\u00f6der vermarktet sich mit Foodporn"},"content":{"rendered":"\n<p><strong>S\u00f6der<\/strong> will in seiner Funktion als Ministerpr\u00e4sident ernst genommen,<br>aber politisch der <strong>Markus S\u00f6der<\/strong> schon \u201eunter die R\u00e4der gekommen\u201c.<br>Wenn <strong>S\u00f6der<\/strong> sich beim Essen, Trinken oder auch im Tonstudio zeigt,<br>erwartet der \u201eSecond-Hand-Promi\u201c, dass der B\u00fcrger sich verneigt.<br><br>Wenn Politiker, au\u00dfer \u201eplakative Kritik\u201c, nicht viel zu sagen haben,<br>zeigt sie sich nun in Posen, wie sie sich \u201eerquicken\u201c und \u201eerlaben\u201c.<br><strong>S\u00f6der<\/strong> seine Verantwortung nur noch als Foodporn-Darsteller sieht?<br>Bekommt er eigentlich mit, was in Bayern rechtspolitisch geschieht?<br><br>Wen interessiert es, wie der <strong>Markus S\u00f6der<\/strong> eine Wei\u00dfwurst verzerrt?<br>Aber ein <strong>Markus S\u00f6der<\/strong> fordert ein, dass man deswegen ihn verehrt.<br>Er will das seine Foto-Show ins bayrische Politiktalbum \u201eeingeklebt\u201c,<br>so der Weltb\u00fcrger ersehen kann, wie <strong>K\u00f6nig Markus<\/strong> \u201eleibt und lebt\u201c.<br><br>Einen Lebkuchen oder Torte mit <strong>Markus S\u00f6der<\/strong> seinem Konterfei,<br>ist bei den \u201eFoodporn-Darstellungen\u201c, zur Auswahl, auch mit dabei.<br>Er sich im Spiegel und seine Darstellung auf den Torten betrachtet,<br>er nach Anerkennung als der <strong>K\u00f6nig Markus<\/strong> von Bayern schmachtet.<br><br>Die bayrischen B\u00fcrger, den <strong>Markus S\u00f6der<\/strong> als ihren \u201eK\u00f6nig\u201c huldigen,<br>als Feindbild nimmt er dann &#8222;<strong>die Gr\u00fcnen<\/strong>&#8220; als die wahren Schuldigen.<br>Wenn <strong>K\u00f6nig Markus<\/strong> mit berauschendem Bier die Untertanen ers\u00e4uft,<br>bestimmt er, in welche politische Richtung in Bayern &#8222;der Hase l\u00e4uft\u201c!<br><br><strong>\u00a9 Rainer Dambroth &#8211; 27.12.2024 &#8211; <a href=\"http:\/\/www.overline-poetry.de\/\">www.overline-poetry.de<\/a><\/strong><br><br><strong>Das bedeutet Foodporn<\/strong>: Foto von leckeren Speise in sozialen Medien<br>Der Ausdruck &#8222;Foodporn&#8220; stammt aus der englischen Sprache und ist ein Neologismus, also eine Wortneusch\u00f6pfung, die aus den englischen W\u00f6rtern &#8222;food&#8220; und &#8222;porn&#8220; besteht. &#8222;Food&#8220; bedeutet in der deutschen \u00dcbersetzung &#8222;Essen&#8220; und &#8222;porn&#8220; steht f\u00fcr &#8222;Porno&#8220;.<br><strong>netzwelt.de<\/strong><\/p>\n\n\n\n<p><strong><a href=\"https:\/\/www.overline-design.de\/poetry\/wp-admin\/post.php?post=9540&amp;action=edit\">Friedrich Merz und sein CSU-Schatten<\/a><\/strong><\/p>\n","protected":false},"excerpt":{"rendered":"<p>S\u00f6der will in seiner Funktion als Ministerpr\u00e4sident ernst genommen,aber politisch der Markus S\u00f6der schon \u201eunter die R\u00e4der gekommen\u201c.Wenn S\u00f6der sich beim Essen, Trinken oder auch im Tonstudio zeigt,erwartet der \u201eSecond-Hand-Promi\u201c, dass der B\u00fcrger sich verneigt. Wenn Politiker, au\u00dfer \u201eplakative Kritik\u201c, nicht viel zu sagen haben,zeigt sie sich nun in Posen, wie sie sich \u201eerquicken\u201c und [&hellip;]<\/p>\n","protected":false},"author":3,"featured_media":0,"parent":0,"menu_order":0,"comment_status":"closed","ping_status":"closed","template":"","meta":{"footnotes":""},"class_list":["post-9653","page","type-page","status-publish","hentry"],"jetpack_sharing_enabled":true,"_links":{"self":[{"href":"https:\/\/www.overline-design.de\/poetry\/index.php?rest_route=\/wp\/v2\/pages\/9653","targetHints":{"allow":["GET"]}}],"collection":[{"href":"https:\/\/www.overline-design.de\/poetry\/index.php?rest_route=\/wp\/v2\/pages"}],"about":[{"href":"https:\/\/www.overline-design.de\/poetry\/index.php?rest_route=\/wp\/v2\/types\/page"}],"author":[{"embeddable":true,"href":"https:\/\/www.overline-design.de\/poetry\/index.php?rest_route=\/wp\/v2\/users\/3"}],"replies":[{"embeddable":true,"href":"https:\/\/www.overline-design.de\/poetry\/index.php?rest_route=%2Fwp%2Fv2%2Fcomments&post=9653"}],"version-history":[{"count":6,"href":"https:\/\/www.overline-design.de\/poetry\/index.php?rest_route=\/wp\/v2\/pages\/9653\/revisions"}],"predecessor-version":[{"id":9682,"href":"https:\/\/www.overline-design.de\/poetry\/index.php?rest_route=\/wp\/v2\/pages\/9653\/revisions\/9682"}],"wp:attachment":[{"href":"https:\/\/www.overline-design.de\/poetry\/index.php?rest_route=%2Fwp%2Fv2%2Fmedia&parent=9653"}],"curies":[{"name":"wp","href":"https:\/\/api.w.org\/{rel}","templated":true}]}}