
{"id":9983,"date":"2025-02-25T00:02:00","date_gmt":"2025-02-25T00:02:00","guid":{"rendered":"https:\/\/www.overline-design.de\/poetry\/?page_id=9983"},"modified":"2025-03-02T05:25:13","modified_gmt":"2025-03-02T05:25:13","slug":"donald-trump-alias-kgb-agent-krasnov","status":"publish","type":"page","link":"https:\/\/www.overline-design.de\/poetry\/?page_id=9983","title":{"rendered":"Donald Trump alias KGB Agent Krasnov?"},"content":{"rendered":"\n<p>Hat <strong>Donald Trump<\/strong>, als KGB Agent Krasnov, die Vereinigten Staaten,<br>seit 1987 an Russland und den russischen Geheimdienst verraten?<br>Es w\u00fcrde doch, bei so vielen Dingen, die Zusammenh\u00e4nge erkl\u00e4ren,<br>warum <strong>Trump<\/strong> gegen &#8222;demokratische Strukturen&#8220; wird sich wehren.<br><br><strong>Trump<\/strong> beauftragt <strong>Elon Musk<\/strong>, die Verwaltung Amerikas zu entkernen<br>und alle Mitarbeiter aus wichtigen Funktionsbereichen zu entfernen.<br>Aus dem Gesparten bekommen amerikanische B\u00fcrger Schweigegeld,<br>so dass sie schweigend alles akzeptieren, was <strong>Donald Trump<\/strong> gef\u00e4llt.<br><br>Dann kann von <strong>Donald Trump<\/strong> problemlos eine Autokratie installiert,<br>und der selbsternannte <strong>King<\/strong> <strong>Donald the First<\/strong> dann Amerika regiert.<br><strong>Elon Musk<\/strong>, mitregierender amerikanischer MultiMiliard\u00e4r, das passt,<br>denn auch <strong>Musk<\/strong> sind alle demokratischen Strukturen sehr verhasst.<br><br><strong>Elon Musk<\/strong> wird im Hintergrund als der &#8222;Drahtzieher&#8220; dann fungieren,<br>so kann <strong>Donald Trump<\/strong> seine autokratische Macht dann praktizieren.<br><strong>Elon Musk<\/strong> sind alle &#8222;st\u00f6renden&#8220; demokratischen Strukturen verhasst,<br>mit &#8222;Hire-and-Fire&#8220; wird das System dem <strong>Donald Trump<\/strong> &#8222;angepasst&#8220;,<br><br>Die 3400 Ranger in den Nationalparks wurden von <strong>Musk<\/strong> gek\u00fcndigt.<br>Ob sich <strong>Elon Musk<\/strong> nicht damit gegen\u00fcber den B\u00fcrgern vers\u00fcndigt?<br>Gef\u00e4hrliche Tiere f\u00fcr schie\u00dfw\u00fctige J\u00e4ger zum Abschuss freigegeben,<br>damit Besucher k\u00f6nnen die Nationalsparks dann gesichert erleben?<br><br>Der russische Despot Putin wird von <strong>Donald Trump<\/strong> nicht &#8222;entehrt&#8220;,<br>denn Despot Putin h\u00e4tte sich doch nur gegen die Ukraine gewehrt.<br>Die Ukraine von <strong>Trump<\/strong> nach Zahlung der Schulden &#8222;fallengelassen&#8220;,<br>denn mit dem Pr\u00e4sidenten<strong> Donald Trump<\/strong> ist doch nicht zu spa\u00dfen.<br><br><strong>Donald Trump<\/strong> das Nato B\u00fcndnis und Europa nicht mehr interessiert,<br>darum <strong>Trump<\/strong> die Zusammenarbeit mit dem Despoten Putin forciert.<br>Beide Superm\u00e4chte, Amerika und Russland, wollen sich vertragen?<br>Gemeinsam freie Staaten geografisch zu ihrem Vorteil zerschlagen?<br><br>\u00a9 Rainer Dambroth &#8211; 20.02.2025 &#8211; www.overline-poetry.de<br><br><strong>Eine explosive Behauptung \u00fcber Trump<\/strong><br>Ein fr\u00fcherer KGB-Offizier behauptet, Donald Trump sei 1987 vom sowjetischen Geheimdienst rekrutiert worden. Was steckt hinter der Aufsehen erregenden Anschuldigung?<br><strong>Internet T-Online<\/strong><br><br><strong>Codename &#8222;Krasnov&#8220;: Trump 1987 vom KGB angeworben?<\/strong><br>Der in Wien lebende Ex-Chef des kasachischen Geheimdiensts KNB, Alnur Mussajew, erhebt schwere Vorw\u00fcrfe gegen US-Pr\u00e4sident Donald Trump. \u00a0 \u00a0<br><strong>Internet<\/strong> <strong>Kronen-Zeitung<\/strong><\/p>\n","protected":false},"excerpt":{"rendered":"<p>Hat Donald Trump, als KGB Agent Krasnov, die Vereinigten Staaten,seit 1987 an Russland und den russischen Geheimdienst verraten?Es w\u00fcrde doch, bei so vielen Dingen, die Zusammenh\u00e4nge erkl\u00e4ren,warum Trump gegen &#8222;demokratische Strukturen&#8220; wird sich wehren. Trump beauftragt Elon Musk, die Verwaltung Amerikas zu entkernenund alle Mitarbeiter aus wichtigen Funktionsbereichen zu entfernen.Aus dem Gesparten bekommen amerikanische B\u00fcrger [&hellip;]<\/p>\n","protected":false},"author":3,"featured_media":0,"parent":0,"menu_order":0,"comment_status":"closed","ping_status":"closed","template":"","meta":{"footnotes":""},"class_list":["post-9983","page","type-page","status-publish","hentry"],"jetpack_sharing_enabled":true,"_links":{"self":[{"href":"https:\/\/www.overline-design.de\/poetry\/index.php?rest_route=\/wp\/v2\/pages\/9983","targetHints":{"allow":["GET"]}}],"collection":[{"href":"https:\/\/www.overline-design.de\/poetry\/index.php?rest_route=\/wp\/v2\/pages"}],"about":[{"href":"https:\/\/www.overline-design.de\/poetry\/index.php?rest_route=\/wp\/v2\/types\/page"}],"author":[{"embeddable":true,"href":"https:\/\/www.overline-design.de\/poetry\/index.php?rest_route=\/wp\/v2\/users\/3"}],"replies":[{"embeddable":true,"href":"https:\/\/www.overline-design.de\/poetry\/index.php?rest_route=%2Fwp%2Fv2%2Fcomments&post=9983"}],"version-history":[{"count":18,"href":"https:\/\/www.overline-design.de\/poetry\/index.php?rest_route=\/wp\/v2\/pages\/9983\/revisions"}],"predecessor-version":[{"id":10012,"href":"https:\/\/www.overline-design.de\/poetry\/index.php?rest_route=\/wp\/v2\/pages\/9983\/revisions\/10012"}],"wp:attachment":[{"href":"https:\/\/www.overline-design.de\/poetry\/index.php?rest_route=%2Fwp%2Fv2%2Fmedia&parent=9983"}],"curies":[{"name":"wp","href":"https:\/\/api.w.org\/{rel}","templated":true}]}}